-- https://www.phpmyadmin.net/
--

START TRANSACTION;



--
-- Database: `terawebs_auction_28299`
--

-- --------------------------------------------------------

--
-- Table structure for table `activations`
--

CREATE TABLE `activations` (
  `id` int(10) UNSIGNED NOT NULL,
  `user_id` int(10) UNSIGNED NOT NULL,
  `code` varchar(120) NOT NULL,
  `completed` tinyint(1) NOT NULL DEFAULT 0,
  `completed_at` timestamp NULL DEFAULT NULL,
  `created_at` timestamp NULL DEFAULT NULL,
  `updated_at` timestamp NULL DEFAULT NULL
) ENGINE=InnoDB DEFAULT CHARSET=utf8mb4 COLLATE=utf8mb4_unicode_ci;

--
-- Dumping data for table `activations`
--

INSERT INTO `activations` (`id`, `user_id`, `code`, `completed`, `completed_at`, `created_at`, `updated_at`) VALUES
(1, 1, '2Hi3aqV298imb4oDVIoJFWyN72cQic9c', 1, '2025-03-02 10:45:07', '2025-03-02 10:45:07', '2025-03-02 10:45:07'),
(2, 2, '0B09KOI9xjIEN0K0DJmEIa1IxTguqTxu', 1, '2025-03-02 10:53:23', '2025-03-02 10:53:23', '2025-03-02 10:53:23');

-- --------------------------------------------------------

--
-- Table structure for table `admin_notifications`
--

CREATE TABLE `admin_notifications` (
  `id` bigint(20) UNSIGNED NOT NULL,
  `title` varchar(191) NOT NULL,
  `action_label` varchar(191) DEFAULT NULL,
  `action_url` varchar(191) DEFAULT NULL,
  `description` varchar(400) NOT NULL,
  `read_at` timestamp NULL DEFAULT NULL,
  `created_at` timestamp NULL DEFAULT NULL,
  `updated_at` timestamp NULL DEFAULT NULL,
  `permission` varchar(191) DEFAULT NULL
) ENGINE=InnoDB DEFAULT CHARSET=utf8mb4 COLLATE=utf8mb4_unicode_ci;

-- --------------------------------------------------------

--
-- Table structure for table `ads`
--

CREATE TABLE `ads` (
  `id` bigint(20) UNSIGNED NOT NULL,
  `name` varchar(191) NOT NULL,
  `expired_at` datetime DEFAULT NULL,
  `location` varchar(120) DEFAULT NULL,
  `key` varchar(120) NOT NULL,
  `image` varchar(191) DEFAULT NULL,
  `url` varchar(191) DEFAULT NULL,
  `clicked` bigint(20) NOT NULL DEFAULT 0,
  `order` int(11) DEFAULT 0,
  `status` varchar(60) NOT NULL DEFAULT 'published',
  `created_at` timestamp NULL DEFAULT NULL,
  `updated_at` timestamp NULL DEFAULT NULL,
  `open_in_new_tab` tinyint(1) NOT NULL DEFAULT 1,
  `tablet_image` varchar(191) DEFAULT NULL,
  `mobile_image` varchar(191) DEFAULT NULL,
  `ads_type` varchar(191) DEFAULT NULL,
  `google_adsense_slot_id` varchar(191) DEFAULT NULL
) ENGINE=InnoDB DEFAULT CHARSET=utf8mb4 COLLATE=utf8mb4_unicode_ci;

-- --------------------------------------------------------

--
-- Table structure for table `ads_translations`
--

CREATE TABLE `ads_translations` (
  `lang_code` varchar(191) NOT NULL,
  `ads_id` bigint(20) UNSIGNED NOT NULL,
  `name` varchar(191) DEFAULT NULL,
  `image` varchar(191) DEFAULT NULL,
  `url` varchar(191) DEFAULT NULL
) ENGINE=InnoDB DEFAULT CHARSET=utf8mb4 COLLATE=utf8mb4_unicode_ci;

-- --------------------------------------------------------

--
-- Table structure for table `announcements`
--

CREATE TABLE `announcements` (
  `id` bigint(20) UNSIGNED NOT NULL,
  `name` varchar(191) NOT NULL,
  `content` text NOT NULL,
  `has_action` tinyint(1) NOT NULL DEFAULT 0,
  `action_label` varchar(60) DEFAULT NULL,
  `action_url` varchar(400) DEFAULT NULL,
  `action_open_new_tab` tinyint(1) NOT NULL DEFAULT 0,
  `dismissible` tinyint(1) NOT NULL DEFAULT 0,
  `start_date` datetime DEFAULT NULL,
  `end_date` datetime DEFAULT NULL,
  `is_active` tinyint(1) NOT NULL DEFAULT 1,
  `created_at` timestamp NULL DEFAULT NULL,
  `updated_at` timestamp NULL DEFAULT NULL
) ENGINE=InnoDB DEFAULT CHARSET=utf8mb4 COLLATE=utf8mb4_unicode_ci;

--
-- Dumping data for table `announcements`
--

INSERT INTO `announcements` (`id`, `name`, `content`, `has_action`, `action_label`, `action_url`, `action_open_new_tab`, `dismissible`, `start_date`, `end_date`, `is_active`, `created_at`, `updated_at`) VALUES
(1, 'Announcement 1', 'Explore Our Exciting New Property Listings Now Available in Prime Locations!', 0, NULL, NULL, 0, 1, '2025-03-02 10:45:23', NULL, 1, '2025-03-02 10:45:23', '2025-03-02 10:45:23'),
(2, 'Announcement 2', 'Join Us for Exclusive Open House Events This Weekend and Find Your Perfect Home!', 0, NULL, NULL, 0, 1, '2025-03-02 10:45:23', NULL, 1, '2025-03-02 10:45:23', '2025-03-02 10:45:23'),
(3, 'Announcement 3', 'Take Advantage of Limited-Time Offers on Luxury Homes with Stunning Features!', 0, NULL, NULL, 0, 1, '2025-03-02 10:45:23', NULL, 1, '2025-03-02 10:45:23', '2025-03-02 10:45:23'),
(4, 'Announcement 4', 'Discover Your Dream Home with Our Latest Listings and Personalized Services!', 0, NULL, NULL, 0, 1, '2025-03-02 10:45:23', NULL, 1, '2025-03-02 10:45:23', '2025-03-02 10:45:23');

-- --------------------------------------------------------

--
-- Table structure for table `announcements_translations`
--

CREATE TABLE `announcements_translations` (
  `lang_code` varchar(191) NOT NULL,
  `announcements_id` bigint(20) UNSIGNED NOT NULL,
  `content` text DEFAULT NULL,
  `action_label` varchar(60) DEFAULT NULL
) ENGINE=InnoDB DEFAULT CHARSET=utf8mb4 COLLATE=utf8mb4_unicode_ci;

-- --------------------------------------------------------

--
-- Table structure for table `audit_histories`
--

CREATE TABLE `audit_histories` (
  `id` int(10) UNSIGNED NOT NULL,
  `user_id` int(10) UNSIGNED NOT NULL,
  `module` varchar(60) NOT NULL,
  `request` longtext DEFAULT NULL,
  `action` varchar(120) NOT NULL,
  `user_agent` text DEFAULT NULL,
  `ip_address` varchar(39) DEFAULT NULL,
  `reference_user` int(10) UNSIGNED NOT NULL,
  `reference_id` int(10) UNSIGNED NOT NULL,
  `reference_name` varchar(255) NOT NULL,
  `type` varchar(20) NOT NULL,
  `created_at` timestamp NULL DEFAULT NULL,
  `updated_at` timestamp NULL DEFAULT NULL
) ENGINE=InnoDB DEFAULT CHARSET=utf8mb4 COLLATE=utf8mb4_unicode_ci;


INSERT INTO `audit_histories` (`id`, `user_id`, `module`, `request`, `action`, `user_agent`, `ip_address`, `reference_user`, `reference_id`, `reference_name`, `type`, `created_at`, `updated_at`) VALUES
(66, 2, 'property', '{\"name\":\"A prime 95 Guz house is up for auction sale at an unbeatable price\",\"model\":\"Botble\\\\RealEstate\\\\Models\\\\Property\",\"slug\":\"rj\",\"slug_id\":\"9642\",\"is_slug_editable\":\"1\",\"type\":\"sale\",\"description\":\"A prime 95 Guz house is up for auction sale at an unbeatable price! This is your chance to grab a budget-friendly property in a top location.\\r\\n\\ud83d\\udccd Location: Yamuna vihar, phase 2 , kamla nagar (Agra)\",\"is_featured\":\"0\",\"content\":\"<p><img src=\\\"https:\\/\\/auctionstreet.in\\/storage\\/rahul-jain-w.png\\\" alt=\\\"rahul jain w\\\" loading=\\\"lazy\\\"><br>&nbsp;<\\/p>\",\"images\":[null,\"rjw2.png\",\"rjw.png\"],\"country_id\":\"2\",\"state_id\":\"2\",\"city_id\":\"6\",\"location\":null,\"latitude\":null,\"longitude\":null,\"number_bedroom\":null,\"number_bathroom\":null,\"number_floor\":null,\"square\":\"78.66\",\"price\":\"2600000\",\"currency_id\":\"1\",\"period\":\"day\",\"never_expired\":\"0\",\"private_notes\":null,\"auto_renew\":\"0\",\"floor_plans\":\"[]\",\"video\":{\"thumbnail\":null,\"url\":null},\"seo_meta\":{\"seo_title\":null,\"seo_description\":null,\"index\":\"index\"},\"seo_meta_image\":null,\"status\":\"selling\",\"unique_id\":\"AS1741008080\",\"last_updated\":\"2025-03-03\",\"project_id\":\"0\",\"author_id\":null,\"submitter\":\"apply\"}', 'updated', 'Mozilla/5.0 (Windows NT 10.0; Win64; x64) AppleWebKit/537.36 (KHTML, like Gecko) Chrome/133.0.0.0 Safari/537.36', '106.219.151.117', 2, 35, 'A prime 95 Guz house is up for auction sale at an unbeatable price', 'primary', '2025-03-03 16:41:54', '2025-03-03 16:41:54'),
(67, 2, 'property', '{\"name\":\"A prime 95 Guz house is up for auction sale at an unbeatable price\",\"model\":\"Botble\\\\RealEstate\\\\Models\\\\Property\",\"slug\":\"rj\",\"slug_id\":\"9642\",\"is_slug_editable\":\"1\",\"type\":\"sale\",\"description\":\"A prime 95 Guz house is up for auction sale at an unbeatable price! This is your chance to grab a budget-friendly property in a top location.\\r\\n\\ud83d\\udccd Location: Yamuna vihar, phase 2 , kamla nagar (Agra)\",\"is_featured\":\"0\",\"content\":\"<p><img src=\\\"https:\\/\\/auctionstreet.in\\/storage\\/rahul-jain-w.png\\\" alt=\\\"rahul jain w\\\" loading=\\\"lazy\\\"><br>&nbsp;<\\/p>\",\"images\":[null,\"rjw2.png\",\"rjw.png\"],\"country_id\":\"2\",\"state_id\":\"2\",\"city_id\":\"6\",\"location\":null,\"latitude\":null,\"longitude\":null,\"number_bedroom\":null,\"number_bathroom\":null,\"number_floor\":null,\"square\":\"78.66\",\"price\":\"2600000\",\"currency_id\":\"1\",\"period\":\"day\",\"never_expired\":\"0\",\"private_notes\":null,\"auto_renew\":\"0\",\"floor_plans\":\"[]\",\"video\":{\"thumbnail\":null,\"url\":null},\"seo_meta\":{\"seo_title\":null,\"seo_description\":null,\"index\":\"index\"},\"seo_meta_image\":null,\"status\":\"selling\",\"unique_id\":\"AS1741008080\",\"last_updated\":\"2025-03-03\",\"project_id\":\"0\",\"author_id\":null,\"submitter\":\"save\"}', 'updated', 'Mozilla/5.0 (Windows NT 10.0; Win64; x64) AppleWebKit/537.36 (KHTML, like Gecko) Chrome/133.0.0.0 Safari/537.36', '106.219.151.117', 2, 35, 'A prime 95 Guz house is up for auction sale at an unbeatable price', 'primary', '2025-03-03 16:41:56', '2025-03-03 16:41:56'),
(68, 2, 'property', '{\"name\":\"A prime 95 Guz house is up for auction sale at an unbeatable price\",\"model\":\"Botble\\\\RealEstate\\\\Models\\\\Property\",\"slug\":\"rj\",\"slug_id\":\"9642\",\"is_slug_editable\":\"1\",\"type\":\"sale\",\"description\":\"A prime 95 Guz house is up for auction sale at an unbeatable price! This is your chance to grab a budget-friendly property in a top location.\\r\\n\\ud83d\\udccd Location: Yamuna vihar, phase 2 , kamla nagar (Agra)\",\"is_featured\":\"0\",\"content\":\"<p><img src=\\\"https:\\/\\/auctionstreet.in\\/storage\\/rahul-jain-w.png\\\" alt=\\\"rahul jain w\\\" loading=\\\"lazy\\\"><br>&nbsp;<\\/p>\",\"images\":[null,\"rjw2.png\",\"rjw.png\"],\"country_id\":\"2\",\"state_id\":\"2\",\"city_id\":\"6\",\"location\":null,\"latitude\":null,\"longitude\":null,\"number_bedroom\":null,\"number_bathroom\":null,\"number_floor\":null,\"square\":\"78.66\",\"price\":\"2600000\",\"currency_id\":\"1\",\"period\":\"day\",\"never_expired\":\"0\",\"private_notes\":null,\"auto_renew\":\"0\",\"floor_plans\":\"[]\",\"video\":{\"thumbnail\":null,\"url\":null},\"seo_meta\":{\"seo_title\":null,\"seo_description\":null,\"index\":\"index\"},\"seo_meta_image\":null,\"status\":\"selling\",\"unique_id\":\"AS1741008080\",\"last_updated\":\"2025-03-03\",\"project_id\":\"0\",\"author_id\":null,\"submitter\":\"save\"}', 'updated', 'Mozilla/5.0 (Windows NT 10.0; Win64; x64) AppleWebKit/537.36 (KHTML, like Gecko) Chrome/133.0.0.0 Safari/537.36', '106.219.151.117', 2, 35, 'A prime 95 Guz house is up for auction sale at an unbeatable price', 'primary', '2025-03-03 16:41:56', '2025-03-03 16:41:56'),
(69, 2, 'property', '{\"name\":\"a prime house at prime location 115 gaj at just \\u20b935 Lakhs\",\"model\":\"Botble\\\\RealEstate\\\\Models\\\\Property\",\"slug\":\"s-s\",\"slug_id\":\"9646\",\"is_slug_editable\":\"1\",\"type\":\"sale\",\"description\":\"cheap house in agra, best house in agra\\r\\na prime house at prime location\\r\\n115 gaj at just \\u20b935 Lakhs\\r\\nlocation:- shadra link road near Jyoti industries agra\",\"is_featured\":\"0\",\"content\":\"<p><img src=\\\"https:\\/\\/auctionstreet.in\\/storage\\/sagun-saree.png\\\" alt=\\\"sagun saree\\\" loading=\\\"lazy\\\"><br><img src=\\\"https:\\/\\/auctionstreet.in\\/storage\\/ss.png\\\" alt=\\\"ss\\\" loading=\\\"lazy\\\"><br>&nbsp;<\\/p>\",\"images\":[null,\"ss1.png\"],\"country_id\":\"2\",\"state_id\":\"2\",\"city_id\":\"6\",\"location\":\"Agra\",\"latitude\":null,\"longitude\":null,\"number_bedroom\":null,\"number_bathroom\":null,\"number_floor\":null,\"square\":\"95.23\",\"price\":\"3500000\",\"currency_id\":\"1\",\"period\":\"day\",\"never_expired\":\"1\",\"private_notes\":null,\"auto_renew\":\"0\",\"floor_plans\":\"[]\",\"video\":{\"thumbnail\":null,\"url\":null},\"seo_meta\":{\"seo_title\":null,\"seo_description\":null,\"index\":\"index\"},\"seo_meta_image\":null,\"status\":\"selling\",\"categories\":[\"4\"],\"unique_id\":\"AS1741011156\",\"last_updated\":\"2025-03-03\",\"project_id\":\"0\",\"author_id\":null,\"submitter\":\"save\"}', 'updated', 'Mozilla/5.0 (Windows NT 10.0; Win64; x64) AppleWebKit/537.36 (KHTML, like Gecko) Chrome/133.0.0.0 Safari/537.36', '106.219.151.117', 2, 37, 'a prime house at prime location 115 gaj at just ₹35 Lakhs', 'primary', '2025-03-03 16:51:59', '2025-03-03 16:51:59'),
(70, 2, 'property', '{\"name\":\"a prime house at prime location 115 gaj at just \\u20b935 Lakhs\",\"model\":\"Botble\\\\RealEstate\\\\Models\\\\Property\",\"slug\":\"s-s\",\"slug_id\":\"9646\",\"is_slug_editable\":\"1\",\"type\":\"sale\",\"description\":\"cheap house in agra, best house in agra\\r\\na prime house at prime location\\r\\n115 gaj at just \\u20b935 Lakhs\\r\\nlocation:- shadra link road near Jyoti industries agra\",\"is_featured\":\"0\",\"content\":\"<p><img src=\\\"https:\\/\\/auctionstreet.in\\/storage\\/sagun-saree.png\\\" alt=\\\"sagun saree\\\" loading=\\\"lazy\\\"><br><img src=\\\"https:\\/\\/auctionstreet.in\\/storage\\/ss.png\\\" alt=\\\"ss\\\" loading=\\\"lazy\\\"><br>&nbsp;<\\/p>\",\"images\":[null,\"ss1.png\"],\"country_id\":\"2\",\"state_id\":\"2\",\"city_id\":\"6\",\"location\":\"Agra\",\"latitude\":null,\"longitude\":null,\"number_bedroom\":null,\"number_bathroom\":null,\"number_floor\":null,\"square\":\"95.23\",\"price\":\"3500000\",\"currency_id\":\"1\",\"period\":\"day\",\"never_expired\":\"1\",\"private_notes\":null,\"auto_renew\":\"0\",\"floor_plans\":\"[]\",\"video\":{\"thumbnail\":null,\"url\":null},\"seo_meta\":{\"seo_title\":null,\"seo_description\":null,\"index\":\"index\"},\"seo_meta_image\":null,\"status\":\"selling\",\"categories\":[\"4\"],\"unique_id\":\"AS1741011156\",\"last_updated\":\"2025-03-03\",\"project_id\":\"0\",\"author_id\":null,\"submitter\":\"save\"}', 'updated', 'Mozilla/5.0 (Windows NT 10.0; Win64; x64) AppleWebKit/537.36 (KHTML, like Gecko) Chrome/133.0.0.0 Safari/537.36', '106.219.151.117', 2, 37, 'a prime house at prime location 115 gaj at just ₹35 Lakhs', 'primary', '2025-03-03 16:51:59', '2025-03-03 16:51:59'),
(71, 2, 'property', '{\"name\":\"A prime 95 Guz house is up for auction sale at an unbeatable price\",\"model\":\"Botble\\\\RealEstate\\\\Models\\\\Property\",\"slug\":\"rj\",\"slug_id\":\"9642\",\"is_slug_editable\":\"1\",\"type\":\"sale\",\"description\":\"A prime 95 Guz house is up for auction sale at an unbeatable price! This is your chance to grab a budget-friendly property in a top location.\\r\\n\\ud83d\\udccd Location: Yamuna vihar, phase 2 , kamla nagar (Agra)\",\"is_featured\":\"0\",\"content\":\"<p><img src=\\\"https:\\/\\/auctionstreet.in\\/storage\\/rahul-jain-w.png\\\" alt=\\\"rahul jain w\\\" loading=\\\"lazy\\\"><br>&nbsp;<\\/p>\",\"images\":[null,\"rjw2.png\",\"rjw.png\"],\"country_id\":\"2\",\"state_id\":\"2\",\"city_id\":\"6\",\"location\":null,\"latitude\":null,\"longitude\":null,\"number_bedroom\":null,\"number_bathroom\":null,\"number_floor\":null,\"square\":\"78.66\",\"price\":\"2600000\",\"currency_id\":\"1\",\"period\":\"day\",\"never_expired\":\"0\",\"private_notes\":null,\"auto_renew\":\"0\",\"floor_plans\":\"[]\",\"video\":{\"thumbnail\":null,\"url\":null},\"seo_meta\":{\"seo_title\":null,\"seo_description\":null,\"index\":\"index\"},\"seo_meta_image\":null,\"status\":\"selling\",\"categories\":[\"4\"],\"unique_id\":\"AS1741008080\",\"last_updated\":\"2025-03-03\",\"project_id\":\"0\",\"author_id\":null,\"submitter\":\"save\"}', 'updated', 'Mozilla/5.0 (Windows NT 10.0; Win64; x64) AppleWebKit/537.36 (KHTML, like Gecko) Chrome/133.0.0.0 Safari/537.36', '106.219.151.117', 2, 35, 'A prime 95 Guz house is up for auction sale at an unbeatable price', 'primary', '2025-03-03 16:52:18', '2025-03-03 16:52:18'),
(72, 2, 'property', '{\"name\":\"A prime 95 Guz house is up for auction sale at an unbeatable price\",\"model\":\"Botble\\\\RealEstate\\\\Models\\\\Property\",\"slug\":\"rj\",\"slug_id\":\"9642\",\"is_slug_editable\":\"1\",\"type\":\"sale\",\"description\":\"A prime 95 Guz house is up for auction sale at an unbeatable price! This is your chance to grab a budget-friendly property in a top location.\\r\\n\\ud83d\\udccd Location: Yamuna vihar, phase 2 , kamla nagar (Agra)\",\"is_featured\":\"0\",\"content\":\"<p><img src=\\\"https:\\/\\/auctionstreet.in\\/storage\\/rahul-jain-w.png\\\" alt=\\\"rahul jain w\\\" loading=\\\"lazy\\\"><br>&nbsp;<\\/p>\",\"images\":[null,\"rjw2.png\",\"rjw.png\"],\"country_id\":\"2\",\"state_id\":\"2\",\"city_id\":\"6\",\"location\":null,\"latitude\":null,\"longitude\":null,\"number_bedroom\":null,\"number_bathroom\":null,\"number_floor\":null,\"square\":\"78.66\",\"price\":\"2600000\",\"currency_id\":\"1\",\"period\":\"day\",\"never_expired\":\"0\",\"private_notes\":null,\"auto_renew\":\"0\",\"floor_plans\":\"[]\",\"video\":{\"thumbnail\":null,\"url\":null},\"seo_meta\":{\"seo_title\":null,\"seo_description\":null,\"index\":\"index\"},\"seo_meta_image\":null,\"status\":\"selling\",\"categories\":[\"4\"],\"unique_id\":\"AS1741008080\",\"last_updated\":\"2025-03-03\",\"project_id\":\"0\",\"author_id\":null,\"submitter\":\"save\"}', 'updated', 'Mozilla/5.0 (Windows NT 10.0; Win64; x64) AppleWebKit/537.36 (KHTML, like Gecko) Chrome/133.0.0.0 Safari/537.36', '106.219.151.117', 2, 35, 'A prime 95 Guz house is up for auction sale at an unbeatable price', 'primary', '2025-03-03 16:52:18', '2025-03-03 16:52:18'),
(73, 2, 'property', '{\"name\":\"\\ud83c\\udfe1 Flat for Auction in Lucknow \\u2013 Prime Location & Best Price! \\ud83c\\udfe1\",\"model\":\"Botble\\\\RealEstate\\\\Models\\\\Property\",\"slug\":\"s-k\",\"slug_id\":\"9644\",\"is_slug_editable\":\"1\",\"type\":\"sale\",\"description\":\"Flat for sale in Lucknow , Best property deals in Lucknow, Real estate investment in Lucknow, Flat for sale in Lucknow\\r\\n\\ud83c\\udfe1 Flat for Auction in Lucknow \\u2013 Prime Location & Best Price! \\ud83c\\udfe1\\r\\n\\ud83d\\udd39 Flat No. 405, Fourth Floor\\r\\n\\ud83d\\udd39 Building: Sukhraj Tower\\r\\n\\ud83d\\udd39 Location: Batha Sabauli, Lucknow\\r\\n\\ud83d\\udd39 Size: 1210 sq. ft.\\r\\n\\ud83d\\udd39 Status: Auction Sale\\r\\n\\ud83d\\udd39 Price: \\ud83d\\udcb0 \\u20b927,00,000\\/- \\ud83d\\udcb0\",\"is_featured\":\"0\",\"content\":\"<p><img src=\\\"https:\\/\\/auctionstreet.in\\/storage\\/shagufta-khan-lucknow.png\\\" alt=\\\"shagufta khan lucknow\\\" loading=\\\"lazy\\\"><br>&nbsp;<\\/p>\",\"images\":[null,\"sk.png\"],\"country_id\":\"2\",\"state_id\":\"2\",\"city_id\":\"7\",\"location\":\"FLAT NO.405 ON FOURTH FLOOR OF BUILDING SUKHRAJ TOWER BUILTON PLOTNO.3,4&5BATHA SABAULI. LUCKNOW.11\",\"latitude\":null,\"longitude\":null,\"number_bedroom\":null,\"number_bathroom\":null,\"number_floor\":null,\"square\":\"112.44\",\"price\":\"2700000\",\"currency_id\":\"1\",\"period\":\"day\",\"never_expired\":\"1\",\"private_notes\":null,\"auto_renew\":\"0\",\"floor_plans\":\"[]\",\"video\":{\"thumbnail\":null,\"url\":null},\"seo_meta\":{\"seo_title\":null,\"seo_description\":null,\"index\":\"index\"},\"seo_meta_image\":null,\"status\":\"selling\",\"categories\":[\"1\"],\"unique_id\":\"AS1741074256\",\"last_updated\":\"2025-03-03\",\"project_id\":\"0\",\"author_id\":null,\"submitter\":\"save\"}', 'updated', 'Mozilla/5.0 (Windows NT 10.0; Win64; x64) AppleWebKit/537.36 (KHTML, like Gecko) Chrome/133.0.0.0 Safari/537.36', '106.219.151.117', 2, 36, '🏡 Flat for Auction in Lucknow – Prime Location & Best Price! 🏡', 'primary', '2025-03-03 16:52:33', '2025-03-03 16:52:33'),
(74, 2, 'property', '{\"name\":\"\\ud83c\\udfe1 Flat for Auction in Lucknow \\u2013 Prime Location & Best Price! \\ud83c\\udfe1\",\"model\":\"Botble\\\\RealEstate\\\\Models\\\\Property\",\"slug\":\"s-k\",\"slug_id\":\"9644\",\"is_slug_editable\":\"1\",\"type\":\"sale\",\"description\":\"Flat for sale in Lucknow , Best property deals in Lucknow, Real estate investment in Lucknow, Flat for sale in Lucknow\\r\\n\\ud83c\\udfe1 Flat for Auction in Lucknow \\u2013 Prime Location & Best Price! \\ud83c\\udfe1\\r\\n\\ud83d\\udd39 Flat No. 405, Fourth Floor\\r\\n\\ud83d\\udd39 Building: Sukhraj Tower\\r\\n\\ud83d\\udd39 Location: Batha Sabauli, Lucknow\\r\\n\\ud83d\\udd39 Size: 1210 sq. ft.\\r\\n\\ud83d\\udd39 Status: Auction Sale\\r\\n\\ud83d\\udd39 Price: \\ud83d\\udcb0 \\u20b927,00,000\\/- \\ud83d\\udcb0\",\"is_featured\":\"0\",\"content\":\"<p><img src=\\\"https:\\/\\/auctionstreet.in\\/storage\\/shagufta-khan-lucknow.png\\\" alt=\\\"shagufta khan lucknow\\\" loading=\\\"lazy\\\"><br>&nbsp;<\\/p>\",\"images\":[null,\"sk.png\"],\"country_id\":\"2\",\"state_id\":\"2\",\"city_id\":\"7\",\"location\":\"FLAT NO.405 ON FOURTH FLOOR OF BUILDING SUKHRAJ TOWER BUILTON PLOTNO.3,4&5BATHA SABAULI. LUCKNOW.11\",\"latitude\":null,\"longitude\":null,\"number_bedroom\":null,\"number_bathroom\":null,\"number_floor\":null,\"square\":\"112.44\",\"price\":\"2700000\",\"currency_id\":\"1\",\"period\":\"day\",\"never_expired\":\"1\",\"private_notes\":null,\"auto_renew\":\"0\",\"floor_plans\":\"[]\",\"video\":{\"thumbnail\":null,\"url\":null},\"seo_meta\":{\"seo_title\":null,\"seo_description\":null,\"index\":\"index\"},\"seo_meta_image\":null,\"status\":\"selling\",\"categories\":[\"1\"],\"unique_id\":\"AS1741074256\",\"last_updated\":\"2025-03-03\",\"project_id\":\"0\",\"author_id\":null,\"submitter\":\"save\"}', 'updated', 'Mozilla/5.0 (Windows NT 10.0; Win64; x64) AppleWebKit/537.36 (KHTML, like Gecko) Chrome/133.0.0.0 Safari/537.36', '106.219.151.117', 2, 36, '🏡 Flat for Auction in Lucknow – Prime Location & Best Price! 🏡', 'primary', '2025-03-03 16:52:33', '2025-03-03 16:52:33'),
(75, 2, 'property', '{\"name\":\"60.19 SQ. METER HOUSE IN GATED SOCIETY! \\ud83d\\udd25\",\"model\":\"Botble\\\\RealEstate\\\\Models\\\\Property\",\"slug\":\"6019-sq-meter-house-in-gated-society\",\"slug_id\":\"0\",\"is_slug_editable\":\"1\",\"type\":\"sale\",\"description\":\"best hoouse under 15 lakhs, best affordable house, best property in agra, best property iun agra.\\r\\nA 60.19 sq. meter house in a well-secured, gate-closed society is now available for sale! A perfect opportunity for homebuyers & investors looking for a peaceful and secure environment.\",\"is_featured\":\"0\",\"content\":\"<p><img src=\\\"https:\\/\\/auctionstreet.in\\/storage\\/khushboo-residency.png\\\" alt=\\\"khushboo residency\\\" loading=\\\"lazy\\\"><br><img src=\\\"https:\\/\\/auctionstreet.in\\/storage\\/kh.png\\\" alt=\\\"kh\\\" loading=\\\"lazy\\\"><br>&nbsp;<\\/p>\",\"images\":[null,\"khr.png\"],\"country_id\":\"2\",\"state_id\":\"2\",\"city_id\":\"6\",\"location\":\"khushboo residency, naubari, agra\",\"latitude\":null,\"longitude\":null,\"number_bedroom\":null,\"number_bathroom\":null,\"number_floor\":null,\"square\":\"60.19\",\"price\":\"1143000\",\"currency_id\":\"1\",\"period\":\"day\",\"never_expired\":\"1\",\"private_notes\":null,\"auto_renew\":\"0\",\"floor_plans\":\"[]\",\"video\":{\"thumbnail\":null,\"url\":null},\"seo_meta\":{\"seo_title\":null,\"seo_description\":null,\"index\":\"index\"},\"seo_meta_image\":null,\"status\":\"selling\",\"categories\":[\"4\"],\"unique_id\":\"AS1741025712\",\"last_updated\":\"2025-03-03\",\"project_id\":\"0\",\"author_id\":null,\"submitter\":\"save\"}', 'created', 'Mozilla/5.0 (Windows NT 10.0; Win64; x64) AppleWebKit/537.36 (KHTML, like Gecko) Chrome/133.0.0.0 Safari/537.36', '106.219.151.117', 2, 38, '60.19 SQ. METER HOUSE IN GATED SOCIETY! 🔥', 'info', '2025-03-03 17:11:30', '2025-03-03 17:11:30'),
(76, 2, 'property', '{\"name\":\"60.19 SQ. METER HOUSE IN GATED SOCIETY! \\ud83d\\udd25\",\"model\":\"Botble\\\\RealEstate\\\\Models\\\\Property\",\"slug\":\"6019-sq-meter-house-in-gated-society\",\"slug_id\":\"0\",\"is_slug_editable\":\"1\",\"type\":\"sale\",\"description\":\"best hoouse under 15 lakhs, best affordable house, best property in agra, best property iun agra.\\r\\nA 60.19 sq. meter house in a well-secured, gate-closed society is now available for sale! A perfect opportunity for homebuyers & investors looking for a peaceful and secure environment.\",\"is_featured\":\"0\",\"content\":\"<p><img src=\\\"https:\\/\\/auctionstreet.in\\/storage\\/khushboo-residency.png\\\" alt=\\\"khushboo residency\\\" loading=\\\"lazy\\\"><br><img src=\\\"https:\\/\\/auctionstreet.in\\/storage\\/kh.png\\\" alt=\\\"kh\\\" loading=\\\"lazy\\\"><br>&nbsp;<\\/p>\",\"images\":[null,\"khr.png\"],\"country_id\":\"2\",\"state_id\":\"2\",\"city_id\":\"6\",\"location\":\"khushboo residency, naubari, agra\",\"latitude\":null,\"longitude\":null,\"number_bedroom\":null,\"number_bathroom\":null,\"number_floor\":null,\"square\":\"60.19\",\"price\":\"1143000\",\"currency_id\":\"1\",\"period\":\"day\",\"never_expired\":\"1\",\"private_notes\":null,\"auto_renew\":\"0\",\"floor_plans\":\"[]\",\"video\":{\"thumbnail\":null,\"url\":null},\"seo_meta\":{\"seo_title\":null,\"seo_description\":null,\"index\":\"index\"},\"seo_meta_image\":null,\"status\":\"selling\",\"categories\":[\"4\"],\"unique_id\":\"AS1741025712\",\"last_updated\":\"2025-03-03\",\"project_id\":\"0\",\"author_id\":null,\"submitter\":\"save\"}', 'created', 'Mozilla/5.0 (Windows NT 10.0; Win64; x64) AppleWebKit/537.36 (KHTML, like Gecko) Chrome/133.0.0.0 Safari/537.36', '106.219.151.117', 2, 38, '60.19 SQ. METER HOUSE IN GATED SOCIETY! 🔥', 'info', '2025-03-03 17:11:30', '2025-03-03 17:11:30'),
(77, 2, 'property', '{\"name\":\"\\ud83c\\udfe1 Residential house for Auction Sale in Lucknow! \\ud83c\\udfe1\",\"model\":\"Botble\\\\RealEstate\\\\Models\\\\Property\",\"slug\":\"residential-house-for-auction-sale-in-lucknow\",\"slug_id\":\"0\",\"is_slug_editable\":\"1\",\"type\":\"sale\",\"description\":\"best house in lucknow, best house under 40 lakhs, cheapest house in lucknow, auction house in lucknow, auction properties to sale\\r\\n\\ud83d\\udce2 Looking to Build Your Dream Home or Make a Smart Investment? This is your chance to own a valuable house in Lucknow\\u2019s booming real estate market!\\r\\n\\ud83d\\udcb0 Don\\u2019t Miss This Opportunity! Place Your Bid Today!\",\"is_featured\":\"0\",\"content\":\"<p><img src=\\\"https:\\/\\/auctionstreet.in\\/storage\\/knbn.png\\\" alt=\\\"knbn\\\" loading=\\\"lazy\\\"><br><img src=\\\"https:\\/\\/auctionstreet.in\\/storage\\/kn.png\\\" alt=\\\"kn\\\" loading=\\\"lazy\\\"><br>&nbsp;<\\/p>\",\"images\":[null],\"country_id\":\"2\",\"state_id\":\"2\",\"city_id\":\"7\",\"location\":\"PLOT NO.193 AT KHASRA NO 310 , MAHARSHI NAGAR , FAIZUL GANJ, LUCKNOW\",\"latitude\":null,\"longitude\":null,\"number_bedroom\":null,\"number_bathroom\":null,\"number_floor\":null,\"square\":\"162.58\",\"price\":\"3840000\",\"currency_id\":\"1\",\"period\":\"day\",\"never_expired\":\"1\",\"private_notes\":null,\"auto_renew\":\"0\",\"floor_plans\":\"[]\",\"video\":{\"thumbnail\":null,\"url\":null},\"seo_meta\":{\"seo_title\":null,\"seo_description\":null,\"index\":\"index\"},\"seo_meta_image\":null,\"status\":\"selling\",\"categories\":[\"4\"],\"unique_id\":\"AS1741029848\",\"last_updated\":\"2025-03-03\",\"project_id\":\"0\",\"author_id\":null,\"submitter\":\"save\"}', 'created', 'Mozilla/5.0 (Windows NT 10.0; Win64; x64) AppleWebKit/537.36 (KHTML, like Gecko) Chrome/133.0.0.0 Safari/537.36', '106.219.151.117', 2, 39, '🏡 Residential house for Auction Sale in Lucknow! 🏡', 'info', '2025-03-03 17:57:54', '2025-03-03 17:57:54'),
(78, 2, 'property', '{\"name\":\"\\ud83c\\udfe1 Residential house for Auction Sale in Lucknow! \\ud83c\\udfe1\",\"model\":\"Botble\\\\RealEstate\\\\Models\\\\Property\",\"slug\":\"residential-house-for-auction-sale-in-lucknow\",\"slug_id\":\"0\",\"is_slug_editable\":\"1\",\"type\":\"sale\",\"description\":\"best house in lucknow, best house under 40 lakhs, cheapest house in lucknow, auction house in lucknow, auction properties to sale\\r\\n\\ud83d\\udce2 Looking to Build Your Dream Home or Make a Smart Investment? This is your chance to own a valuable house in Lucknow\\u2019s booming real estate market!\\r\\n\\ud83d\\udcb0 Don\\u2019t Miss This Opportunity! Place Your Bid Today!\",\"is_featured\":\"0\",\"content\":\"<p><img src=\\\"https:\\/\\/auctionstreet.in\\/storage\\/knbn.png\\\" alt=\\\"knbn\\\" loading=\\\"lazy\\\"><br><img src=\\\"https:\\/\\/auctionstreet.in\\/storage\\/kn.png\\\" alt=\\\"kn\\\" loading=\\\"lazy\\\"><br>&nbsp;<\\/p>\",\"images\":[null],\"country_id\":\"2\",\"state_id\":\"2\",\"city_id\":\"7\",\"location\":\"PLOT NO.193 AT KHASRA NO 310 , MAHARSHI NAGAR , FAIZUL GANJ, LUCKNOW\",\"latitude\":null,\"longitude\":null,\"number_bedroom\":null,\"number_bathroom\":null,\"number_floor\":null,\"square\":\"162.58\",\"price\":\"3840000\",\"currency_id\":\"1\",\"period\":\"day\",\"never_expired\":\"1\",\"private_notes\":null,\"auto_renew\":\"0\",\"floor_plans\":\"[]\",\"video\":{\"thumbnail\":null,\"url\":null},\"seo_meta\":{\"seo_title\":null,\"seo_description\":null,\"index\":\"index\"},\"seo_meta_image\":null,\"status\":\"selling\",\"categories\":[\"4\"],\"unique_id\":\"AS1741029848\",\"last_updated\":\"2025-03-03\",\"project_id\":\"0\",\"author_id\":null,\"submitter\":\"save\"}', 'created', 'Mozilla/5.0 (Windows NT 10.0; Win64; x64) AppleWebKit/537.36 (KHTML, like Gecko) Chrome/133.0.0.0 Safari/537.36', '106.219.151.117', 2, 39, '🏡 Residential house for Auction Sale in Lucknow! 🏡', 'info', '2025-03-03 17:57:54', '2025-03-03 17:57:54'),
(79, 2, 'property', '{\"name\":\"\\ud83c\\udfe1 Residential house for Auction Sale in Lucknow! \\ud83c\\udfe1\",\"model\":\"Botble\\\\RealEstate\\\\Models\\\\Property\",\"slug\":\"residential-house-for-auction-sale-in-lucknow\",\"slug_id\":\"9650\",\"is_slug_editable\":\"1\",\"type\":\"sale\",\"description\":\"best house in lucknow, best house under 40 lakhs, cheapest house in lucknow, auction house in lucknow, auction properties to sale\\r\\n\\ud83d\\udce2 Looking to Build Your Dream Home or Make a Smart Investment? This is your chance to own a valuable house in Lucknow\\u2019s booming real estate market!\\r\\n\\ud83d\\udcb0 Don\\u2019t Miss This Opportunity! Place Your Bid Today!\",\"is_featured\":\"0\",\"content\":\"<p><img src=\\\"https:\\/\\/auctionstreet.in\\/storage\\/knbn.png\\\" alt=\\\"knbn\\\" loading=\\\"lazy\\\"><br><img src=\\\"https:\\/\\/auctionstreet.in\\/storage\\/kn.png\\\" alt=\\\"kn\\\" loading=\\\"lazy\\\"><br>&nbsp;<\\/p>\",\"images\":[null],\"country_id\":\"2\",\"state_id\":\"2\",\"city_id\":\"7\",\"location\":\"PLOT NO.193 AT KHASRA NO 310 , MAHARSHI NAGAR , FAIZUL GANJ, LUCKNOW\",\"latitude\":null,\"longitude\":null,\"number_bedroom\":null,\"number_bathroom\":null,\"number_floor\":null,\"square\":\"162.58\",\"price\":\"3840000\",\"currency_id\":\"1\",\"period\":\"day\",\"never_expired\":\"1\",\"private_notes\":null,\"auto_renew\":\"0\",\"floor_plans\":\"[]\",\"video\":{\"thumbnail\":null,\"url\":null},\"seo_meta\":{\"seo_title\":null,\"seo_description\":null,\"index\":\"index\"},\"seo_meta_image\":null,\"status\":\"selling\",\"categories\":[\"4\"],\"unique_id\":\"AS1741029848\",\"last_updated\":\"2025-03-03\",\"project_id\":\"0\",\"author_id\":null,\"submitter\":\"save\"}', 'updated', 'Mozilla/5.0 (Windows NT 10.0; Win64; x64) AppleWebKit/537.36 (KHTML, like Gecko) Chrome/133.0.0.0 Safari/537.36', '106.219.151.117', 2, 39, '🏡 Residential house for Auction Sale in Lucknow! 🏡', 'primary', '2025-03-03 18:17:49', '2025-03-03 18:17:49'),
(80, 2, 'property', '{\"name\":\"\\ud83c\\udfe1 Residential house for Auction Sale in Lucknow! \\ud83c\\udfe1\",\"model\":\"Botble\\\\RealEstate\\\\Models\\\\Property\",\"slug\":\"residential-house-for-auction-sale-in-lucknow\",\"slug_id\":\"9650\",\"is_slug_editable\":\"1\",\"type\":\"sale\",\"description\":\"best house in lucknow, best house under 40 lakhs, cheapest house in lucknow, auction house in lucknow, auction properties to sale\\r\\n\\ud83d\\udce2 Looking to Build Your Dream Home or Make a Smart Investment? This is your chance to own a valuable house in Lucknow\\u2019s booming real estate market!\\r\\n\\ud83d\\udcb0 Don\\u2019t Miss This Opportunity! Place Your Bid Today!\",\"is_featured\":\"0\",\"content\":\"<p><img src=\\\"https:\\/\\/auctionstreet.in\\/storage\\/knbn.png\\\" alt=\\\"knbn\\\" loading=\\\"lazy\\\"><br><img src=\\\"https:\\/\\/auctionstreet.in\\/storage\\/kn.png\\\" alt=\\\"kn\\\" loading=\\\"lazy\\\"><br>&nbsp;<\\/p>\",\"images\":[null],\"country_id\":\"2\",\"state_id\":\"2\",\"city_id\":\"7\",\"location\":\"PLOT NO.193 AT KHASRA NO 310 , MAHARSHI NAGAR , FAIZUL GANJ, LUCKNOW\",\"latitude\":null,\"longitude\":null,\"number_bedroom\":null,\"number_bathroom\":null,\"number_floor\":null,\"square\":\"162.58\",\"price\":\"3840000\",\"currency_id\":\"1\",\"period\":\"day\",\"never_expired\":\"1\",\"private_notes\":null,\"auto_renew\":\"0\",\"floor_plans\":\"[]\",\"video\":{\"thumbnail\":null,\"url\":null},\"seo_meta\":{\"seo_title\":null,\"seo_description\":null,\"index\":\"index\"},\"seo_meta_image\":null,\"status\":\"selling\",\"categories\":[\"4\"],\"unique_id\":\"AS1741029848\",\"last_updated\":\"2025-03-03\",\"project_id\":\"0\",\"author_id\":null,\"submitter\":\"save\"}', 'updated', 'Mozilla/5.0 (Windows NT 10.0; Win64; x64) AppleWebKit/537.36 (KHTML, like Gecko) Chrome/133.0.0.0 Safari/537.36', '106.219.151.117', 2, 39, '🏡 Residential house for Auction Sale in Lucknow! 🏡', 'primary', '2025-03-03 18:17:50', '2025-03-03 18:17:50'),
(81, 2, 'to the system', NULL, 'logged in', 'Mozilla/5.0 (Windows NT 10.0; Win64; x64) AppleWebKit/537.36 (KHTML, like Gecko) Chrome/133.0.0.0 Safari/537.36', '106.219.151.117', 0, 2, 'Shivendra Singh', 'info', '2025-03-04 10:11:10', '2025-03-04 10:11:10'),
(82, 2, 'property', '{\"name\":\"\\ud83c\\udfe1 Prime Auction Sale \\u2013 1170 Sq. Ft. House in Vishnupuri, Lucknow! \\ud83c\\udfe1\",\"model\":\"Botble\\\\RealEstate\\\\Models\\\\Property\",\"slug\":\"prime-auction-sale-1170-sq-ft-house-in-vishnupuri-lucknow\",\"slug_id\":\"0\",\"is_slug_editable\":\"1\",\"type\":\"sale\",\"description\":\"Discover a spacious, ready-to-move independent house for sale in Lucknow at a prime location. This main road property offers excellent connectivity, making it a great real estate investment. Perfect for families or investors, this luxury house in Lucknow is available at the best price. Don\\u2019t miss the chance to buy property in Lucknow with top amenities.\\r\\n\\ud83d\\udd25 Exclusive Opportunity | Prime Location |\",\"is_featured\":\"0\",\"content\":\"<p><img src=\\\"https:\\/\\/auctionstreet.in\\/storage\\/brijesh.png\\\" alt=\\\"brijesh\\\" loading=\\\"lazy\\\"><br>&nbsp;<\\/p>\",\"images\":[null],\"country_id\":\"2\",\"state_id\":\"2\",\"city_id\":\"6\",\"location\":\"HOUSE NO 532GA\\/173-112\\/27 ON PLOT NO 119\\/27, SITUATED AT DEVLOK COLONY, VISHNUPURI, SHEIKHPUR, WARD- MAHANAGAR. Lucknow\",\"latitude\":null,\"longitude\":null,\"number_bedroom\":null,\"number_bathroom\":null,\"number_floor\":null,\"square\":\"108.69\",\"price\":\"8710000\",\"currency_id\":\"1\",\"period\":\"day\",\"never_expired\":\"1\",\"private_notes\":null,\"auto_renew\":\"0\",\"floor_plans\":\"[]\",\"video\":{\"thumbnail\":null,\"url\":null},\"seo_meta\":{\"seo_title\":null,\"seo_description\":null,\"index\":\"index\"},\"seo_meta_image\":null,\"status\":\"selling\",\"categories\":[\"4\"],\"unique_id\":\"AS1741117684\",\"last_updated\":\"2025-03-04\",\"project_id\":\"0\",\"author_id\":null,\"submitter\":\"save\"}', 'created', 'Mozilla/5.0 (Windows NT 10.0; Win64; x64) AppleWebKit/537.36 (KHTML, like Gecko) Chrome/133.0.0.0 Safari/537.36', '106.219.151.117', 2, 40, '🏡 Prime Auction Sale – 1170 Sq. Ft. House in Vishnupuri, Lucknow! 🏡', 'info', '2025-03-04 12:02:48', '2025-03-04 12:02:48'),
(83, 2, 'property', '{\"name\":\"\\ud83c\\udfe1 Prime Auction Sale \\u2013 1170 Sq. Ft. House in Vishnupuri, Lucknow! \\ud83c\\udfe1\",\"model\":\"Botble\\\\RealEstate\\\\Models\\\\Property\",\"slug\":\"prime-auction-sale-1170-sq-ft-house-in-vishnupuri-lucknow\",\"slug_id\":\"0\",\"is_slug_editable\":\"1\",\"type\":\"sale\",\"description\":\"Discover a spacious, ready-to-move independent house for sale in Lucknow at a prime location. This main road property offers excellent connectivity, making it a great real estate investment. Perfect for families or investors, this luxury house in Lucknow is available at the best price. Don\\u2019t miss the chance to buy property in Lucknow with top amenities.\\r\\n\\ud83d\\udd25 Exclusive Opportunity | Prime Location |\",\"is_featured\":\"0\",\"content\":\"<p><img src=\\\"https:\\/\\/auctionstreet.in\\/storage\\/brijesh.png\\\" alt=\\\"brijesh\\\" loading=\\\"lazy\\\"><br>&nbsp;<\\/p>\",\"images\":[null],\"country_id\":\"2\",\"state_id\":\"2\",\"city_id\":\"6\",\"location\":\"HOUSE NO 532GA\\/173-112\\/27 ON PLOT NO 119\\/27, SITUATED AT DEVLOK COLONY, VISHNUPURI, SHEIKHPUR, WARD- MAHANAGAR. Lucknow\",\"latitude\":null,\"longitude\":null,\"number_bedroom\":null,\"number_bathroom\":null,\"number_floor\":null,\"square\":\"108.69\",\"price\":\"8710000\",\"currency_id\":\"1\",\"period\":\"day\",\"never_expired\":\"1\",\"private_notes\":null,\"auto_renew\":\"0\",\"floor_plans\":\"[]\",\"video\":{\"thumbnail\":null,\"url\":null},\"seo_meta\":{\"seo_title\":null,\"seo_description\":null,\"index\":\"index\"},\"seo_meta_image\":null,\"status\":\"selling\",\"categories\":[\"4\"],\"unique_id\":\"AS1741117684\",\"last_updated\":\"2025-03-04\",\"project_id\":\"0\",\"author_id\":null,\"submitter\":\"save\"}', 'created', 'Mozilla/5.0 (Windows NT 10.0; Win64; x64) AppleWebKit/537.36 (KHTML, like Gecko) Chrome/133.0.0.0 Safari/537.36', '106.219.151.117', 2, 40, '🏡 Prime Auction Sale – 1170 Sq. Ft. House in Vishnupuri, Lucknow! 🏡', 'info', '2025-03-04 12:02:48', '2025-03-04 12:02:48'),
(84, 2, 'property', '{\"name\":\"\\ud83c\\udfe1 Residential house for Auction Sale in Lucknow! \\ud83c\\udfe1\",\"model\":\"Botble\\\\RealEstate\\\\Models\\\\Property\",\"slug\":\"residential-house-for-auction-sale-in-lucknow\",\"slug_id\":\"9650\",\"is_slug_editable\":\"1\",\"type\":\"sale\",\"description\":\"best house in lucknow, best house under 40 lakhs, cheapest house in lucknow, auction house in lucknow, auction properties to sale\\r\\n\\ud83d\\udce2 Looking to Build Your Dream Home or Make a Smart Investment? This is your chance to own a valuable house in Lucknow\\u2019s booming real estate market!\\r\\n\\ud83d\\udcb0 Don\\u2019t Miss This Opportunity! Place Your Bid Today!\",\"is_featured\":\"0\",\"content\":\"<p><img src=\\\"https:\\/\\/auctionstreet.in\\/storage\\/knbn.png\\\" alt=\\\"knbn\\\" loading=\\\"lazy\\\"><br><img src=\\\"https:\\/\\/auctionstreet.in\\/storage\\/kn.png\\\" alt=\\\"kn\\\" loading=\\\"lazy\\\"><br>&nbsp;<\\/p>\",\"images\":[null],\"country_id\":\"2\",\"state_id\":\"2\",\"city_id\":\"7\",\"location\":\"PLOT NO.193 AT KHASRA NO 310 , MAHARSHI NAGAR , FAIZUL GANJ, LUCKNOW\",\"latitude\":null,\"longitude\":null,\"number_bedroom\":null,\"number_bathroom\":null,\"number_floor\":null,\"square\":\"162.58\",\"price\":\"3840000\",\"currency_id\":\"1\",\"period\":\"day\",\"never_expired\":\"1\",\"private_notes\":null,\"auto_renew\":\"0\",\"floor_plans\":\"[]\",\"video\":{\"thumbnail\":null,\"url\":null},\"seo_meta\":{\"seo_title\":null,\"seo_description\":null,\"index\":\"index\"},\"seo_meta_image\":null,\"status\":\"selling\",\"categories\":[\"4\"],\"unique_id\":\"AS1741029848\",\"last_updated\":\"2025-03-03\",\"project_id\":\"0\",\"author_id\":null,\"submitter\":\"save\"}', 'updated', 'Mozilla/5.0 (Windows NT 10.0; Win64; x64) AppleWebKit/537.36 (KHTML, like Gecko) Chrome/133.0.0.0 Safari/537.36', '106.219.151.117', 2, 39, '🏡 Residential house for Auction Sale in Lucknow! 🏡', 'primary', '2025-03-04 13:20:40', '2025-03-04 13:20:40'),
(85, 2, 'property', '{\"name\":\"\\ud83c\\udfe1 Residential house for Auction Sale in Lucknow! \\ud83c\\udfe1\",\"model\":\"Botble\\\\RealEstate\\\\Models\\\\Property\",\"slug\":\"residential-house-for-auction-sale-in-lucknow\",\"slug_id\":\"9650\",\"is_slug_editable\":\"1\",\"type\":\"sale\",\"description\":\"best house in lucknow, best house under 40 lakhs, cheapest house in lucknow, auction house in lucknow, auction properties to sale\\r\\n\\ud83d\\udce2 Looking to Build Your Dream Home or Make a Smart Investment? This is your chance to own a valuable house in Lucknow\\u2019s booming real estate market!\\r\\n\\ud83d\\udcb0 Don\\u2019t Miss This Opportunity! Place Your Bid Today!\",\"is_featured\":\"0\",\"content\":\"<p><img src=\\\"https:\\/\\/auctionstreet.in\\/storage\\/knbn.png\\\" alt=\\\"knbn\\\" loading=\\\"lazy\\\"><br><img src=\\\"https:\\/\\/auctionstreet.in\\/storage\\/kn.png\\\" alt=\\\"kn\\\" loading=\\\"lazy\\\"><br>&nbsp;<\\/p>\",\"images\":[null],\"country_id\":\"2\",\"state_id\":\"2\",\"city_id\":\"7\",\"location\":\"PLOT NO.193 AT KHASRA NO 310 , MAHARSHI NAGAR , FAIZUL GANJ, LUCKNOW\",\"latitude\":null,\"longitude\":null,\"number_bedroom\":null,\"number_bathroom\":null,\"number_floor\":null,\"square\":\"162.58\",\"price\":\"3840000\",\"currency_id\":\"1\",\"period\":\"day\",\"never_expired\":\"1\",\"private_notes\":null,\"auto_renew\":\"0\",\"floor_plans\":\"[]\",\"video\":{\"thumbnail\":null,\"url\":null},\"seo_meta\":{\"seo_title\":null,\"seo_description\":null,\"index\":\"index\"},\"seo_meta_image\":null,\"status\":\"selling\",\"categories\":[\"4\"],\"unique_id\":\"AS1741029848\",\"last_updated\":\"2025-03-03\",\"project_id\":\"0\",\"author_id\":null,\"submitter\":\"save\"}', 'updated', 'Mozilla/5.0 (Windows NT 10.0; Win64; x64) AppleWebKit/537.36 (KHTML, like Gecko) Chrome/133.0.0.0 Safari/537.36', '106.219.151.117', 2, 39, '🏡 Residential house for Auction Sale in Lucknow! 🏡', 'primary', '2025-03-04 13:20:40', '2025-03-04 13:20:40'),
(86, 2, 'property', '{\"name\":\"\\ud83c\\udfe1 Auction Sale: 120.89 Sq. Mtr House in Gated Society, Lucknow!\",\"model\":\"Botble\\\\RealEstate\\\\Models\\\\Property\",\"slug\":\"auction-sale-12089-sq-mtr-house-in-gated-society-lucknow\",\"slug_id\":\"0\",\"is_slug_editable\":\"1\",\"type\":\"sale\",\"description\":\"A 120.89 sq. mtr. independent house for sale in Lucknow at PLOT NO 98, KHASRA NO 835, MADIYAO. Located in a secure gated community, this prime location property offers main road access, making it an ideal real estate investment. With a competitive price of \\u20b930,60,000, this is your chance to buy property in Lucknow at the best deal.\",\"is_featured\":\"0\",\"content\":\"<p><img src=\\\"https:\\/\\/auctionstreet.in\\/storage\\/sushil-kumar-lucknow.png\\\" alt=\\\"sushil kumar lucknow\\\" loading=\\\"lazy\\\"><br>&nbsp;<\\/p>\",\"images\":[null],\"country_id\":\"2\",\"state_id\":\"2\",\"city_id\":\"7\",\"location\":\"PLOT NO 98, KHASRA NO 835, MADIYAO, PARGANA MAHONA, TEHSIL BAKSHIKA TALAB, DISTRICT LUCKNOW\",\"latitude\":null,\"longitude\":null,\"number_bedroom\":null,\"number_bathroom\":null,\"number_floor\":null,\"square\":\"120.89\",\"price\":\"3060000\",\"currency_id\":\"1\",\"period\":\"day\",\"never_expired\":\"1\",\"private_notes\":null,\"auto_renew\":\"0\",\"floor_plans\":\"[]\",\"video\":{\"thumbnail\":null,\"url\":null},\"seo_meta\":{\"seo_title\":null,\"seo_description\":null,\"index\":\"index\"},\"seo_meta_image\":null,\"status\":\"selling\",\"categories\":[\"4\"],\"unique_id\":\"AS1741119576\",\"last_updated\":\"2025-03-04\",\"project_id\":\"0\",\"author_id\":null,\"submitter\":\"apply\"}', 'created', 'Mozilla/5.0 (Windows NT 10.0; Win64; x64) AppleWebKit/537.36 (KHTML, like Gecko) Chrome/133.0.0.0 Safari/537.36', '106.219.151.117', 2, 41, '🏡 Auction Sale: 120.89 Sq. Mtr House in Gated Society, Lucknow!', 'info', '2025-03-04 13:26:36', '2025-03-04 13:26:36'),
(87, 2, 'property', '{\"name\":\"\\ud83c\\udfe1 Auction Sale: 120.89 Sq. Mtr House in Gated Society, Lucknow!\",\"model\":\"Botble\\\\RealEstate\\\\Models\\\\Property\",\"slug\":\"auction-sale-12089-sq-mtr-house-in-gated-society-lucknow\",\"slug_id\":\"0\",\"is_slug_editable\":\"1\",\"type\":\"sale\",\"description\":\"A 120.89 sq. mtr. independent house for sale in Lucknow at PLOT NO 98, KHASRA NO 835, MADIYAO. Located in a secure gated community, this prime location property offers main road access, making it an ideal real estate investment. With a competitive price of \\u20b930,60,000, this is your chance to buy property in Lucknow at the best deal.\",\"is_featured\":\"0\",\"content\":\"<p><img src=\\\"https:\\/\\/auctionstreet.in\\/storage\\/sushil-kumar-lucknow.png\\\" alt=\\\"sushil kumar lucknow\\\" loading=\\\"lazy\\\"><br>&nbsp;<\\/p>\",\"images\":[null],\"country_id\":\"2\",\"state_id\":\"2\",\"city_id\":\"7\",\"location\":\"PLOT NO 98, KHASRA NO 835, MADIYAO, PARGANA MAHONA, TEHSIL BAKSHIKA TALAB, DISTRICT LUCKNOW\",\"latitude\":null,\"longitude\":null,\"number_bedroom\":null,\"number_bathroom\":null,\"number_floor\":null,\"square\":\"120.89\",\"price\":\"3060000\",\"currency_id\":\"1\",\"period\":\"day\",\"never_expired\":\"1\",\"private_notes\":null,\"auto_renew\":\"0\",\"floor_plans\":\"[]\",\"video\":{\"thumbnail\":null,\"url\":null},\"seo_meta\":{\"seo_title\":null,\"seo_description\":null,\"index\":\"index\"},\"seo_meta_image\":null,\"status\":\"selling\",\"categories\":[\"4\"],\"unique_id\":\"AS1741119576\",\"last_updated\":\"2025-03-04\",\"project_id\":\"0\",\"author_id\":null,\"submitter\":\"apply\"}', 'created', 'Mozilla/5.0 (Windows NT 10.0; Win64; x64) AppleWebKit/537.36 (KHTML, like Gecko) Chrome/133.0.0.0 Safari/537.36', '106.219.151.117', 2, 41, '🏡 Auction Sale: 120.89 Sq. Mtr House in Gated Society, Lucknow!', 'info', '2025-03-04 13:26:36', '2025-03-04 13:26:36'),
(88, 2, 'property', '{\"name\":\"\\ud83c\\udfe1 Auction Sale: 255.576 Sq. Mtr. House in Lucknow!\",\"model\":\"Botble\\\\RealEstate\\\\Models\\\\Property\",\"slug\":\"auction-sale-255576-sq-mtr-house-in-lucknow\",\"slug_id\":\"0\",\"is_slug_editable\":\"1\",\"type\":\"sale\",\"description\":\"A 255.576 sq. mtr. house for sale in Lucknow, located at KHASRA NO 792A & 792B, VILLAGE CHANDAKODAR, PARGANA MAHONA, TEHSIL BAKSHI KA TALAB. This prime location property offers excellent connectivity, making it a great real estate investment with high appreciation potential. Ideal for homebuyers and investors, this on-road house in Lucknow is a rare opportunity.\",\"is_featured\":\"0\",\"content\":\"<p><img src=\\\"https:\\/\\/auctionstreet.in\\/storage\\/aashtha-mineral-water.png\\\" alt=\\\"aashtha mineral water\\\" loading=\\\"lazy\\\"><br>&nbsp;<\\/p>\",\"images\":[null],\"country_id\":\"2\",\"state_id\":\"2\",\"city_id\":\"7\",\"location\":\"KHASRA NO 792A & 792B, VILLAGE CHANDAKODAR, PARGANA MAHONA, TEHSIL BAKSHI KA TALAB, LUCKNOW\",\"latitude\":null,\"longitude\":null,\"number_bedroom\":null,\"number_bathroom\":null,\"number_floor\":null,\"square\":\"255.576\",\"price\":\"4500000\",\"currency_id\":\"1\",\"period\":\"day\",\"never_expired\":\"1\",\"private_notes\":null,\"auto_renew\":\"0\",\"floor_plans\":\"[]\",\"video\":{\"thumbnail\":null,\"url\":null},\"seo_meta\":{\"seo_title\":null,\"seo_description\":null,\"index\":\"index\"},\"seo_meta_image\":null,\"status\":\"selling\",\"categories\":[\"4\"],\"unique_id\":\"AS1741171693\",\"last_updated\":\"2025-03-04\",\"project_id\":\"0\",\"author_id\":null,\"submitter\":\"save\"}', 'created', 'Mozilla/5.0 (Windows NT 10.0; Win64; x64) AppleWebKit/537.36 (KHTML, like Gecko) Chrome/133.0.0.0 Safari/537.36', '106.219.151.117', 2, 42, '🏡 Auction Sale: 255.576 Sq. Mtr. House in Lucknow!', 'info', '2025-03-04 16:19:48', '2025-03-04 16:19:48'),
(89, 2, 'property', '{\"name\":\"\\ud83c\\udfe1 Auction Sale: 255.576 Sq. Mtr. House in Lucknow!\",\"model\":\"Botble\\\\RealEstate\\\\Models\\\\Property\",\"slug\":\"auction-sale-255576-sq-mtr-house-in-lucknow\",\"slug_id\":\"0\",\"is_slug_editable\":\"1\",\"type\":\"sale\",\"description\":\"A 255.576 sq. mtr. house for sale in Lucknow, located at KHASRA NO 792A & 792B, VILLAGE CHANDAKODAR, PARGANA MAHONA, TEHSIL BAKSHI KA TALAB. This prime location property offers excellent connectivity, making it a great real estate investment with high appreciation potential. Ideal for homebuyers and investors, this on-road house in Lucknow is a rare opportunity.\",\"is_featured\":\"0\",\"content\":\"<p><img src=\\\"https:\\/\\/auctionstreet.in\\/storage\\/aashtha-mineral-water.png\\\" alt=\\\"aashtha mineral water\\\" loading=\\\"lazy\\\"><br>&nbsp;<\\/p>\",\"images\":[null],\"country_id\":\"2\",\"state_id\":\"2\",\"city_id\":\"7\",\"location\":\"KHASRA NO 792A & 792B, VILLAGE CHANDAKODAR, PARGANA MAHONA, TEHSIL BAKSHI KA TALAB, LUCKNOW\",\"latitude\":null,\"longitude\":null,\"number_bedroom\":null,\"number_bathroom\":null,\"number_floor\":null,\"square\":\"255.576\",\"price\":\"4500000\",\"currency_id\":\"1\",\"period\":\"day\",\"never_expired\":\"1\",\"private_notes\":null,\"auto_renew\":\"0\",\"floor_plans\":\"[]\",\"video\":{\"thumbnail\":null,\"url\":null},\"seo_meta\":{\"seo_title\":null,\"seo_description\":null,\"index\":\"index\"},\"seo_meta_image\":null,\"status\":\"selling\",\"categories\":[\"4\"],\"unique_id\":\"AS1741171693\",\"last_updated\":\"2025-03-04\",\"project_id\":\"0\",\"author_id\":null,\"submitter\":\"save\"}', 'created', 'Mozilla/5.0 (Windows NT 10.0; Win64; x64) AppleWebKit/537.36 (KHTML, like Gecko) Chrome/133.0.0.0 Safari/537.36', '106.219.151.117', 2, 42, '🏡 Auction Sale: 255.576 Sq. Mtr. House in Lucknow!', 'info', '2025-03-04 16:19:49', '2025-03-04 16:19:49'),
(90, 2, 'state', '{\"name\":\"Uttarakhand\",\"slug\":null,\"abbreviation\":null,\"country_id\":\"2\",\"order\":\"0\",\"is_default\":\"1\",\"seo_meta\":{\"seo_title\":null,\"seo_description\":null,\"index\":\"index\"},\"seo_meta_image\":null,\"status\":\"published\",\"image\":null,\"submitter\":\"apply\"}', 'created', 'Mozilla/5.0 (Windows NT 10.0; Win64; x64) AppleWebKit/537.36 (KHTML, like Gecko) Chrome/133.0.0.0 Safari/537.36', '106.219.151.117', 2, 3, 'Uttarakhand', 'info', '2025-03-04 16:21:04', '2025-03-04 16:21:04'),
(91, 2, 'property', '{\"name\":\"\\ud83c\\udfe1 Auction Sale: 21.455 Sq. Mtr. House in Lucknow!\",\"model\":\"Botble\\\\RealEstate\\\\Models\\\\Property\",\"slug\":\"auction-sale-21455-sq-mtr-house-in-lucknow\",\"slug_id\":\"0\",\"is_slug_editable\":\"1\",\"type\":\"sale\",\"description\":\"A 21.455 sq. mtr. house for sale in Lucknow, located at House No L.D.-117, First Floor, Sec-F, Kanpur Road Yojana, Ward-Vidyawati Devi Nagar. This ready-to-move property offers excellent road connectivity in a well-developed residential area, making it a great real estate investment. Ideal for homebuyers and investors looking for a budget-friendly house in Lucknow with high appreciation potential.\",\"is_featured\":\"0\",\"content\":\"<p><img src=\\\"https:\\/\\/auctionstreet.in\\/storage\\/new-punjab-sales.png\\\" alt=\\\"new punjab sales\\\" loading=\\\"lazy\\\"><br>&nbsp;<\\/p>\",\"images\":[null],\"country_id\":\"2\",\"state_id\":\"2\",\"city_id\":\"7\",\"location\":\"House No L.D.-117, First Floor, Sec-F, Kanpur Road Yojana, Ward-Vidyawati Devi Nagar, Lucknow\",\"latitude\":null,\"longitude\":null,\"number_bedroom\":null,\"number_bathroom\":null,\"number_floor\":null,\"square\":\"21.455\",\"price\":\"1470000\",\"currency_id\":\"1\",\"period\":\"day\",\"never_expired\":\"1\",\"private_notes\":null,\"auto_renew\":\"0\",\"floor_plans\":\"[]\",\"video\":{\"thumbnail\":null,\"url\":null},\"seo_meta\":{\"seo_title\":null,\"seo_description\":null,\"index\":\"index\"},\"seo_meta_image\":null,\"status\":\"selling\",\"categories\":[\"4\"],\"unique_id\":\"AS1741184457\",\"last_updated\":\"2025-03-04\",\"project_id\":\"0\",\"author_id\":null}', 'created', 'Mozilla/5.0 (Windows NT 10.0; Win64; x64) AppleWebKit/537.36 (KHTML, like Gecko) Chrome/133.0.0.0 Safari/537.36', '106.219.151.117', 2, 43, '🏡 Auction Sale: 21.455 Sq. Mtr. House in Lucknow!', 'info', '2025-03-04 17:09:49', '2025-03-04 17:09:49'),
(92, 2, 'property', '{\"name\":\"\\ud83c\\udfe1 Auction Sale: 21.455 Sq. Mtr. House in Lucknow!\",\"model\":\"Botble\\\\RealEstate\\\\Models\\\\Property\",\"slug\":\"auction-sale-21455-sq-mtr-house-in-lucknow\",\"slug_id\":\"0\",\"is_slug_editable\":\"1\",\"type\":\"sale\",\"description\":\"A 21.455 sq. mtr. house for sale in Lucknow, located at House No L.D.-117, First Floor, Sec-F, Kanpur Road Yojana, Ward-Vidyawati Devi Nagar. This ready-to-move property offers excellent road connectivity in a well-developed residential area, making it a great real estate investment. Ideal for homebuyers and investors looking for a budget-friendly house in Lucknow with high appreciation potential.\",\"is_featured\":\"0\",\"content\":\"<p><img src=\\\"https:\\/\\/auctionstreet.in\\/storage\\/new-punjab-sales.png\\\" alt=\\\"new punjab sales\\\" loading=\\\"lazy\\\"><br>&nbsp;<\\/p>\",\"images\":[null],\"country_id\":\"2\",\"state_id\":\"2\",\"city_id\":\"7\",\"location\":\"House No L.D.-117, First Floor, Sec-F, Kanpur Road Yojana, Ward-Vidyawati Devi Nagar, Lucknow\",\"latitude\":null,\"longitude\":null,\"number_bedroom\":null,\"number_bathroom\":null,\"number_floor\":null,\"square\":\"21.455\",\"price\":\"1470000\",\"currency_id\":\"1\",\"period\":\"day\",\"never_expired\":\"1\",\"private_notes\":null,\"auto_renew\":\"0\",\"floor_plans\":\"[]\",\"video\":{\"thumbnail\":null,\"url\":null},\"seo_meta\":{\"seo_title\":null,\"seo_description\":null,\"index\":\"index\"},\"seo_meta_image\":null,\"status\":\"selling\",\"categories\":[\"4\"],\"unique_id\":\"AS1741184457\",\"last_updated\":\"2025-03-04\",\"project_id\":\"0\",\"author_id\":null}', 'created', 'Mozilla/5.0 (Windows NT 10.0; Win64; x64) AppleWebKit/537.36 (KHTML, like Gecko) Chrome/133.0.0.0 Safari/537.36', '106.219.151.117', 2, 43, '🏡 Auction Sale: 21.455 Sq. Mtr. House in Lucknow!', 'info', '2025-03-04 17:09:49', '2025-03-04 17:09:49'),
(93, 2, 'property', '{\"name\":\"\\ud83c\\udfe1 Auction Sale: 21.455 Sq. Mtr. House in Lucknow!\",\"model\":\"Botble\\\\RealEstate\\\\Models\\\\Property\",\"slug\":\"auction-sale-21455-sq-mtr-house-in-lucknow\",\"slug_id\":\"9658\",\"is_slug_editable\":\"1\",\"type\":\"sale\",\"description\":\"A 21.455 sq. mtr. house for sale in Lucknow, located at House No L.D.-117, First Floor, Sec-F, Kanpur Road Yojana, Ward-Vidyawati Devi Nagar. This ready-to-move property offers excellent road connectivity in a well-developed residential area, making it a great real estate investment. Ideal for homebuyers and investors looking for a budget-friendly house in Lucknow with high appreciation potential.\",\"is_featured\":\"0\",\"content\":\"<p><img src=\\\"https:\\/\\/auctionstreet.in\\/storage\\/new-punjab-sales.png\\\" alt=\\\"new punjab sales\\\" loading=\\\"lazy\\\"><br>&nbsp;<\\/p>\",\"images\":[null],\"country_id\":\"2\",\"state_id\":\"2\",\"city_id\":\"7\",\"location\":\"House No L.D.-117, First Floor, Sec-F, Kanpur Road Yojana, Ward-Vidyawati Devi Nagar, Lucknow\",\"latitude\":null,\"longitude\":null,\"number_bedroom\":null,\"number_bathroom\":null,\"number_floor\":null,\"square\":\"21.455\",\"price\":\"1470000\",\"currency_id\":\"1\",\"period\":\"day\",\"never_expired\":\"1\",\"private_notes\":null,\"auto_renew\":\"0\",\"floor_plans\":\"[]\",\"video\":{\"thumbnail\":null,\"url\":null},\"seo_meta\":{\"seo_title\":null,\"seo_description\":null,\"index\":\"index\"},\"seo_meta_image\":null,\"status\":\"selling\",\"categories\":[\"4\"],\"unique_id\":\"AS1741184457\",\"last_updated\":\"2025-03-04\",\"project_id\":\"0\",\"author_id\":null,\"submitter\":\"save\"}', 'updated', 'Mozilla/5.0 (Windows NT 10.0; Win64; x64) AppleWebKit/537.36 (KHTML, like Gecko) Chrome/133.0.0.0 Safari/537.36', '106.219.151.117', 2, 43, '🏡 Auction Sale: 21.455 Sq. Mtr. House in Lucknow!', 'primary', '2025-03-04 17:09:57', '2025-03-04 17:09:57');
INSERT INTO `audit_histories` (`id`, `user_id`, `module`, `request`, `action`, `user_agent`, `ip_address`, `reference_user`, `reference_id`, `reference_name`, `type`, `created_at`, `updated_at`) VALUES
(94, 2, 'property', '{\"name\":\"\\ud83c\\udfe1 Auction Sale: 21.455 Sq. Mtr. House in Lucknow!\",\"model\":\"Botble\\\\RealEstate\\\\Models\\\\Property\",\"slug\":\"auction-sale-21455-sq-mtr-house-in-lucknow\",\"slug_id\":\"9658\",\"is_slug_editable\":\"1\",\"type\":\"sale\",\"description\":\"A 21.455 sq. mtr. house for sale in Lucknow, located at House No L.D.-117, First Floor, Sec-F, Kanpur Road Yojana, Ward-Vidyawati Devi Nagar. This ready-to-move property offers excellent road connectivity in a well-developed residential area, making it a great real estate investment. Ideal for homebuyers and investors looking for a budget-friendly house in Lucknow with high appreciation potential.\",\"is_featured\":\"0\",\"content\":\"<p><img src=\\\"https:\\/\\/auctionstreet.in\\/storage\\/new-punjab-sales.png\\\" alt=\\\"new punjab sales\\\" loading=\\\"lazy\\\"><br>&nbsp;<\\/p>\",\"images\":[null],\"country_id\":\"2\",\"state_id\":\"2\",\"city_id\":\"7\",\"location\":\"House No L.D.-117, First Floor, Sec-F, Kanpur Road Yojana, Ward-Vidyawati Devi Nagar, Lucknow\",\"latitude\":null,\"longitude\":null,\"number_bedroom\":null,\"number_bathroom\":null,\"number_floor\":null,\"square\":\"21.455\",\"price\":\"1470000\",\"currency_id\":\"1\",\"period\":\"day\",\"never_expired\":\"1\",\"private_notes\":null,\"auto_renew\":\"0\",\"floor_plans\":\"[]\",\"video\":{\"thumbnail\":null,\"url\":null},\"seo_meta\":{\"seo_title\":null,\"seo_description\":null,\"index\":\"index\"},\"seo_meta_image\":null,\"status\":\"selling\",\"categories\":[\"4\"],\"unique_id\":\"AS1741184457\",\"last_updated\":\"2025-03-04\",\"project_id\":\"0\",\"author_id\":null,\"submitter\":\"save\"}', 'updated', 'Mozilla/5.0 (Windows NT 10.0; Win64; x64) AppleWebKit/537.36 (KHTML, like Gecko) Chrome/133.0.0.0 Safari/537.36', '106.219.151.117', 2, 43, '🏡 Auction Sale: 21.455 Sq. Mtr. House in Lucknow!', 'primary', '2025-03-04 17:09:57', '2025-03-04 17:09:57'),
(95, 2, 'to the system', NULL, 'logged in', 'Mozilla/5.0 (Windows NT 10.0; Win64; x64) AppleWebKit/537.36 (KHTML, like Gecko) Chrome/133.0.0.0 Safari/537.36', '106.219.151.117', 0, 2, 'Shivendra Singh', 'info', '2025-03-05 11:38:30', '2025-03-05 11:38:30'),
(96, 2, 'property', '{\"name\":\"\\ud83c\\udfe1 Residential House for Auction Sale in Lucknow \\u2013 Prime Location! \\ud83c\\udfe1\",\"model\":\"Botble\\\\RealEstate\\\\Models\\\\Property\",\"slug\":\"residential-house-for-auction-sale-in-lucknow-prime-location\",\"slug_id\":\"0\",\"is_slug_editable\":\"1\",\"type\":\"sale\",\"description\":\"\\ud83c\\udfe1 Residential House for Auction Sale in Lucknow \\u2013 Best Investment Opportunity!\\r\\n\\r\\nA 130.11 sq. mtr. residential house is available for auction sale in Lucknow at an attractive price of \\u20b934,00,000. Located in Madiyaon, Bakshi Ka Talab, Jankipuram-1, Lucknow, this property offers great connectivity and a prime location for home buyers and investors.\",\"is_featured\":\"0\",\"content\":\"<p><img src=\\\"https:\\/\\/auctionstreet.in\\/storage\\/dileep-kumar.png\\\" alt=\\\"dileep kumar\\\" loading=\\\"lazy\\\"><br>&nbsp;<\\/p>\",\"images\":[null],\"country_id\":\"2\",\"state_id\":\"2\",\"city_id\":\"7\",\"location\":\"Plot No. 2, Municipal No. 647\\/P-002, Khasra No. 914, Village- Madiyaon, Bakshi Ka Talab, Ward- Jankipuram-1, Lucknow\",\"latitude\":null,\"longitude\":null,\"number_bedroom\":null,\"number_bathroom\":null,\"number_floor\":null,\"square\":\"130.11\",\"price\":\"3400000\",\"currency_id\":\"1\",\"period\":\"day\",\"never_expired\":\"1\",\"private_notes\":null,\"auto_renew\":\"0\",\"floor_plans\":\"[]\",\"video\":{\"thumbnail\":null,\"url\":null},\"seo_meta\":{\"seo_title\":null,\"seo_description\":null,\"index\":\"index\"},\"seo_meta_image\":null,\"status\":\"selling\",\"categories\":[\"4\"],\"unique_id\":\"AS1741211323\",\"last_updated\":\"2025-03-05\",\"project_id\":\"0\",\"author_id\":null,\"submitter\":\"save\"}', 'created', 'Mozilla/5.0 (Windows NT 10.0; Win64; x64) AppleWebKit/537.36 (KHTML, like Gecko) Chrome/133.0.0.0 Safari/537.36', '106.219.151.117', 2, 44, '🏡 Residential House for Auction Sale in Lucknow – Prime Location! 🏡', 'info', '2025-03-05 11:43:40', '2025-03-05 11:43:40'),
(97, 2, 'property', '{\"name\":\"\\ud83c\\udfe1 Residential House for Auction Sale in Lucknow \\u2013 Prime Location! \\ud83c\\udfe1\",\"model\":\"Botble\\\\RealEstate\\\\Models\\\\Property\",\"slug\":\"residential-house-for-auction-sale-in-lucknow-prime-location\",\"slug_id\":\"0\",\"is_slug_editable\":\"1\",\"type\":\"sale\",\"description\":\"\\ud83c\\udfe1 Residential House for Auction Sale in Lucknow \\u2013 Best Investment Opportunity!\\r\\n\\r\\nA 130.11 sq. mtr. residential house is available for auction sale in Lucknow at an attractive price of \\u20b934,00,000. Located in Madiyaon, Bakshi Ka Talab, Jankipuram-1, Lucknow, this property offers great connectivity and a prime location for home buyers and investors.\",\"is_featured\":\"0\",\"content\":\"<p><img src=\\\"https:\\/\\/auctionstreet.in\\/storage\\/dileep-kumar.png\\\" alt=\\\"dileep kumar\\\" loading=\\\"lazy\\\"><br>&nbsp;<\\/p>\",\"images\":[null],\"country_id\":\"2\",\"state_id\":\"2\",\"city_id\":\"7\",\"location\":\"Plot No. 2, Municipal No. 647\\/P-002, Khasra No. 914, Village- Madiyaon, Bakshi Ka Talab, Ward- Jankipuram-1, Lucknow\",\"latitude\":null,\"longitude\":null,\"number_bedroom\":null,\"number_bathroom\":null,\"number_floor\":null,\"square\":\"130.11\",\"price\":\"3400000\",\"currency_id\":\"1\",\"period\":\"day\",\"never_expired\":\"1\",\"private_notes\":null,\"auto_renew\":\"0\",\"floor_plans\":\"[]\",\"video\":{\"thumbnail\":null,\"url\":null},\"seo_meta\":{\"seo_title\":null,\"seo_description\":null,\"index\":\"index\"},\"seo_meta_image\":null,\"status\":\"selling\",\"categories\":[\"4\"],\"unique_id\":\"AS1741211323\",\"last_updated\":\"2025-03-05\",\"project_id\":\"0\",\"author_id\":null,\"submitter\":\"save\"}', 'created', 'Mozilla/5.0 (Windows NT 10.0; Win64; x64) AppleWebKit/537.36 (KHTML, like Gecko) Chrome/133.0.0.0 Safari/537.36', '106.219.151.117', 2, 44, '🏡 Residential House for Auction Sale in Lucknow – Prime Location! 🏡', 'info', '2025-03-05 11:43:40', '2025-03-05 11:43:40'),
(98, 2, 'to the system', NULL, 'logged in', 'Mozilla/5.0 (Windows NT 10.0; Win64; x64) AppleWebKit/537.36 (KHTML, like Gecko) Chrome/133.0.0.0 Safari/537.36', '106.219.151.117', 0, 2, 'Shivendra Singh', 'info', '2025-03-05 16:48:37', '2025-03-05 16:48:37'),
(99, 2, 'property', '{\"name\":\"\\ud83c\\udfe1 Flat Auction \\u2013 94.75 Sq. Meter Flat for Sale in Lucknow! \\ud83d\\udd25\",\"model\":\"Botble\\\\RealEstate\\\\Models\\\\Property\",\"slug\":\"flat-auction-9475-sq-meter-flat-for-sale-in-lucknow\",\"slug_id\":\"0\",\"is_slug_editable\":\"1\",\"type\":\"sale\",\"description\":\"A ready-to-move 94.75 sq. meter flat in Pushpayan Nehru Enclave, Gomti Nagar, Lucknow is now available for auction sale. This spacious ground-floor flat is perfect for homebuyers and real estate investors, offering prime location, excellent connectivity, and a great investment opportunity.\",\"is_featured\":\"0\",\"content\":\"<p><img src=\\\"https:\\/\\/auctionstreet.in\\/storage\\/shri-ram-hanuman.png\\\" alt=\\\"shri ram hanuman\\\" loading=\\\"lazy\\\"><br>&nbsp;<\\/p>\",\"images\":[null],\"country_id\":\"2\",\"state_id\":\"2\",\"city_id\":\"7\",\"location\":null,\"latitude\":null,\"longitude\":null,\"number_bedroom\":null,\"number_bathroom\":null,\"number_floor\":null,\"square\":\"94.75\",\"price\":\"4850000\",\"currency_id\":\"1\",\"period\":\"day\",\"never_expired\":\"1\",\"private_notes\":null,\"auto_renew\":\"0\",\"floor_plans\":\"[]\",\"video\":{\"thumbnail\":null,\"url\":null},\"seo_meta\":{\"seo_title\":null,\"seo_description\":null,\"index\":\"index\"},\"seo_meta_image\":null,\"status\":\"selling\",\"categories\":[\"1\"],\"unique_id\":\"AS1741199344\",\"last_updated\":\"2025-03-05\",\"project_id\":\"0\",\"author_id\":null,\"submitter\":\"save\"}', 'created', 'Mozilla/5.0 (Windows NT 10.0; Win64; x64) AppleWebKit/537.36 (KHTML, like Gecko) Chrome/133.0.0.0 Safari/537.36', '106.219.151.117', 2, 45, '🏡 Flat Auction – 94.75 Sq. Meter Flat for Sale in Lucknow! 🔥', 'info', '2025-03-05 18:39:16', '2025-03-05 18:39:16'),
(100, 2, 'property', '{\"name\":\"\\ud83c\\udfe1 Flat Auction \\u2013 94.75 Sq. Meter Flat for Sale in Lucknow! \\ud83d\\udd25\",\"model\":\"Botble\\\\RealEstate\\\\Models\\\\Property\",\"slug\":\"flat-auction-9475-sq-meter-flat-for-sale-in-lucknow\",\"slug_id\":\"0\",\"is_slug_editable\":\"1\",\"type\":\"sale\",\"description\":\"A ready-to-move 94.75 sq. meter flat in Pushpayan Nehru Enclave, Gomti Nagar, Lucknow is now available for auction sale. This spacious ground-floor flat is perfect for homebuyers and real estate investors, offering prime location, excellent connectivity, and a great investment opportunity.\",\"is_featured\":\"0\",\"content\":\"<p><img src=\\\"https:\\/\\/auctionstreet.in\\/storage\\/shri-ram-hanuman.png\\\" alt=\\\"shri ram hanuman\\\" loading=\\\"lazy\\\"><br>&nbsp;<\\/p>\",\"images\":[null],\"country_id\":\"2\",\"state_id\":\"2\",\"city_id\":\"7\",\"location\":null,\"latitude\":null,\"longitude\":null,\"number_bedroom\":null,\"number_bathroom\":null,\"number_floor\":null,\"square\":\"94.75\",\"price\":\"4850000\",\"currency_id\":\"1\",\"period\":\"day\",\"never_expired\":\"1\",\"private_notes\":null,\"auto_renew\":\"0\",\"floor_plans\":\"[]\",\"video\":{\"thumbnail\":null,\"url\":null},\"seo_meta\":{\"seo_title\":null,\"seo_description\":null,\"index\":\"index\"},\"seo_meta_image\":null,\"status\":\"selling\",\"categories\":[\"1\"],\"unique_id\":\"AS1741199344\",\"last_updated\":\"2025-03-05\",\"project_id\":\"0\",\"author_id\":null,\"submitter\":\"save\"}', 'created', 'Mozilla/5.0 (Windows NT 10.0; Win64; x64) AppleWebKit/537.36 (KHTML, like Gecko) Chrome/133.0.0.0 Safari/537.36', '106.219.151.117', 2, 45, '🏡 Flat Auction – 94.75 Sq. Meter Flat for Sale in Lucknow! 🔥', 'info', '2025-03-05 18:39:16', '2025-03-05 18:39:16'),
(101, 2, 'to the system', NULL, 'logged in', 'Mozilla/5.0 (Windows NT 10.0; Win64; x64) AppleWebKit/537.36 (KHTML, like Gecko) Chrome/133.0.0.0 Safari/537.36', '106.219.151.150', 0, 2, 'Shivendra Singh', 'info', '2025-03-06 11:29:16', '2025-03-06 11:29:16'),
(102, 2, 'property', '{\"name\":\"\\ud83c\\udfe1 House Auction \\u2013 74 Sq. Meter Residential Property for Sale in Agra!\",\"model\":\"Botble\\\\RealEstate\\\\Models\\\\Property\",\"slug\":\"house-auction-74-sq-meter-residential-property-for-sale-in-agra\",\"slug_id\":\"0\",\"is_slug_editable\":\"1\",\"type\":\"sale\",\"description\":\"Looking for an affordable house in Agra? This 74 sq. meter residential property in Sai Aagan, Nagla Kali, Agra is perfect for homebuyers & investors! Located in a well-connected area, this spacious house offers a great opportunity for investment.\",\"is_featured\":\"0\",\"content\":\"<p><img src=\\\"https:\\/\\/auctionstreet.in\\/storage\\/sai-aagaan-nagla-kali-website-k-liye-jate-huye.png\\\" alt=\\\"sai aagaan nagla kali website k liye jate huye\\\" loading=\\\"lazy\\\"><br><img src=\\\"https:\\/\\/auctionstreet.in\\/storage\\/whatsapp-image-2025-03-04-at-123913-pm.jpeg\\\" alt=\\\"WhatsApp Image 2025-03-04 at 12.39.13 PM\\\" loading=\\\"lazy\\\"><br>&nbsp;<\\/p>\",\"images\":[null],\"country_id\":\"2\",\"state_id\":\"2\",\"city_id\":\"6\",\"location\":null,\"latitude\":null,\"longitude\":null,\"number_bedroom\":null,\"number_bathroom\":null,\"number_floor\":null,\"square\":\"74\",\"price\":\"1360000\",\"currency_id\":\"1\",\"period\":\"day\",\"never_expired\":\"1\",\"private_notes\":null,\"auto_renew\":\"0\",\"floor_plans\":\"[]\",\"video\":{\"thumbnail\":null,\"url\":null},\"seo_meta\":{\"seo_title\":null,\"seo_description\":null,\"index\":\"index\"},\"seo_meta_image\":null,\"status\":\"selling\",\"categories\":[\"4\"],\"unique_id\":\"AS1741281625\",\"last_updated\":\"2025-03-06\",\"project_id\":\"0\",\"author_id\":null,\"submitter\":\"save\"}', 'created', 'Mozilla/5.0 (Windows NT 10.0; Win64; x64) AppleWebKit/537.36 (KHTML, like Gecko) Chrome/133.0.0.0 Safari/537.36', '106.219.151.150', 2, 46, '🏡 House Auction – 74 Sq. Meter Residential Property for Sale in Agra!', 'info', '2025-03-06 15:22:56', '2025-03-06 15:22:56'),
(103, 2, 'property', '{\"name\":\"\\ud83c\\udfe1 House Auction \\u2013 74 Sq. Meter Residential Property for Sale in Agra!\",\"model\":\"Botble\\\\RealEstate\\\\Models\\\\Property\",\"slug\":\"house-auction-74-sq-meter-residential-property-for-sale-in-agra\",\"slug_id\":\"0\",\"is_slug_editable\":\"1\",\"type\":\"sale\",\"description\":\"Looking for an affordable house in Agra? This 74 sq. meter residential property in Sai Aagan, Nagla Kali, Agra is perfect for homebuyers & investors! Located in a well-connected area, this spacious house offers a great opportunity for investment.\",\"is_featured\":\"0\",\"content\":\"<p><img src=\\\"https:\\/\\/auctionstreet.in\\/storage\\/sai-aagaan-nagla-kali-website-k-liye-jate-huye.png\\\" alt=\\\"sai aagaan nagla kali website k liye jate huye\\\" loading=\\\"lazy\\\"><br><img src=\\\"https:\\/\\/auctionstreet.in\\/storage\\/whatsapp-image-2025-03-04-at-123913-pm.jpeg\\\" alt=\\\"WhatsApp Image 2025-03-04 at 12.39.13 PM\\\" loading=\\\"lazy\\\"><br>&nbsp;<\\/p>\",\"images\":[null],\"country_id\":\"2\",\"state_id\":\"2\",\"city_id\":\"6\",\"location\":null,\"latitude\":null,\"longitude\":null,\"number_bedroom\":null,\"number_bathroom\":null,\"number_floor\":null,\"square\":\"74\",\"price\":\"1360000\",\"currency_id\":\"1\",\"period\":\"day\",\"never_expired\":\"1\",\"private_notes\":null,\"auto_renew\":\"0\",\"floor_plans\":\"[]\",\"video\":{\"thumbnail\":null,\"url\":null},\"seo_meta\":{\"seo_title\":null,\"seo_description\":null,\"index\":\"index\"},\"seo_meta_image\":null,\"status\":\"selling\",\"categories\":[\"4\"],\"unique_id\":\"AS1741281625\",\"last_updated\":\"2025-03-06\",\"project_id\":\"0\",\"author_id\":null,\"submitter\":\"save\"}', 'created', 'Mozilla/5.0 (Windows NT 10.0; Win64; x64) AppleWebKit/537.36 (KHTML, like Gecko) Chrome/133.0.0.0 Safari/537.36', '106.219.151.150', 2, 46, '🏡 House Auction – 74 Sq. Meter Residential Property for Sale in Agra!', 'info', '2025-03-06 15:22:56', '2025-03-06 15:22:56'),
(104, 2, 'to the system', NULL, 'logged in', 'Mozilla/5.0 (Windows NT 10.0; Win64; x64) AppleWebKit/537.36 (KHTML, like Gecko) Chrome/133.0.0.0 Safari/537.36', '106.219.151.150', 0, 2, 'Shivendra Singh', 'info', '2025-03-06 17:43:44', '2025-03-06 17:43:44'),
(105, 2, 'property', '{\"name\":\"\\ud83c\\udfe1 100 Guz House for Auction in Triveni Colony, Agra \\u2013 Prime Investment Opportunity!\",\"model\":\"Botble\\\\RealEstate\\\\Models\\\\Property\",\"slug\":\"100-guz-house-for-auction-in-triveni-colony-agra-prime-investment-opportunity\",\"slug_id\":\"0\",\"is_slug_editable\":\"1\",\"type\":\"sale\",\"description\":\"Looking for a budget-friendly home or a smart real estate investment? This 100 guz house in Triveni Colony, near TV Tower, Shamshabad Road, Agra, is now up for auction!\\r\\n\\u2705 Spacious property in a prime location\\r\\n\\u2705 Ideal for homebuyers & investors\\r\\n\\u2705 Limited-time auction \\u2013 Act Fast!\",\"is_featured\":\"0\",\"content\":\"<p><img src=\\\"https:\\/\\/auctionstreet.in\\/storage\\/100-guz-triveni-colony-near-tv-tower-shamshabad-road-agra.png\\\" alt=\\\"100 guz triveni colony near tv tower shamshabad road agra\\\" loading=\\\"lazy\\\"><br><img src=\\\"https:\\/\\/auctionstreet.in\\/storage\\/100-guz-triveni-colony-near-tv-tower-shamshabad-road-agrapng-1.png\\\" alt=\\\"100 guz triveni colony near tv tower shamshabad road agra.png 1\\\" loading=\\\"lazy\\\"><br>&nbsp;<\\/p>\",\"images\":[null],\"country_id\":\"2\",\"state_id\":\"2\",\"city_id\":\"6\",\"location\":\"Triveni Colony, Near TV Tower, Shamshabad Road, Agra\",\"latitude\":null,\"longitude\":null,\"number_bedroom\":null,\"number_bathroom\":null,\"number_floor\":null,\"square\":\"83.61\",\"price\":\"1940000\",\"currency_id\":\"1\",\"period\":\"day\",\"never_expired\":\"1\",\"private_notes\":null,\"auto_renew\":\"0\",\"floor_plans\":\"[]\",\"video\":{\"thumbnail\":null,\"url\":null},\"seo_meta\":{\"seo_title\":null,\"seo_description\":null,\"index\":\"index\"},\"seo_meta_image\":null,\"status\":\"selling\",\"categories\":[\"4\"],\"unique_id\":\"AS1741318669\",\"last_updated\":\"2025-03-06\",\"project_id\":\"0\",\"author_id\":null,\"submitter\":\"save\"}', 'created', 'Mozilla/5.0 (Windows NT 10.0; Win64; x64) AppleWebKit/537.36 (KHTML, like Gecko) Chrome/133.0.0.0 Safari/537.36', '106.219.151.150', 2, 47, '🏡 100 Guz House for Auction in Triveni Colony, Agra – Prime Investment Opportunity!', 'info', '2025-03-06 17:51:23', '2025-03-06 17:51:23'),
(106, 2, 'property', '{\"name\":\"\\ud83c\\udfe1 100 Guz House for Auction in Triveni Colony, Agra \\u2013 Prime Investment Opportunity!\",\"model\":\"Botble\\\\RealEstate\\\\Models\\\\Property\",\"slug\":\"100-guz-house-for-auction-in-triveni-colony-agra-prime-investment-opportunity\",\"slug_id\":\"0\",\"is_slug_editable\":\"1\",\"type\":\"sale\",\"description\":\"Looking for a budget-friendly home or a smart real estate investment? This 100 guz house in Triveni Colony, near TV Tower, Shamshabad Road, Agra, is now up for auction!\\r\\n\\u2705 Spacious property in a prime location\\r\\n\\u2705 Ideal for homebuyers & investors\\r\\n\\u2705 Limited-time auction \\u2013 Act Fast!\",\"is_featured\":\"0\",\"content\":\"<p><img src=\\\"https:\\/\\/auctionstreet.in\\/storage\\/100-guz-triveni-colony-near-tv-tower-shamshabad-road-agra.png\\\" alt=\\\"100 guz triveni colony near tv tower shamshabad road agra\\\" loading=\\\"lazy\\\"><br><img src=\\\"https:\\/\\/auctionstreet.in\\/storage\\/100-guz-triveni-colony-near-tv-tower-shamshabad-road-agrapng-1.png\\\" alt=\\\"100 guz triveni colony near tv tower shamshabad road agra.png 1\\\" loading=\\\"lazy\\\"><br>&nbsp;<\\/p>\",\"images\":[null],\"country_id\":\"2\",\"state_id\":\"2\",\"city_id\":\"6\",\"location\":\"Triveni Colony, Near TV Tower, Shamshabad Road, Agra\",\"latitude\":null,\"longitude\":null,\"number_bedroom\":null,\"number_bathroom\":null,\"number_floor\":null,\"square\":\"83.61\",\"price\":\"1940000\",\"currency_id\":\"1\",\"period\":\"day\",\"never_expired\":\"1\",\"private_notes\":null,\"auto_renew\":\"0\",\"floor_plans\":\"[]\",\"video\":{\"thumbnail\":null,\"url\":null},\"seo_meta\":{\"seo_title\":null,\"seo_description\":null,\"index\":\"index\"},\"seo_meta_image\":null,\"status\":\"selling\",\"categories\":[\"4\"],\"unique_id\":\"AS1741318669\",\"last_updated\":\"2025-03-06\",\"project_id\":\"0\",\"author_id\":null,\"submitter\":\"save\"}', 'created', 'Mozilla/5.0 (Windows NT 10.0; Win64; x64) AppleWebKit/537.36 (KHTML, like Gecko) Chrome/133.0.0.0 Safari/537.36', '106.219.151.150', 2, 47, '🏡 100 Guz House for Auction in Triveni Colony, Agra – Prime Investment Opportunity!', 'info', '2025-03-06 17:51:23', '2025-03-06 17:51:23'),
(107, 2, 'to the system', NULL, 'logged in', 'Mozilla/5.0 (Windows NT 10.0; Win64; x64) AppleWebKit/537.36 (KHTML, like Gecko) Chrome/134.0.0.0 Safari/537.36', '106.219.151.150', 0, 2, 'Shivendra Singh', 'info', '2025-03-08 10:39:52', '2025-03-08 10:39:52'),
(108, 2, 'to the system', NULL, 'logged in', 'Mozilla/5.0 (Windows NT 10.0; Win64; x64) AppleWebKit/537.36 (KHTML, like Gecko) Chrome/134.0.0.0 Safari/537.36', '106.219.151.150', 0, 2, 'Shivendra Singh', 'info', '2025-03-08 13:59:12', '2025-03-08 13:59:12'),
(109, 2, 'property', '{\"name\":\"\\ud83c\\udfe1 Auction Sale: 83.61 Sq. Mtr Property in Prateek Vihar, Sikandra, Agra \\u2013 Just \\u20b928.80 Lakh!\",\"model\":\"Botble\\\\RealEstate\\\\Models\\\\Property\",\"slug\":\"auction-sale-8361-sq-mtr-property-in-prateek-vihar-sikandra-agra-just-rs2880-lakh\",\"slug_id\":\"0\",\"is_slug_editable\":\"1\",\"type\":\"sale\",\"description\":\"\\ud83c\\udfe1 Auction Property in Sikandra, Agra \\u2013 83.61 Sq. Mtr Independent House for Just \\u20b928.80 Lakh!\\r\\n\\r\\nLooking for a budget-friendly house in Agra? This freehold independent house in Prateek Vihar, Sikandra is a great investment opportunity. Well-connected to highways, schools, hospitals, and markets, this property offers high appreciation value in a rapidly developing area.\",\"is_featured\":\"0\",\"content\":\"<p><img src=\\\"https:\\/\\/auctionstreet.in\\/storage\\/gulam-ali-prateek-vihar-sikandra.png\\\" alt=\\\"gulam ali prateek vihar sikandra\\\" loading=\\\"lazy\\\"><br>&nbsp;<\\/p>\",\"images\":[null],\"country_id\":\"2\",\"state_id\":\"2\",\"city_id\":\"6\",\"location\":\"Prateek Vihar, Sikandra, Agra\",\"latitude\":null,\"longitude\":null,\"number_bedroom\":null,\"number_bathroom\":null,\"number_floor\":null,\"square\":\"83.61\",\"price\":\"2880000\",\"currency_id\":\"1\",\"period\":\"day\",\"never_expired\":\"1\",\"private_notes\":null,\"auto_renew\":\"0\",\"floor_plans\":\"[]\",\"video\":{\"thumbnail\":null,\"url\":null},\"seo_meta\":{\"seo_title\":null,\"seo_description\":null,\"index\":\"index\"},\"seo_meta_image\":null,\"status\":\"selling\",\"categories\":[\"4\"],\"unique_id\":\"AS1741517834\",\"last_updated\":\"2025-03-08\",\"project_id\":\"0\",\"author_id\":null,\"submitter\":\"save\"}', 'created', 'Mozilla/5.0 (Windows NT 10.0; Win64; x64) AppleWebKit/537.36 (KHTML, like Gecko) Chrome/134.0.0.0 Safari/537.36', '106.219.151.150', 2, 48, '🏡 Auction Sale: 83.61 Sq. Mtr Property in Prateek Vihar, Sikandra, Agra – Just ₹28.80 Lakh!', 'info', '2025-03-08 14:04:40', '2025-03-08 14:04:40'),
(110, 2, 'property', '{\"name\":\"\\ud83c\\udfe1 Auction Sale: 83.61 Sq. Mtr Property in Prateek Vihar, Sikandra, Agra \\u2013 Just \\u20b928.80 Lakh!\",\"model\":\"Botble\\\\RealEstate\\\\Models\\\\Property\",\"slug\":\"auction-sale-8361-sq-mtr-property-in-prateek-vihar-sikandra-agra-just-rs2880-lakh\",\"slug_id\":\"0\",\"is_slug_editable\":\"1\",\"type\":\"sale\",\"description\":\"\\ud83c\\udfe1 Auction Property in Sikandra, Agra \\u2013 83.61 Sq. Mtr Independent House for Just \\u20b928.80 Lakh!\\r\\n\\r\\nLooking for a budget-friendly house in Agra? This freehold independent house in Prateek Vihar, Sikandra is a great investment opportunity. Well-connected to highways, schools, hospitals, and markets, this property offers high appreciation value in a rapidly developing area.\",\"is_featured\":\"0\",\"content\":\"<p><img src=\\\"https:\\/\\/auctionstreet.in\\/storage\\/gulam-ali-prateek-vihar-sikandra.png\\\" alt=\\\"gulam ali prateek vihar sikandra\\\" loading=\\\"lazy\\\"><br>&nbsp;<\\/p>\",\"images\":[null],\"country_id\":\"2\",\"state_id\":\"2\",\"city_id\":\"6\",\"location\":\"Prateek Vihar, Sikandra, Agra\",\"latitude\":null,\"longitude\":null,\"number_bedroom\":null,\"number_bathroom\":null,\"number_floor\":null,\"square\":\"83.61\",\"price\":\"2880000\",\"currency_id\":\"1\",\"period\":\"day\",\"never_expired\":\"1\",\"private_notes\":null,\"auto_renew\":\"0\",\"floor_plans\":\"[]\",\"video\":{\"thumbnail\":null,\"url\":null},\"seo_meta\":{\"seo_title\":null,\"seo_description\":null,\"index\":\"index\"},\"seo_meta_image\":null,\"status\":\"selling\",\"categories\":[\"4\"],\"unique_id\":\"AS1741517834\",\"last_updated\":\"2025-03-08\",\"project_id\":\"0\",\"author_id\":null,\"submitter\":\"save\"}', 'created', 'Mozilla/5.0 (Windows NT 10.0; Win64; x64) AppleWebKit/537.36 (KHTML, like Gecko) Chrome/134.0.0.0 Safari/537.36', '106.219.151.150', 2, 48, '🏡 Auction Sale: 83.61 Sq. Mtr Property in Prateek Vihar, Sikandra, Agra – Just ₹28.80 Lakh!', 'info', '2025-03-08 14:04:40', '2025-03-08 14:04:40'),
(111, 2, 'to the system', NULL, 'logged in', 'Mozilla/5.0 (Windows NT 10.0; Win64; x64) AppleWebKit/537.36 (KHTML, like Gecko) Chrome/134.0.0.0 Safari/537.36', '106.219.145.196', 0, 2, 'Shivendra Singh', 'info', '2025-03-10 12:52:06', '2025-03-10 12:52:06'),
(112, 2, 'to the system', NULL, 'logged in', 'Mozilla/5.0 (Windows NT 10.0; Win64; x64) AppleWebKit/537.36 (KHTML, like Gecko) Chrome/134.0.0.0 Safari/537.36', '106.219.145.196', 0, 2, 'Shivendra Singh', 'info', '2025-03-10 16:50:40', '2025-03-10 16:50:40'),
(113, 2, 'to the system', NULL, 'logged in', 'Mozilla/5.0 (Windows NT 10.0; Win64; x64) AppleWebKit/537.36 (KHTML, like Gecko) Chrome/134.0.0.0 Safari/537.36', '106.219.145.196', 0, 2, 'Shivendra Singh', 'info', '2025-03-11 11:41:56', '2025-03-11 11:41:56'),
(114, 2, 'to the system', NULL, 'logged in', 'Mozilla/5.0 (Windows NT 10.0; Win64; x64) AppleWebKit/537.36 (KHTML, like Gecko) Chrome/134.0.0.0 Safari/537.36', '106.219.145.196', 0, 2, 'Shivendra Singh', 'info', '2025-03-11 16:04:52', '2025-03-11 16:04:52'),
(115, 2, 'to the system', NULL, 'logged in', 'Mozilla/5.0 (Windows NT 10.0; Win64; x64) AppleWebKit/537.36 (KHTML, like Gecko) Chrome/134.0.0.0 Safari/537.36', '106.219.145.196', 0, 2, 'Shivendra Singh', 'info', '2025-03-11 16:04:52', '2025-03-11 16:04:52'),
(116, 2, 'to the system', NULL, 'logged in', 'Mozilla/5.0 (Windows NT 10.0; Win64; x64) AppleWebKit/537.36 (KHTML, like Gecko) Chrome/134.0.0.0 Safari/537.36', '106.219.145.196', 0, 2, 'Shivendra Singh', 'info', '2025-03-12 11:14:16', '2025-03-12 11:14:16'),
(117, 2, 'to the system', NULL, 'logged in', 'Mozilla/5.0 (Windows NT 10.0; Win64; x64) AppleWebKit/537.36 (KHTML, like Gecko) Chrome/134.0.0.0 Safari/537.36', '106.219.145.196', 0, 2, 'Shivendra Singh', 'info', '2025-03-12 16:59:34', '2025-03-12 16:59:34'),
(118, 2, 'to the system', NULL, 'logged in', 'Mozilla/5.0 (Windows NT 10.0; Win64; x64) AppleWebKit/537.36 (KHTML, like Gecko) Chrome/134.0.0.0 Safari/537.36', '106.219.145.196', 0, 2, 'Shivendra Singh', 'info', '2025-03-12 16:59:34', '2025-03-12 16:59:34'),
(119, 2, 'to the system', NULL, 'logged in', 'Mozilla/5.0 (Windows NT 10.0; Win64; x64) AppleWebKit/537.36 (KHTML, like Gecko) Chrome/134.0.0.0 Safari/537.36', '106.219.148.93', 0, 2, 'Shivendra Singh', 'info', '2025-03-13 13:31:20', '2025-03-13 13:31:20'),
(120, 2, 'to the system', NULL, 'logged in', 'Mozilla/5.0 (Windows NT 10.0; Win64; x64) AppleWebKit/537.36 (KHTML, like Gecko) Chrome/134.0.0.0 Safari/537.36', '106.219.148.93', 0, 2, 'Shivendra Singh', 'info', '2025-03-13 15:34:37', '2025-03-13 15:34:37'),
(121, 2, 'to the system', NULL, 'logged in', 'Mozilla/5.0 (Windows NT 10.0; Win64; x64) AppleWebKit/537.36 (KHTML, like Gecko) Chrome/134.0.0.0 Safari/537.36', '106.219.148.93', 0, 2, 'Shivendra Singh', 'info', '2025-03-17 10:37:16', '2025-03-17 10:37:16'),
(122, 2, 'to the system', NULL, 'logged in', 'Mozilla/5.0 (Windows NT 10.0; Win64; x64) AppleWebKit/537.36 (KHTML, like Gecko) Chrome/134.0.0.0 Safari/537.36', '106.219.148.93', 0, 2, 'Shivendra Singh', 'info', '2025-03-17 17:55:44', '2025-03-17 17:55:44'),
(123, 2, 'to the system', NULL, 'logged in', 'Mozilla/5.0 (Windows NT 10.0; Win64; x64) AppleWebKit/537.36 (KHTML, like Gecko) Chrome/134.0.0.0 Safari/537.36', '106.219.148.93', 0, 2, 'Shivendra Singh', 'info', '2025-03-17 17:55:44', '2025-03-17 17:55:44'),
(124, 2, 'to the system', NULL, 'logged in', 'Mozilla/5.0 (Windows NT 10.0; Win64; x64) AppleWebKit/537.36 (KHTML, like Gecko) Chrome/134.0.0.0 Safari/537.36', '106.219.148.93', 0, 2, 'Shivendra Singh', 'info', '2025-03-18 10:16:20', '2025-03-18 10:16:20'),
(125, 2, 'to the system', NULL, 'logged in', 'Mozilla/5.0 (Windows NT 10.0; Win64; x64) AppleWebKit/537.36 (KHTML, like Gecko) Chrome/134.0.0.0 Safari/537.36', '106.219.148.93', 0, 2, 'Shivendra Singh', 'info', '2025-03-18 15:49:01', '2025-03-18 15:49:01'),
(126, 2, 'to the system', NULL, 'logged in', 'Mozilla/5.0 (Windows NT 10.0; Win64; x64) AppleWebKit/537.36 (KHTML, like Gecko) Chrome/134.0.0.0 Safari/537.36', '106.219.148.93', 0, 2, 'Shivendra Singh', 'info', '2025-03-19 12:17:41', '2025-03-19 12:17:41'),
(127, 2, 'to the system', NULL, 'logged in', 'Mozilla/5.0 (Windows NT 10.0; Win64; x64) AppleWebKit/537.36 (KHTML, like Gecko) Chrome/134.0.0.0 Safari/537.36', '106.219.148.93', 0, 2, 'Shivendra Singh', 'info', '2025-03-19 12:18:10', '2025-03-19 12:18:10'),
(128, 1, 'to the system', NULL, 'logged in', 'Mozilla/5.0 (Macintosh; Intel Mac OS X 10_15_7) AppleWebKit/537.36 (KHTML, like Gecko) Chrome/134.0.0.0 Safari/537.36', '106.219.150.17', 0, 1, 'Abhinay Sethi', 'info', '2025-03-19 15:56:01', '2025-03-19 15:56:01'),
(129, 2, 'to the system', NULL, 'logged in', 'Mozilla/5.0 (Windows NT 10.0; Win64; x64) AppleWebKit/537.36 (KHTML, like Gecko) Chrome/134.0.0.0 Safari/537.36', '106.219.148.93', 0, 2, 'Shivendra Singh', 'info', '2025-03-20 12:46:47', '2025-03-20 12:46:47'),
(130, 2, 'to the system', NULL, 'logged in', 'Mozilla/5.0 (Windows NT 10.0; Win64; x64) AppleWebKit/537.36 (KHTML, like Gecko) Chrome/134.0.0.0 Safari/537.36', '106.219.148.93', 0, 2, 'Shivendra Singh', 'info', '2025-03-20 18:45:56', '2025-03-20 18:45:56'),
(131, 2, 'to the system', NULL, 'logged in', 'Mozilla/5.0 (Windows NT 10.0; Win64; x64) AppleWebKit/537.36 (KHTML, like Gecko) Chrome/134.0.0.0 Safari/537.36', '106.219.151.228', 0, 2, 'Shivendra Singh', 'info', '2025-03-21 14:40:35', '2025-03-21 14:40:35'),
(132, 2, 'to the system', NULL, 'logged in', 'Mozilla/5.0 (Windows NT 10.0; Win64; x64) AppleWebKit/537.36 (KHTML, like Gecko) Chrome/134.0.0.0 Safari/537.36', '106.219.151.228', 0, 2, 'Shivendra Singh', 'info', '2025-03-22 12:21:21', '2025-03-22 12:21:21'),
(133, 2, 'to the system', NULL, 'logged in', 'Mozilla/5.0 (Windows NT 10.0; Win64; x64) AppleWebKit/537.36 (KHTML, like Gecko) Chrome/134.0.0.0 Safari/537.36', '106.219.151.1', 0, 2, 'Shivendra Singh', 'info', '2025-03-24 12:29:32', '2025-03-24 12:29:32'),
(134, 2, 'to the system', NULL, 'logged in', 'Mozilla/5.0 (Windows NT 10.0; Win64; x64) AppleWebKit/537.36 (KHTML, like Gecko) Chrome/134.0.0.0 Safari/537.36', '106.219.151.1', 0, 2, 'Shivendra Singh', 'info', '2025-03-24 18:01:47', '2025-03-24 18:01:47'),
(135, 2, 'to the system', NULL, 'logged in', 'Mozilla/5.0 (Windows NT 10.0; Win64; x64) AppleWebKit/537.36 (KHTML, like Gecko) Chrome/134.0.0.0 Safari/537.36', '106.219.151.1', 0, 2, 'Shivendra Singh', 'info', '2025-03-24 18:19:39', '2025-03-24 18:19:39'),
(136, 2, 'to the system', NULL, 'logged in', 'Mozilla/5.0 (Windows NT 10.0; Win64; x64) AppleWebKit/537.36 (KHTML, like Gecko) Chrome/134.0.0.0 Safari/537.36', '106.219.151.1', 0, 2, 'Shivendra Singh', 'info', '2025-03-25 12:06:05', '2025-03-25 12:06:05'),
(137, 2, 'to the system', NULL, 'logged in', 'Mozilla/5.0 (Windows NT 10.0; Win64; x64) AppleWebKit/537.36 (KHTML, like Gecko) Chrome/134.0.0.0 Safari/537.36', '106.219.151.1', 0, 2, 'Shivendra Singh', 'info', '2025-03-25 12:06:05', '2025-03-25 12:06:05'),
(138, 2, 'property', '{\"name\":\"100 Gaj House for Auction Sale in Gulab Nagar, Agra \\u2013 Just \\u20b918 Lacs\",\"model\":\"Botble\\\\RealEstate\\\\Models\\\\Property\",\"slug\":\"100-gaj-house-for-auction-sale-in-gulab-nagar-agra-just-rs18-lacs\",\"slug_id\":\"0\",\"is_slug_editable\":\"1\",\"type\":\"sale\",\"description\":\"Looking for an affordable home or a great investment opportunity? This 100 Gaj house in Gulab Nagar, Agra, is now available for auction sale at an unbeatable price! \\u2705\\r\\n\\ud83c\\udfe0 Property Highlights:\\r\\n\\u2705 Prime Location \\u2013 Makan No. F-318, Gulab Nagar, Agra\\r\\n\\u2705 Spacious 100 Gaj House \\u2013 Ideal for families & investors\\r\\n\\u2705 Affordable Price \\u2013 Just \\u20b918 Lacs!\",\"is_featured\":\"0\",\"content\":\"<p><img src=\\\"https:\\/\\/auctionstreet.in\\/storage\\/poonam-yadav.png\\\" alt=\\\"poonam yadav\\\" loading=\\\"lazy\\\"><br>&nbsp;<\\/p>\",\"images\":[null],\"country_id\":\"2\",\"state_id\":\"2\",\"city_id\":\"6\",\"location\":\"Makan No. F-318, Gulab Nagar, Agra\",\"latitude\":null,\"longitude\":null,\"number_bedroom\":null,\"number_bathroom\":null,\"number_floor\":null,\"square\":null,\"price\":\"1800000\",\"currency_id\":\"1\",\"period\":\"day\",\"never_expired\":\"1\",\"private_notes\":null,\"auto_renew\":\"0\",\"floor_plans\":\"[]\",\"video\":{\"thumbnail\":null,\"url\":null},\"seo_meta\":{\"seo_title\":null,\"seo_description\":null,\"index\":\"index\"},\"seo_meta_image\":null,\"status\":\"selling\",\"categories\":[\"4\"],\"unique_id\":\"AS1742942446\",\"last_updated\":\"2025-03-25\",\"project_id\":\"0\",\"author_id\":null,\"submitter\":\"save\"}', 'created', 'Mozilla/5.0 (Windows NT 10.0; Win64; x64) AppleWebKit/537.36 (KHTML, like Gecko) Chrome/134.0.0.0 Safari/537.36', '106.219.151.1', 2, 49, '100 Gaj House for Auction Sale in Gulab Nagar, Agra – Just ₹18 Lacs', 'info', '2025-03-25 12:13:45', '2025-03-25 12:13:45'),
(139, 2, 'property', '{\"name\":\"100 Gaj House for Auction Sale in Gulab Nagar, Agra \\u2013 Just \\u20b918 Lacs\",\"model\":\"Botble\\\\RealEstate\\\\Models\\\\Property\",\"slug\":\"100-gaj-house-for-auction-sale-in-gulab-nagar-agra-just-rs18-lacs\",\"slug_id\":\"0\",\"is_slug_editable\":\"1\",\"type\":\"sale\",\"description\":\"Looking for an affordable home or a great investment opportunity? This 100 Gaj house in Gulab Nagar, Agra, is now available for auction sale at an unbeatable price! \\u2705\\r\\n\\ud83c\\udfe0 Property Highlights:\\r\\n\\u2705 Prime Location \\u2013 Makan No. F-318, Gulab Nagar, Agra\\r\\n\\u2705 Spacious 100 Gaj House \\u2013 Ideal for families & investors\\r\\n\\u2705 Affordable Price \\u2013 Just \\u20b918 Lacs!\",\"is_featured\":\"0\",\"content\":\"<p><img src=\\\"https:\\/\\/auctionstreet.in\\/storage\\/poonam-yadav.png\\\" alt=\\\"poonam yadav\\\" loading=\\\"lazy\\\"><br>&nbsp;<\\/p>\",\"images\":[null],\"country_id\":\"2\",\"state_id\":\"2\",\"city_id\":\"6\",\"location\":\"Makan No. F-318, Gulab Nagar, Agra\",\"latitude\":null,\"longitude\":null,\"number_bedroom\":null,\"number_bathroom\":null,\"number_floor\":null,\"square\":null,\"price\":\"1800000\",\"currency_id\":\"1\",\"period\":\"day\",\"never_expired\":\"1\",\"private_notes\":null,\"auto_renew\":\"0\",\"floor_plans\":\"[]\",\"video\":{\"thumbnail\":null,\"url\":null},\"seo_meta\":{\"seo_title\":null,\"seo_description\":null,\"index\":\"index\"},\"seo_meta_image\":null,\"status\":\"selling\",\"categories\":[\"4\"],\"unique_id\":\"AS1742942446\",\"last_updated\":\"2025-03-25\",\"project_id\":\"0\",\"author_id\":null,\"submitter\":\"save\"}', 'created', 'Mozilla/5.0 (Windows NT 10.0; Win64; x64) AppleWebKit/537.36 (KHTML, like Gecko) Chrome/134.0.0.0 Safari/537.36', '106.219.151.1', 2, 49, '100 Gaj House for Auction Sale in Gulab Nagar, Agra – Just ₹18 Lacs', 'info', '2025-03-25 12:13:45', '2025-03-25 12:13:45'),
(140, 2, 'to the system', NULL, 'logged in', 'Mozilla/5.0 (Windows NT 10.0; Win64; x64) AppleWebKit/537.36 (KHTML, like Gecko) Chrome/134.0.0.0 Safari/537.36', '106.219.151.1', 0, 2, 'Shivendra Singh', 'info', '2025-03-25 17:53:36', '2025-03-25 17:53:36'),
(141, 2, 'to the system', NULL, 'logged in', 'Mozilla/5.0 (Windows NT 10.0; Win64; x64) AppleWebKit/537.36 (KHTML, like Gecko) Chrome/134.0.0.0 Safari/537.36', '106.219.151.1', 0, 2, 'Shivendra Singh', 'info', '2025-03-26 12:21:52', '2025-03-26 12:21:52'),
(142, 2, 'to the system', NULL, 'logged in', 'Mozilla/5.0 (Windows NT 10.0; Win64; x64) AppleWebKit/537.36 (KHTML, like Gecko) Chrome/134.0.0.0 Safari/537.36', '106.219.151.1', 0, 2, 'Shivendra Singh', 'info', '2025-03-26 12:56:21', '2025-03-26 12:56:21'),
(143, 2, 'to the system', NULL, 'logged in', 'Mozilla/5.0 (Windows NT 10.0; Win64; x64) AppleWebKit/537.36 (KHTML, like Gecko) Chrome/134.0.0.0 Safari/537.36', '106.219.151.1', 0, 2, 'Shivendra Singh', 'info', '2025-03-26 18:07:05', '2025-03-26 18:07:05'),
(144, 2, 'to the system', NULL, 'logged in', 'Mozilla/5.0 (Windows NT 10.0; Win64; x64) AppleWebKit/537.36 (KHTML, like Gecko) Chrome/134.0.0.0 Safari/537.36', '106.219.151.1', 0, 2, 'Shivendra Singh', 'info', '2025-03-27 11:04:40', '2025-03-27 11:04:40'),
(145, 2, 'to the system', NULL, 'logged in', 'Mozilla/5.0 (Windows NT 10.0; Win64; x64) AppleWebKit/537.36 (KHTML, like Gecko) Chrome/134.0.0.0 Safari/537.36', '106.219.151.1', 0, 2, 'Shivendra Singh', 'info', '2025-03-27 18:49:31', '2025-03-27 18:49:31'),
(146, 2, 'to the system', NULL, 'logged in', 'Mozilla/5.0 (Windows NT 10.0; Win64; x64) AppleWebKit/537.36 (KHTML, like Gecko) Chrome/134.0.0.0 Safari/537.36', '106.219.151.1', 0, 2, 'Shivendra Singh', 'info', '2025-03-27 18:49:51', '2025-03-27 18:49:51'),
(147, 2, 'to the system', NULL, 'logged in', 'Mozilla/5.0 (Windows NT 10.0; Win64; x64) AppleWebKit/537.36 (KHTML, like Gecko) Chrome/134.0.0.0 Safari/537.36', '106.219.151.1', 0, 2, 'Shivendra Singh', 'info', '2025-03-28 10:14:18', '2025-03-28 10:14:18'),
(148, 2, 'to the system', NULL, 'logged in', 'Mozilla/5.0 (Windows NT 10.0; Win64; x64) AppleWebKit/537.36 (KHTML, like Gecko) Chrome/134.0.0.0 Safari/537.36', '106.219.151.1', 0, 2, 'Shivendra Singh', 'info', '2025-03-28 16:40:48', '2025-03-28 16:40:48'),
(149, 2, 'to the system', NULL, 'logged in', 'Mozilla/5.0 (Windows NT 10.0; Win64; x64) AppleWebKit/537.36 (KHTML, like Gecko) Chrome/134.0.0.0 Safari/537.36', '106.219.151.1', 0, 2, 'Shivendra Singh', 'info', '2025-03-28 16:42:04', '2025-03-28 16:42:04'),
(150, 1, 'to the system', NULL, 'logged in', 'Mozilla/5.0 (Macintosh; Intel Mac OS X 10_15_7) AppleWebKit/537.36 (KHTML, like Gecko) Chrome/135.0.0.0 Safari/537.36', '106.219.151.53', 0, 1, 'Abhinay Sethi', 'info', '2025-04-10 04:12:09', '2025-04-10 04:12:09'),
(151, 2, 'to the system', NULL, 'logged in', 'Mozilla/5.0 (Windows NT 10.0; Win64; x64) AppleWebKit/537.36 (KHTML, like Gecko) Chrome/135.0.0.0 Safari/537.36', '106.219.151.204', 0, 2, 'Shivendra Singh', 'info', '2025-04-10 06:18:33', '2025-04-10 06:18:33'),
(152, 2, 'to the system', NULL, 'logged in', 'Mozilla/5.0 (Windows NT 10.0; Win64; x64) AppleWebKit/537.36 (KHTML, like Gecko) Chrome/135.0.0.0 Safari/537.36', '106.219.151.204', 0, 2, 'Shivendra Singh', 'info', '2025-04-10 11:23:02', '2025-04-10 11:23:02'),
(153, 2, 'to the system', NULL, 'logged in', 'Mozilla/5.0 (Windows NT 10.0; Win64; x64) AppleWebKit/537.36 (KHTML, like Gecko) Chrome/135.0.0.0 Safari/537.36', '106.219.151.204', 0, 2, 'Shivendra Singh', 'info', '2025-04-11 13:12:12', '2025-04-11 13:12:12'),
(154, 2, 'to the system', NULL, 'logged in', 'Mozilla/5.0 (Windows NT 10.0; Win64; x64) AppleWebKit/537.36 (KHTML, like Gecko) Chrome/135.0.0.0 Safari/537.36', '106.219.151.204', 0, 2, 'Shivendra Singh', 'info', '2025-04-12 12:29:15', '2025-04-12 12:29:15'),
(155, 2, 'to the system', NULL, 'logged in', 'Mozilla/5.0 (Windows NT 10.0; Win64; x64) AppleWebKit/537.36 (KHTML, like Gecko) Chrome/135.0.0.0 Safari/537.36', '106.219.147.55', 0, 2, 'Shivendra Singh', 'info', '2025-04-14 04:21:35', '2025-04-14 04:21:35'),
(156, 2, 'to the system', NULL, 'logged in', 'Mozilla/5.0 (Windows NT 10.0; Win64; x64) AppleWebKit/537.36 (KHTML, like Gecko) Chrome/135.0.0.0 Safari/537.36', '106.219.147.190', 0, 2, 'Shivendra Singh', 'info', '2025-04-14 09:06:43', '2025-04-14 09:06:43'),
(157, 2, 'to the system', NULL, 'logged in', 'Mozilla/5.0 (Windows NT 10.0; Win64; x64) AppleWebKit/537.36 (KHTML, like Gecko) Chrome/135.0.0.0 Safari/537.36', '106.219.148.82', 0, 2, 'Shivendra Singh', 'info', '2025-04-14 13:03:49', '2025-04-14 13:03:49'),
(158, 2, 'to the system', NULL, 'logged in', 'Mozilla/5.0 (Windows NT 10.0; Win64; x64) AppleWebKit/537.36 (KHTML, like Gecko) Chrome/135.0.0.0 Safari/537.36', '106.219.146.117', 0, 2, 'Shivendra Singh', 'info', '2025-04-16 12:11:52', '2025-04-16 12:11:52'),
(159, 2, 'to the system', NULL, 'logged in', 'Mozilla/5.0 (Windows NT 10.0; Win64; x64) AppleWebKit/537.36 (KHTML, like Gecko) Chrome/135.0.0.0 Safari/537.36', '106.219.145.154', 0, 2, 'Shivendra Singh', 'info', '2025-04-17 08:05:20', '2025-04-17 08:05:20'),
(160, 2, 'to the system', NULL, 'logged in', 'Mozilla/5.0 (Windows NT 10.0; Win64; x64) AppleWebKit/537.36 (KHTML, like Gecko) Chrome/135.0.0.0 Safari/537.36', '106.219.150.168', 0, 2, 'Shivendra Singh', 'info', '2025-04-18 04:33:06', '2025-04-18 04:33:06'),
(161, 2, 'to the system', NULL, 'logged in', 'Mozilla/5.0 (Windows NT 10.0; Win64; x64) AppleWebKit/537.36 (KHTML, like Gecko) Chrome/135.0.0.0 Safari/537.36', '106.219.150.8', 0, 2, 'Shivendra Singh', 'info', '2025-04-21 05:56:40', '2025-04-21 05:56:40'),
(162, 2, 'to the system', NULL, 'logged in', 'Mozilla/5.0 (Windows NT 10.0; Win64; x64) AppleWebKit/537.36 (KHTML, like Gecko) Chrome/135.0.0.0 Safari/537.36', '106.219.150.8', 0, 2, 'Shivendra Singh', 'info', '2025-04-21 11:18:53', '2025-04-21 11:18:53'),
(163, 2, 'to the system', NULL, 'logged in', 'Mozilla/5.0 (Windows NT 10.0; Win64; x64) AppleWebKit/537.36 (KHTML, like Gecko) Chrome/135.0.0.0 Safari/537.36', '106.219.150.8', 0, 2, 'Shivendra Singh', 'info', '2025-04-22 04:39:29', '2025-04-22 04:39:29'),
(164, 2, 'to the system', NULL, 'logged in', 'Mozilla/5.0 (Windows NT 10.0; Win64; x64) AppleWebKit/537.36 (KHTML, like Gecko) Chrome/135.0.0.0 Safari/537.36', '106.219.150.8', 0, 2, 'Shivendra Singh', 'info', '2025-04-22 13:04:52', '2025-04-22 13:04:52'),
(165, 2, 'to the system', NULL, 'logged in', 'Mozilla/5.0 (Windows NT 10.0; Win64; x64) AppleWebKit/537.36 (KHTML, like Gecko) Chrome/135.0.0.0 Safari/537.36', '106.219.151.244', 0, 2, 'Shivendra Singh', 'info', '2025-04-28 06:27:58', '2025-04-28 06:27:58'),
(166, 2, 'to the system', NULL, 'logged in', 'Mozilla/5.0 (Windows NT 10.0; Win64; x64) AppleWebKit/537.36 (KHTML, like Gecko) Chrome/135.0.0.0 Safari/537.36', '106.219.151.244', 0, 2, 'Shivendra Singh', 'info', '2025-04-29 12:30:09', '2025-04-29 12:30:09'),
(167, 2, 'to the system', NULL, 'logged in', 'Mozilla/5.0 (Windows NT 10.0; Win64; x64) AppleWebKit/537.36 (KHTML, like Gecko) Chrome/135.0.0.0 Safari/537.36', '106.219.151.244', 0, 2, 'Shivendra Singh', 'info', '2025-04-30 04:21:07', '2025-04-30 04:21:07'),
(168, 2, 'to the system', NULL, 'logged in', 'Mozilla/5.0 (Windows NT 10.0; Win64; x64) AppleWebKit/537.36 (KHTML, like Gecko) Chrome/135.0.0.0 Safari/537.36', '106.219.151.244', 0, 2, 'Shivendra Singh', 'info', '2025-04-30 04:21:07', '2025-04-30 04:21:07'),
(169, 2, 'to the system', NULL, 'logged in', 'Mozilla/5.0 (Windows NT 10.0; Win64; x64) AppleWebKit/537.36 (KHTML, like Gecko) Chrome/135.0.0.0 Safari/537.36', '106.219.151.244', 0, 2, 'Shivendra Singh', 'info', '2025-04-30 04:22:09', '2025-04-30 04:22:09'),
(170, 2, 'to the system', NULL, 'logged in', 'Mozilla/5.0 (Windows NT 10.0; Win64; x64) AppleWebKit/537.36 (KHTML, like Gecko) Chrome/135.0.0.0 Safari/537.36', '106.219.151.244', 0, 2, 'Shivendra Singh', 'info', '2025-04-30 10:08:30', '2025-04-30 10:08:30'),
(171, 1, 'to the system', NULL, 'logged in', 'Mozilla/5.0 (Macintosh; Intel Mac OS X 10_15_7) AppleWebKit/537.36 (KHTML, like Gecko) Chrome/135.0.0.0 Safari/537.36', '157.49.68.145', 0, 1, 'Abhinay Sethi', 'info', '2025-05-02 12:42:29', '2025-05-02 12:42:29'),
(172, 1, 'to the system', NULL, 'logged in', 'Mozilla/5.0 (Macintosh; Intel Mac OS X 10_15_7) AppleWebKit/537.36 (KHTML, like Gecko) Chrome/135.0.0.0 Safari/537.36', '157.49.68.145', 0, 1, 'Abhinay Sethi', 'info', '2025-05-02 12:42:31', '2025-05-02 12:42:31');

-- --------------------------------------------------------

--
-- Table structure for table `cache`
--

CREATE TABLE `cache` (
  `key` varchar(191) NOT NULL,
  `value` mediumtext NOT NULL,
  `expiration` int(11) NOT NULL
) ENGINE=InnoDB DEFAULT CHARSET=utf8mb4 COLLATE=utf8mb4_unicode_ci;

-- --------------------------------------------------------

--
-- Table structure for table `cache_locks`
--

CREATE TABLE `cache_locks` (
  `key` varchar(191) NOT NULL,
  `owner` varchar(191) NOT NULL,
  `expiration` int(11) NOT NULL
) ENGINE=InnoDB DEFAULT CHARSET=utf8mb4 COLLATE=utf8mb4_unicode_ci;

-- --------------------------------------------------------

--
-- Table structure for table `careers`
--

CREATE TABLE `careers` (
  `id` int(10) UNSIGNED NOT NULL,
  `name` varchar(120) NOT NULL,
  `location` varchar(255) NOT NULL,
  `salary` varchar(255) NOT NULL,
  `content` text NOT NULL,
  `status` varchar(60) NOT NULL DEFAULT 'published',
  `created_at` timestamp NULL DEFAULT NULL,
  `updated_at` timestamp NULL DEFAULT NULL,
  `description` varchar(400) DEFAULT NULL
) ENGINE=InnoDB DEFAULT CHARSET=utf8mb4 COLLATE=utf8mb4_unicode_ci;

--
-- Dumping data for table `careers`
--

INSERT INTO `careers` (`id`, `name`, `location`, `salary`, `content`, `status`, `created_at`, `updated_at`, `description`) VALUES
(1, 'Sales Manager (Up to 2600$)', 'Ho Chi Minh, Viet Nam', '1300$ - 2600$', '<p><span style=\"font-size:16px;\"><span style=\"font-family:Arial,Helvetica,sans-serif;\"><strong>BENEFITS FOR YOU</strong></span></span></p>\r\n\r\n<p><span style=\"font-size:14px;\"><span style=\"font-family:Arial,Helvetica,sans-serif;\">- Applicants receive a salary from 1300 USD to 2600 USD<br />\r\n- Fully enjoy the regimes according to Vietnam&#39;s Labor Law: Social insurance, health insurance, unemployment insurance<br />\r\n- Trained to improve expertise and capacity in suitable positions.</span></span></p>\r\n\r\n<p>&nbsp;</p>\r\n\r\n<p><span style=\"font-size:16px;\"><span style=\"font-family:Arial,Helvetica,sans-serif;\"><strong>JOB DESCRIPTION</strong></span></span></p>\r\n\r\n<p><span style=\"font-size:14px;\"><span style=\"font-family:Arial,Helvetica,sans-serif;\">- Coordinate with the Investment Department in organizing the collection, analysis, evaluation of market information and submitting proposals for planning the project&#39;s products and investment cooperation plans (if any);<br />\r\n- Acting as a focal point of exploitation and trading with customers, managing trading floors and distributors;<br />\r\n- Checking and approving the selection of sales units, management units for exploitation, operation and investment cooperation;<br />\r\n- Leading the negotiation and management of contracts with customers, sales units, management of exploitation, operation and investment cooperation;<br />\r\n- Prepare and submit a price approval for the sale, lease, and cooperation prices of all real estate projects;<br />\r\n- Develop sales plans, sales policies, support and promotions;<br />\r\n- Coordinate with member companies (Project Management Board) to collect and hand over product records (technical documents, red books, sales contracts ...) to hand over customers;<br />\r\n- Deploy customer support activities;</span></span></p>\r\n\r\n<p>&nbsp;</p>\r\n\r\n<p><span style=\"font-size:16px;\"><span style=\"font-family:Arial,Helvetica,sans-serif;\"><strong>JOB REQUIREMENTS</strong></span></span></p>\r\n\r\n<p><span style=\"font-size:14px;\"><span style=\"font-family:Arial,Helvetica,sans-serif;\">- Preferred age: 30-35<br />\r\n- University degree in Business Administration, Economics, or related industries.<br />\r\n- Over 03 years of experience in assuming the position of Real Estate Business City<br />\r\n- Priority with a certificate of real estate broker, certificate of real estate trading floor management<br />\r\n- Good planning, operating, and control skills<br />\r\n- Good communication, negotiation and problem-solving skills</span></span></p>', 'published', '2019-11-30 19:43:10', '2019-11-30 19:46:53', NULL),
(3, 'Senior Real Estate Consultant Demo', 'Ho Chi Minh, Viet Nam', 'From 1500$', '<p><span style=\"font-size:16px;\"><span style=\"font-family:Arial,Helvetica,sans-serif;\"><strong>BENEFITS FOR YOU</strong></span></span></p>\r\n\r\n<p><span style=\"font-size:14px;\"><span style=\"font-family:Arial,Helvetica,sans-serif;\">- Basic salary 500$&nbsp;/ month.<br />\r\n- Access to diverse sources of goods and opportunities from reputable investors.<br />\r\n- Retrospective salary policy up to 2400$-7000$&nbsp;/ year.<br />\r\n- Commission of 22-50% and a commission 1000$ / successful transaction in the month.<br />\r\n- Effective bonus 0.6-3% of annual revenue.<br />\r\n- A place to build your personal brand in a standard and different way.<br />\r\n- Attend seminars on real estate every 6 months.<br />\r\n- Participate in the course on negotiation skills (Win - Win), language of sales (Language of Sales), customer mind marketing (SOI), customer conversion from social networks (Go Social)<br />\r\n- Unlimited promotion opportunities.<br />\r\n- Working with professional space and modern open office design.<br />\r\n- Welfare policy, domestic and foreign tourism ...<br />\r\n- Decentralized, democratic, financial transparency, considering brokerage is a business partner.<br />\r\n- Environmentally friendly, is the place where brokers are connected with regular activities</span></span></p>\r\n\r\n<p>&nbsp;</p>\r\n\r\n<p><span style=\"font-size:16px;\"><span style=\"font-family:Arial,Helvetica,sans-serif;\"><strong>JOB DESCRIPTION</strong></span></span></p>\r\n\r\n<p><span style=\"font-size:14px;\"><span style=\"font-family:Arial,Helvetica,sans-serif;\">- Quantity: 30 employees<br />\r\n- Find and exploit potential customers for real estate products valued from 2000 USD / m2 in the high-end and luxury segment;<br />\r\n- Deploying activities to find customers, coordinate with teams to realize sales targets<br />\r\n- Advise customers on information related to products and projects of the Company;</span></span></p>\r\n\r\n<p>&nbsp;</p>\r\n\r\n<p><span style=\"font-size:16px;\"><span style=\"font-family:Arial,Helvetica,sans-serif;\"><strong>JOB REQUIREMENTS</strong></span></span></p>\r\n\r\n<p><span style=\"font-size:14px;\"><span style=\"font-family:Arial,Helvetica,sans-serif;\">- Graduating from college or higher<br />\r\n- Good appearance, male height from 1.68m, female from 1.58m. Age from 22-35 years old<br />\r\n- Priority to candidates who know foreign languages ​​and have 1 year or more experience in the field of real estate, banking and finance.<br />\r\n- Have financial goals, work and life.<br />\r\n- Desire to achieve big goals.<br />\r\n- Diligent, persistent, honest.</span></span></p>', 'published', '2019-11-30 19:52:42', '2021-01-03 17:26:17', NULL);

-- --------------------------------------------------------

--
-- Table structure for table `careers_translations`
--

CREATE TABLE `careers_translations` (
  `lang_code` varchar(191) NOT NULL,
  `careers_id` int(11) NOT NULL,
  `name` varchar(255) DEFAULT NULL,
  `location` varchar(255) DEFAULT NULL,
  `salary` varchar(255) DEFAULT NULL,
  `description` longtext DEFAULT NULL,
  `content` longtext DEFAULT NULL
) ENGINE=InnoDB DEFAULT CHARSET=utf8mb4 COLLATE=utf8mb4_unicode_ci;

-- --------------------------------------------------------

--
-- Table structure for table `categories`
--

CREATE TABLE `categories` (
  `id` int(10) UNSIGNED NOT NULL,
  `name` varchar(120) NOT NULL,
  `parent_id` int(10) UNSIGNED NOT NULL DEFAULT 0,
  `description` varchar(400) DEFAULT NULL,
  `status` varchar(60) NOT NULL DEFAULT 'published',
  `author_id` bigint(20) UNSIGNED DEFAULT NULL,
  `author_type` varchar(191) NOT NULL DEFAULT 'Botble\\ACL\\Models\\User',
  `icon` varchar(60) DEFAULT NULL,
  `order` int(10) UNSIGNED NOT NULL DEFAULT 0,
  `is_featured` tinyint(4) NOT NULL DEFAULT 0,
  `is_default` tinyint(3) UNSIGNED NOT NULL DEFAULT 0,
  `created_at` timestamp NULL DEFAULT NULL,
  `updated_at` timestamp NULL DEFAULT NULL
) ENGINE=InnoDB DEFAULT CHARSET=utf8mb4 COLLATE=utf8mb4_unicode_ci;

--
-- Dumping data for table `categories`
--

INSERT INTO `categories` (`id`, `name`, `parent_id`, `description`, `status`, `author_id`, `author_type`, `icon`, `order`, `is_featured`, `is_default`, `created_at`, `updated_at`) VALUES
(1, 'News', 0, NULL, 'published', 1, 'Botble\\ACL\\Models\\User', NULL, 0, 0, 1, '2019-11-18 02:33:35', '2019-11-18 02:33:35'),
(2, 'House architecture', 0, NULL, 'published', 1, 'Botble\\ACL\\Models\\User', NULL, 0, 0, 0, '2019-11-21 07:49:25', '2019-11-21 07:49:25'),
(3, 'Kiến trúc nhà', 0, NULL, 'published', 1, 'Botble\\ACL\\Models\\User', NULL, 0, 0, 0, '2019-11-21 07:49:35', '2019-11-21 07:49:35'),
(4, 'House design', 0, NULL, 'published', 1, 'Botble\\ACL\\Models\\User', NULL, 0, 0, 0, '2019-11-21 07:50:02', '2019-11-21 07:50:02'),
(5, 'Thiết kế nhà', 0, NULL, 'published', 1, 'Botble\\ACL\\Models\\User', NULL, 0, 0, 0, '2019-11-21 07:50:17', '2019-11-21 07:50:17'),
(6, 'Building materials', 0, NULL, 'published', 1, 'Botble\\ACL\\Models\\User', NULL, 0, 0, 0, '2019-11-21 07:50:36', '2019-11-21 07:50:36'),
(7, 'Vật liệu xây dựng', 0, NULL, 'published', 1, 'Botble\\ACL\\Models\\User', NULL, 0, 0, 0, '2019-11-21 07:50:58', '2019-11-21 07:50:58'),
(8, 'Tin tức', 0, NULL, 'published', 1, 'Botble\\ACL\\Models\\User', NULL, 0, 0, 1, '2019-11-22 01:26:08', '2019-11-22 01:26:08');

-- --------------------------------------------------------

--
-- Table structure for table `categories_translations`
--

CREATE TABLE `categories_translations` (
  `lang_code` varchar(191) NOT NULL,
  `categories_id` int(11) NOT NULL,
  `name` varchar(255) DEFAULT NULL,
  `description` varchar(400) DEFAULT NULL
) ENGINE=InnoDB DEFAULT CHARSET=utf8mb4 COLLATE=utf8mb4_unicode_ci;

-- --------------------------------------------------------

--
-- Table structure for table `cities`
--

CREATE TABLE `cities` (
  `id` int(10) UNSIGNED NOT NULL,
  `name` varchar(120) NOT NULL,
  `state_id` bigint(20) UNSIGNED DEFAULT NULL,
  `country_id` int(10) UNSIGNED NOT NULL,
  `order` tinyint(4) NOT NULL DEFAULT 0,
  `is_default` tinyint(3) UNSIGNED NOT NULL DEFAULT 0,
  `image` varchar(255) DEFAULT NULL,
  `status` varchar(60) NOT NULL DEFAULT 'published',
  `created_at` timestamp NULL DEFAULT NULL,
  `updated_at` timestamp NULL DEFAULT NULL,
  `slug` varchar(120) DEFAULT NULL,
  `record_id` varchar(40) DEFAULT NULL,
  `zip_code` varchar(20) DEFAULT NULL
) ENGINE=InnoDB DEFAULT CHARSET=utf8mb4 COLLATE=utf8mb4_unicode_ci;

--
-- Dumping data for table `cities`
--

INSERT INTO `cities` (`id`, `name`, `state_id`, `country_id`, `order`, `is_default`, `image`, `status`, `created_at`, `updated_at`, `slug`, `record_id`, `zip_code`) VALUES
(1, 'Alhambra', 1, 1, 0, 0, 'cities/location-1.jpg', 'published', '2019-11-18 08:18:42', '2019-12-03 05:55:52', 'alhambra', NULL, NULL),
(2, 'Oakland', 1, 1, 0, 0, 'cities/location-2.jpg', 'published', '2019-11-18 08:23:14', '2019-12-03 05:55:52', 'oakland', NULL, NULL),
(3, 'Bakersfield', 1, 1, 0, 0, 'cities/location-3.jpg', 'published', '2019-11-18 08:26:54', '2019-12-03 05:55:52', 'bakersfield', NULL, NULL),
(4, 'Anaheim', 1, 1, 0, 0, 'cities/location-4.jpg', 'published', '2019-11-18 08:27:57', '2019-12-03 05:55:52', 'anaheim', NULL, NULL),
(5, 'San Francisco', 1, 1, 0, 0, 'cities/location-5.jpg', 'published', '2019-11-18 08:29:18', '2019-12-03 05:55:52', 'san-francisco', NULL, NULL),
(6, 'Agra', 2, 2, 0, 1, NULL, 'published', '2025-03-03 11:23:47', '2025-03-03 11:23:47', 'agra', NULL, NULL),
(7, 'Lucknow', 2, 2, 0, 1, NULL, 'published', '2025-03-03 13:29:23', '2025-03-03 13:29:23', 'lucknow', NULL, NULL);

-- --------------------------------------------------------

--
-- Table structure for table `cities_translations`
--

CREATE TABLE `cities_translations` (
  `lang_code` varchar(191) NOT NULL,
  `cities_id` int(11) NOT NULL,
  `name` varchar(120) DEFAULT NULL,
  `slug` varchar(120) DEFAULT NULL
) ENGINE=InnoDB DEFAULT CHARSET=utf8mb4 COLLATE=utf8mb4_unicode_ci;

-- --------------------------------------------------------

--
-- Table structure for table `contacts`
--

CREATE TABLE `contacts` (
  `id` int(10) UNSIGNED NOT NULL,
  `name` varchar(60) NOT NULL,
  `email` varchar(60) DEFAULT NULL,
  `phone` varchar(60) DEFAULT NULL,
  `address` varchar(120) DEFAULT NULL,
  `subject` varchar(120) DEFAULT NULL,
  `content` text NOT NULL,
  `custom_fields` text DEFAULT NULL,
  `status` varchar(60) NOT NULL DEFAULT 'unread',
  `created_at` timestamp NULL DEFAULT NULL,
  `updated_at` timestamp NULL DEFAULT NULL
) ENGINE=InnoDB DEFAULT CHARSET=utf8mb4 COLLATE=utf8mb4_unicode_ci;

-- --------------------------------------------------------

--
-- Table structure for table `contact_custom_fields`
--

CREATE TABLE `contact_custom_fields` (
  `id` bigint(20) UNSIGNED NOT NULL,
  `type` varchar(191) NOT NULL,
  `required` tinyint(1) NOT NULL DEFAULT 0,
  `name` varchar(191) NOT NULL,
  `placeholder` varchar(191) DEFAULT NULL,
  `order` int(11) NOT NULL DEFAULT 999,
  `status` varchar(191) NOT NULL DEFAULT 'published',
  `created_at` timestamp NULL DEFAULT NULL,
  `updated_at` timestamp NULL DEFAULT NULL
) ENGINE=InnoDB DEFAULT CHARSET=utf8mb4 COLLATE=utf8mb4_unicode_ci;

-- --------------------------------------------------------

--
-- Table structure for table `contact_custom_fields_translations`
--

CREATE TABLE `contact_custom_fields_translations` (
  `contact_custom_fields_id` bigint(20) UNSIGNED NOT NULL,
  `lang_code` varchar(191) NOT NULL,
  `name` varchar(191) DEFAULT NULL,
  `placeholder` varchar(191) DEFAULT NULL
) ENGINE=InnoDB DEFAULT CHARSET=utf8mb4 COLLATE=utf8mb4_unicode_ci;

-- --------------------------------------------------------

--
-- Table structure for table `contact_custom_field_options`
--

CREATE TABLE `contact_custom_field_options` (
  `id` bigint(20) UNSIGNED NOT NULL,
  `custom_field_id` bigint(20) UNSIGNED NOT NULL,
  `label` varchar(191) DEFAULT NULL,
  `value` varchar(191) NOT NULL,
  `order` int(11) NOT NULL DEFAULT 999,
  `created_at` timestamp NULL DEFAULT NULL,
  `updated_at` timestamp NULL DEFAULT NULL
) ENGINE=InnoDB DEFAULT CHARSET=utf8mb4 COLLATE=utf8mb4_unicode_ci;

-- --------------------------------------------------------

--
-- Table structure for table `contact_custom_field_options_translations`
--

CREATE TABLE `contact_custom_field_options_translations` (
  `contact_custom_field_options_id` bigint(20) UNSIGNED NOT NULL,
  `lang_code` varchar(191) NOT NULL,
  `label` varchar(191) DEFAULT NULL,
  `value` varchar(191) DEFAULT NULL
) ENGINE=InnoDB DEFAULT CHARSET=utf8mb4 COLLATE=utf8mb4_unicode_ci;

-- --------------------------------------------------------

--
-- Table structure for table `contact_replies`
--

CREATE TABLE `contact_replies` (
  `id` int(10) UNSIGNED NOT NULL,
  `message` text NOT NULL,
  `contact_id` int(11) NOT NULL,
  `created_at` timestamp NULL DEFAULT NULL,
  `updated_at` timestamp NULL DEFAULT NULL
) ENGINE=InnoDB DEFAULT CHARSET=utf8mb4 COLLATE=utf8mb4_unicode_ci;

-- --------------------------------------------------------

--
-- Table structure for table `countries`
--

CREATE TABLE `countries` (
  `id` int(10) UNSIGNED NOT NULL,
  `name` varchar(120) NOT NULL,
  `nationality` varchar(120) DEFAULT NULL,
  `order` tinyint(4) NOT NULL DEFAULT 0,
  `image` varchar(191) DEFAULT NULL,
  `is_default` tinyint(3) UNSIGNED NOT NULL DEFAULT 0,
  `status` varchar(60) NOT NULL DEFAULT 'published',
  `created_at` timestamp NULL DEFAULT NULL,
  `updated_at` timestamp NULL DEFAULT NULL,
  `code` varchar(10) DEFAULT NULL
) ENGINE=InnoDB DEFAULT CHARSET=utf8mb4 COLLATE=utf8mb4_unicode_ci;

--
-- Dumping data for table `countries`
--

INSERT INTO `countries` (`id`, `name`, `nationality`, `order`, `image`, `is_default`, `status`, `created_at`, `updated_at`, `code`) VALUES
(1, 'United States', 'United States of America', 0, NULL, 0, 'published', '2019-11-18 08:17:29', '2019-11-18 08:17:29', NULL),
(2, 'India', '', 0, NULL, 1, 'published', '2025-03-03 11:17:01', '2025-03-03 11:17:01', 'IN');

-- --------------------------------------------------------

--
-- Table structure for table `countries_translations`
--

CREATE TABLE `countries_translations` (
  `lang_code` varchar(191) NOT NULL,
  `countries_id` int(11) NOT NULL,
  `name` varchar(120) DEFAULT NULL,
  `nationality` varchar(120) DEFAULT NULL
) ENGINE=InnoDB DEFAULT CHARSET=utf8mb4 COLLATE=utf8mb4_unicode_ci;

-- --------------------------------------------------------

--
-- Table structure for table `dashboard_widgets`
--

CREATE TABLE `dashboard_widgets` (
  `id` int(10) UNSIGNED NOT NULL,
  `name` varchar(120) NOT NULL,
  `created_at` timestamp NULL DEFAULT NULL,
  `updated_at` timestamp NULL DEFAULT NULL
) ENGINE=InnoDB DEFAULT CHARSET=utf8mb4 COLLATE=utf8mb4_unicode_ci;

--
-- Dumping data for table `dashboard_widgets`
--

INSERT INTO `dashboard_widgets` (`id`, `name`, `created_at`, `updated_at`) VALUES
(1, 'widget_total_pages', '2019-11-15 04:57:40', '2019-11-15 04:57:40'),
(2, 'widget_total_users', '2019-11-15 04:57:40', '2019-11-15 04:57:40'),
(3, 'widget_total_plugins', '2019-11-15 04:57:40', '2019-11-15 04:57:40'),
(4, 'widget_total_themes', '2019-11-15 04:57:40', '2019-11-15 04:57:40'),
(5, 'widget_audit_logs', '2019-11-15 18:54:50', '2019-11-15 18:54:50'),
(6, 'widget_posts_recent', '2019-11-15 18:54:50', '2019-11-15 18:54:50'),
(7, 'widget_analytics_general', '2019-11-15 18:54:50', '2019-11-15 18:54:50'),
(8, 'widget_analytics_page', '2019-11-15 18:54:50', '2019-11-15 18:54:50'),
(9, 'widget_analytics_browser', '2019-11-15 18:54:50', '2019-11-15 18:54:50'),
(10, 'widget_analytics_referrer', '2019-11-15 18:54:50', '2019-11-15 18:54:50'),
(11, 'widget_total_1', '2022-11-05 23:58:22', '2022-11-05 23:58:22'),
(12, 'widget_total_2', '2022-11-05 23:58:22', '2022-11-05 23:58:22'),
(13, 'widget_total_3', '2022-11-05 23:58:22', '2022-11-05 23:58:22'),
(14, 'widget_total_4', '2022-11-05 23:58:22', '2022-11-05 23:58:22');

-- --------------------------------------------------------

--
-- Table structure for table `dashboard_widget_settings`
--

CREATE TABLE `dashboard_widget_settings` (
  `id` int(10) UNSIGNED NOT NULL,
  `settings` text DEFAULT NULL,
  `user_id` int(10) UNSIGNED NOT NULL,
  `widget_id` int(10) UNSIGNED NOT NULL,
  `order` tinyint(3) UNSIGNED NOT NULL DEFAULT 0,
  `status` tinyint(3) UNSIGNED NOT NULL DEFAULT 1,
  `created_at` timestamp NULL DEFAULT NULL,
  `updated_at` timestamp NULL DEFAULT NULL
) ENGINE=InnoDB DEFAULT CHARSET=utf8mb4 COLLATE=utf8mb4_unicode_ci;

--
-- Dumping data for table `dashboard_widget_settings`
--

INSERT INTO `dashboard_widget_settings` (`id`, `settings`, `user_id`, `widget_id`, `order`, `status`, `created_at`, `updated_at`) VALUES
(1, NULL, 1, 7, 0, 1, '2019-11-26 02:40:58', '2019-11-26 02:40:58'),
(2, NULL, 1, 5, 1, 1, '2019-11-26 02:40:58', '2019-11-26 02:40:58'),
(3, NULL, 1, 6, 2, 1, '2019-11-26 02:40:58', '2019-11-26 02:40:58'),
(4, NULL, 1, 8, 3, 1, '2019-11-26 02:40:58', '2019-11-26 02:40:58'),
(5, NULL, 1, 9, 4, 1, '2019-11-26 02:40:58', '2019-11-26 02:40:58'),
(6, NULL, 1, 10, 5, 1, '2019-11-26 02:40:58', '2019-11-26 02:40:58');

-- --------------------------------------------------------

--
-- Table structure for table `failed_jobs`
--

CREATE TABLE `failed_jobs` (
  `id` bigint(20) UNSIGNED NOT NULL,
  `connection` text NOT NULL,
  `queue` text NOT NULL,
  `payload` longtext NOT NULL,
  `exception` longtext NOT NULL,
  `failed_at` timestamp NOT NULL DEFAULT current_timestamp()
) ENGINE=InnoDB DEFAULT CHARSET=utf8mb4 COLLATE=utf8mb4_unicode_ci;

-- --------------------------------------------------------

--
-- Table structure for table `jobs`
--

CREATE TABLE `jobs` (
  `id` bigint(20) UNSIGNED NOT NULL,
  `queue` varchar(191) NOT NULL,
  `payload` longtext NOT NULL,
  `attempts` tinyint(3) UNSIGNED NOT NULL,
  `reserved_at` int(10) UNSIGNED DEFAULT NULL,
  `available_at` int(10) UNSIGNED NOT NULL,
  `created_at` int(10) UNSIGNED NOT NULL
) ENGINE=InnoDB DEFAULT CHARSET=utf8mb4 COLLATE=utf8mb4_unicode_ci;

-- --------------------------------------------------------

--
-- Table structure for table `languages`
--

CREATE TABLE `languages` (
  `lang_id` int(10) UNSIGNED NOT NULL,
  `lang_name` varchar(120) NOT NULL,
  `lang_locale` varchar(20) NOT NULL,
  `lang_code` varchar(20) NOT NULL,
  `lang_flag` varchar(20) DEFAULT NULL,
  `lang_is_default` tinyint(3) UNSIGNED NOT NULL DEFAULT 0,
  `lang_order` int(11) NOT NULL DEFAULT 0,
  `lang_is_rtl` tinyint(3) UNSIGNED NOT NULL DEFAULT 0
) ENGINE=InnoDB DEFAULT CHARSET=utf8mb4 COLLATE=utf8mb4_unicode_ci;

--
-- Dumping data for table `languages`
--

INSERT INTO `languages` (`lang_id`, `lang_name`, `lang_locale`, `lang_code`, `lang_flag`, `lang_is_default`, `lang_order`, `lang_is_rtl`) VALUES
(1, 'English', 'en', 'en_US', 'us', 1, 0, 0);

-- --------------------------------------------------------

--
-- Table structure for table `language_meta`
--

CREATE TABLE `language_meta` (
  `lang_meta_id` int(10) UNSIGNED NOT NULL,
  `reference_id` int(10) UNSIGNED NOT NULL,
  `lang_meta_code` varchar(20) DEFAULT NULL,
  `reference_type` varchar(120) NOT NULL,
  `lang_meta_origin` varchar(32) NOT NULL
) ENGINE=InnoDB DEFAULT CHARSET=utf8mb4 COLLATE=utf8mb4_unicode_ci;

--
-- Dumping data for table `language_meta`
--

INSERT INTO `language_meta` (`lang_meta_id`, `reference_id`, `lang_meta_code`, `reference_type`, `lang_meta_origin`) VALUES
(1, 1, 'en_US', 'Botble\\Menu\\Models\\MenuLocation', 'b8e58315646bdda935b71c0f51ded05c'),
(2, 1, 'en_US', 'Botble\\Menu\\Models\\Menu', 'fc2053c67b50c818d1628f05d7ad206d'),
(3, 2, 'en_US', 'Botble\\Menu\\Models\\Menu', '768922ec0dc14cf75c4e460dc2a7fb02'),
(4, 3, 'en_US', 'Botble\\Menu\\Models\\Menu', '56e1e64dfad05cf0fa3503d32d3958d0'),
(5, 4, 'en_US', 'Botble\\Menu\\Models\\Menu', '2851cee7424a85807fd5ae23a02f0c4d');

-- --------------------------------------------------------

--
-- Table structure for table `media_files`
--

CREATE TABLE `media_files` (
  `id` int(10) UNSIGNED NOT NULL,
  `user_id` int(10) UNSIGNED NOT NULL,
  `name` varchar(255) NOT NULL,
  `alt` varchar(191) DEFAULT NULL,
  `folder_id` int(10) UNSIGNED NOT NULL DEFAULT 0,
  `mime_type` varchar(120) NOT NULL,
  `size` int(11) NOT NULL,
  `url` varchar(255) NOT NULL,
  `options` text DEFAULT NULL,
  `created_at` timestamp NULL DEFAULT NULL,
  `updated_at` timestamp NULL DEFAULT NULL,
  `deleted_at` timestamp NULL DEFAULT NULL,
  `visibility` varchar(191) NOT NULL DEFAULT 'public'
) ENGINE=InnoDB DEFAULT CHARSET=utf8mb4 COLLATE=utf8mb4_unicode_ci;

--
-- Dumping data for table `media_files`
--

INSERT INTO `media_files` (`id`, `user_id`, `name`, `alt`, `folder_id`, `mime_type`, `size`, `url`, `options`, `created_at`, `updated_at`, `deleted_at`, `visibility`) VALUES
(22702, 0, 'avatar', 'avatar', 1129, 'image/jpeg', 151486, 'users/avatar.jpg', '[]', '2023-10-25 00:12:49', '2023-10-25 00:12:49', NULL, 'public'),
(56999, 0, 'banner', 'banner', 1, 'image/jpeg', 17700, 'banner/banner.jpg', '[]', '2025-03-02 10:45:01', '2025-03-02 10:45:01', NULL, 'public'),
(57000, 0, 'location-1', 'location-1', 2549, 'image/jpeg', 9803, 'cities/location-1.jpg', '[]', '2025-03-02 10:45:01', '2025-03-02 10:45:01', NULL, 'public'),
(57001, 0, 'location-2', 'location-2', 2549, 'image/jpeg', 9803, 'cities/location-2.jpg', '[]', '2025-03-02 10:45:01', '2025-03-02 10:45:01', NULL, 'public'),
(57002, 0, 'location-3', 'location-3', 2549, 'image/jpeg', 9803, 'cities/location-3.jpg', '[]', '2025-03-02 10:45:01', '2025-03-02 10:45:01', NULL, 'public'),
(57003, 0, 'location-4', 'location-4', 2549, 'image/jpeg', 9803, 'cities/location-4.jpg', '[]', '2025-03-02 10:45:02', '2025-03-02 10:45:02', NULL, 'public'),
(57004, 0, 'location-5', 'location-5', 2549, 'image/jpeg', 9803, 'cities/location-5.jpg', '[]', '2025-03-02 10:45:02', '2025-03-02 10:45:02', NULL, 'public'),
(57005, 0, '1', '1', 2550, 'image/jpeg', 9803, 'locations/1.jpg', '[]', '2025-03-02 10:45:02', '2025-03-02 10:45:02', NULL, 'public'),
(57006, 0, '2', '2', 2550, 'image/jpeg', 9803, 'locations/2.jpg', '[]', '2025-03-02 10:45:02', '2025-03-02 10:45:02', NULL, 'public'),
(57007, 0, '3', '3', 2550, 'image/jpeg', 9803, 'locations/3.jpg', '[]', '2025-03-02 10:45:02', '2025-03-02 10:45:02', NULL, 'public'),
(57008, 0, '4', '4', 2550, 'image/jpeg', 9803, 'locations/4.jpg', '[]', '2025-03-02 10:45:02', '2025-03-02 10:45:02', NULL, 'public'),
(57009, 0, '5', '5', 2550, 'image/jpeg', 9803, 'locations/5.jpg', '[]', '2025-03-02 10:45:02', '2025-03-02 10:45:02', NULL, 'public'),
(57010, 0, 'favicon', 'favicon', 2551, 'image/png', 2392, 'logo/favicon.png', '[]', '2025-03-02 10:45:02', '2025-03-02 10:45:02', NULL, 'public'),
(57011, 0, 'logo-white', 'logo-white', 2551, 'image/png', 20236, 'logo/logo-white.png', '[]', '2025-03-02 10:45:02', '2025-03-02 10:45:02', NULL, 'public'),
(57012, 0, 'logo', 'logo', 2551, 'image/png', 25650, 'logo/logo.png', '[]', '2025-03-02 10:45:02', '2025-03-02 10:45:02', NULL, 'public'),
(57013, 0, '1', '1', 2552, 'image/jpeg', 9803, 'accounts/1.jpg', '[]', '2025-03-02 10:45:03', '2025-03-02 10:45:03', NULL, 'public'),
(57014, 0, '10', '10', 2552, 'image/jpeg', 9803, 'accounts/10.jpg', '[]', '2025-03-02 10:45:03', '2025-03-02 10:45:03', NULL, 'public'),
(57015, 0, '2', '2', 2552, 'image/jpeg', 9803, 'accounts/2.jpg', '[]', '2025-03-02 10:45:03', '2025-03-02 10:45:03', NULL, 'public'),
(57016, 0, '3', '3', 2552, 'image/jpeg', 9803, 'accounts/3.jpg', '[]', '2025-03-02 10:45:03', '2025-03-02 10:45:03', NULL, 'public'),
(57017, 0, '4', '4', 2552, 'image/jpeg', 9803, 'accounts/4.jpg', '[]', '2025-03-02 10:45:03', '2025-03-02 10:45:03', NULL, 'public'),
(57018, 0, '5', '5', 2552, 'image/jpeg', 9803, 'accounts/5.jpg', '[]', '2025-03-02 10:45:03', '2025-03-02 10:45:03', NULL, 'public'),
(57019, 0, '6', '6', 2552, 'image/jpeg', 9803, 'accounts/6.jpg', '[]', '2025-03-02 10:45:03', '2025-03-02 10:45:03', NULL, 'public'),
(57020, 0, '7', '7', 2552, 'image/jpeg', 9803, 'accounts/7.jpg', '[]', '2025-03-02 10:45:04', '2025-03-02 10:45:04', NULL, 'public'),
(57021, 0, '8', '8', 2552, 'image/jpeg', 9803, 'accounts/8.jpg', '[]', '2025-03-02 10:45:04', '2025-03-02 10:45:04', NULL, 'public'),
(57022, 0, '9', '9', 2552, 'image/jpeg', 9803, 'accounts/9.jpg', '[]', '2025-03-02 10:45:04', '2025-03-02 10:45:04', NULL, 'public'),
(57023, 0, 'asset-3-at-3x', 'asset-3-at-3x', 2553, 'image/png', 76803, 'general/asset-3-at-3x.png', '[]', '2025-03-02 10:45:07', '2025-03-02 10:45:07', NULL, 'public'),
(57024, 0, 'asset-4-at-3x', 'asset-4-at-3x', 2553, 'image/png', 85535, 'general/asset-4-at-3x.png', '[]', '2025-03-02 10:45:07', '2025-03-02 10:45:07', NULL, 'public'),
(57025, 0, 'breadcrumb-background', 'breadcrumb-background', 2553, 'image/jpeg', 505901, 'general/breadcrumb-background.jpg', '[]', '2025-03-02 10:45:07', '2025-03-02 10:45:07', NULL, 'public'),
(57026, 0, 'copyright', 'copyright', 2553, 'image/jpeg', 48845, 'general/copyright.jpg', '[]', '2025-03-02 10:45:08', '2025-03-02 10:45:08', NULL, 'public'),
(57027, 0, 'home-banner', 'home-banner', 2553, 'image/jpeg', 631290, 'general/home-banner.jpg', '[]', '2025-03-02 10:45:08', '2025-03-02 10:45:08', NULL, 'public'),
(57028, 0, 'newsletter-image', 'newsletter-image', 2553, 'image/jpeg', 101293, 'general/newsletter-image.jpg', '[]', '2025-03-02 10:45:08', '2025-03-02 10:45:08', NULL, 'public'),
(57029, 0, 'termsconditions-pagedesktop', 'termsconditions-pagedesktop', 2553, 'image/jpeg', 78173, 'general/termsconditions-pagedesktop.jpg', '[]', '2025-03-02 10:45:08', '2025-03-02 10:45:08', NULL, 'public'),
(57030, 0, 'video-vi-pham-ban-quyen-bi-youtube-thang-tay-trung-tri', 'video-vi-pham-ban-quyen-bi-youtube-thang-tay-trung-tri', 2553, 'image/jpeg', 18757, 'general/video-vi-pham-ban-quyen-bi-youtube-thang-tay-trung-tri.jpg', '[]', '2025-03-02 10:45:08', '2025-03-02 10:45:08', NULL, 'public'),
(57031, 0, 'vietnam-office-4', 'vietnam-office-4', 2553, 'image/jpeg', 79608, 'general/vietnam-office-4.jpg', '[]', '2025-03-02 10:45:08', '2025-03-02 10:45:08', NULL, 'public'),
(57032, 0, '1', '1', 2554, 'image/jpeg', 66981, 'news/1.jpg', '[]', '2025-03-02 10:45:08', '2025-03-02 10:45:08', NULL, 'public'),
(57033, 0, '10', '10', 2554, 'image/jpeg', 38901, 'news/10.jpg', '[]', '2025-03-02 10:45:09', '2025-03-02 10:45:09', NULL, 'public'),
(57034, 0, '11', '11', 2554, 'image/jpeg', 51899, 'news/11.jpg', '[]', '2025-03-02 10:45:09', '2025-03-02 10:45:09', NULL, 'public'),
(57035, 0, '12', '12', 2554, 'image/jpeg', 55570, 'news/12.jpg', '[]', '2025-03-02 10:45:09', '2025-03-02 10:45:09', NULL, 'public'),
(57036, 0, '13', '13', 2554, 'image/jpeg', 82997, 'news/13.jpg', '[]', '2025-03-02 10:45:09', '2025-03-02 10:45:09', NULL, 'public'),
(57037, 0, '14', '14', 2554, 'image/jpeg', 66981, 'news/14.jpg', '[]', '2025-03-02 10:45:09', '2025-03-02 10:45:09', NULL, 'public'),
(57038, 0, '15', '15', 2554, 'image/jpeg', 111464, 'news/15.jpg', '[]', '2025-03-02 10:45:09', '2025-03-02 10:45:09', NULL, 'public'),
(57039, 0, '16', '16', 2554, 'image/jpeg', 379750, 'news/16.jpg', '[]', '2025-03-02 10:45:09', '2025-03-02 10:45:09', NULL, 'public'),
(57040, 0, '2', '2', 2554, 'image/jpeg', 51879, 'news/2.jpg', '[]', '2025-03-02 10:45:09', '2025-03-02 10:45:09', NULL, 'public'),
(57041, 0, '3', '3', 2554, 'image/jpeg', 127122, 'news/3.jpg', '[]', '2025-03-02 10:45:09', '2025-03-02 10:45:09', NULL, 'public'),
(57042, 0, '4', '4', 2554, 'image/jpeg', 173868, 'news/4.jpg', '[]', '2025-03-02 10:45:10', '2025-03-02 10:45:10', NULL, 'public'),
(57043, 0, '5', '5', 2554, 'image/jpeg', 38901, 'news/5.jpg', '[]', '2025-03-02 10:45:10', '2025-03-02 10:45:10', NULL, 'public'),
(57044, 0, '6', '6', 2554, 'image/jpeg', 224569, 'news/6.jpg', '[]', '2025-03-02 10:45:10', '2025-03-02 10:45:10', NULL, 'public'),
(57045, 0, '7', '7', 2554, 'image/jpeg', 177684, 'news/7.jpg', '[]', '2025-03-02 10:45:10', '2025-03-02 10:45:10', NULL, 'public'),
(57046, 0, '8', '8', 2554, 'image/jpeg', 111710, 'news/8.jpg', '[]', '2025-03-02 10:45:10', '2025-03-02 10:45:10', NULL, 'public'),
(57047, 0, '9', '9', 2554, 'image/jpeg', 143678, 'news/9.jpg', '[]', '2025-03-02 10:45:10', '2025-03-02 10:45:10', NULL, 'public'),
(57048, 0, '1', '1', 2555, 'image/jpeg', 66981, 'posts/1.jpg', '[]', '2025-03-02 10:45:10', '2025-03-02 10:45:10', NULL, 'public'),
(57049, 0, '10', '10', 2555, 'image/jpeg', 38901, 'posts/10.jpg', '[]', '2025-03-02 10:45:10', '2025-03-02 10:45:10', NULL, 'public'),
(57050, 0, '11', '11', 2555, 'image/jpeg', 51899, 'posts/11.jpg', '[]', '2025-03-02 10:45:10', '2025-03-02 10:45:10', NULL, 'public'),
(57051, 0, '12', '12', 2555, 'image/jpeg', 55570, 'posts/12.jpg', '[]', '2025-03-02 10:45:10', '2025-03-02 10:45:10', NULL, 'public'),
(57052, 0, '13', '13', 2555, 'image/jpeg', 82997, 'posts/13.jpg', '[]', '2025-03-02 10:45:10', '2025-03-02 10:45:10', NULL, 'public'),
(57053, 0, '14', '14', 2555, 'image/jpeg', 66981, 'posts/14.jpg', '[]', '2025-03-02 10:45:11', '2025-03-02 10:45:11', NULL, 'public'),
(57054, 0, '15', '15', 2555, 'image/jpeg', 111464, 'posts/15.jpg', '[]', '2025-03-02 10:45:11', '2025-03-02 10:45:11', NULL, 'public'),
(57055, 0, '16', '16', 2555, 'image/jpeg', 379750, 'posts/16.jpg', '[]', '2025-03-02 10:45:11', '2025-03-02 10:45:11', NULL, 'public'),
(57056, 0, '2', '2', 2555, 'image/jpeg', 51879, 'posts/2.jpg', '[]', '2025-03-02 10:45:11', '2025-03-02 10:45:11', NULL, 'public'),
(57057, 0, '3', '3', 2555, 'image/jpeg', 127122, 'posts/3.jpg', '[]', '2025-03-02 10:45:11', '2025-03-02 10:45:11', NULL, 'public'),
(57058, 0, '4', '4', 2555, 'image/jpeg', 173868, 'posts/4.jpg', '[]', '2025-03-02 10:45:11', '2025-03-02 10:45:11', NULL, 'public'),
(57059, 0, '6', '6', 2555, 'image/jpeg', 224569, 'posts/6.jpg', '[]', '2025-03-02 10:45:11', '2025-03-02 10:45:11', NULL, 'public'),
(57060, 0, '7', '7', 2555, 'image/jpeg', 177684, 'posts/7.jpg', '[]', '2025-03-02 10:45:11', '2025-03-02 10:45:11', NULL, 'public'),
(57061, 0, '8', '8', 2555, 'image/jpeg', 111710, 'posts/8.jpg', '[]', '2025-03-02 10:45:11', '2025-03-02 10:45:11', NULL, 'public'),
(57062, 0, '9', '9', 2555, 'image/jpeg', 143678, 'posts/9.jpg', '[]', '2025-03-02 10:45:12', '2025-03-02 10:45:12', NULL, 'public'),
(57063, 0, '1', '1', 2556, 'image/jpeg', 9803, 'projects/1.jpg', '[]', '2025-03-02 10:45:12', '2025-03-02 10:45:12', NULL, 'public'),
(57064, 0, '11', '11', 2556, 'image/jpeg', 9803, 'projects/11.jpg', '[]', '2025-03-02 10:45:12', '2025-03-02 10:45:12', NULL, 'public'),
(57065, 0, '12', '12', 2556, 'image/jpeg', 9803, 'projects/12.jpg', '[]', '2025-03-02 10:45:12', '2025-03-02 10:45:12', NULL, 'public'),
(57066, 0, '13', '13', 2556, 'image/jpeg', 9803, 'projects/13.jpg', '[]', '2025-03-02 10:45:12', '2025-03-02 10:45:12', NULL, 'public'),
(57067, 0, '14', '14', 2556, 'image/jpeg', 9803, 'projects/14.jpg', '[]', '2025-03-02 10:45:12', '2025-03-02 10:45:12', NULL, 'public'),
(57068, 0, '2', '2', 2556, 'image/jpeg', 9803, 'projects/2.jpg', '[]', '2025-03-02 10:45:12', '2025-03-02 10:45:12', NULL, 'public'),
(57069, 0, '21', '21', 2556, 'image/jpeg', 9803, 'projects/21.jpg', '[]', '2025-03-02 10:45:12', '2025-03-02 10:45:12', NULL, 'public'),
(57070, 0, '22', '22', 2556, 'image/jpeg', 9803, 'projects/22.jpg', '[]', '2025-03-02 10:45:12', '2025-03-02 10:45:12', NULL, 'public'),
(57071, 0, '23', '23', 2556, 'image/jpeg', 9803, 'projects/23.jpg', '[]', '2025-03-02 10:45:13', '2025-03-02 10:45:13', NULL, 'public'),
(57072, 0, '24', '24', 2556, 'image/jpeg', 9803, 'projects/24.jpg', '[]', '2025-03-02 10:45:13', '2025-03-02 10:45:13', NULL, 'public'),
(57073, 0, '25', '25', 2556, 'image/jpeg', 9803, 'projects/25.jpg', '[]', '2025-03-02 10:45:13', '2025-03-02 10:45:13', NULL, 'public'),
(57074, 0, '26', '26', 2556, 'image/jpeg', 9803, 'projects/26.jpg', '[]', '2025-03-02 10:45:13', '2025-03-02 10:45:13', NULL, 'public'),
(57075, 0, '3', '3', 2556, 'image/jpeg', 9803, 'projects/3.jpg', '[]', '2025-03-02 10:45:13', '2025-03-02 10:45:13', NULL, 'public'),
(57076, 0, '5', '5', 2556, 'image/jpeg', 9803, 'projects/5.jpg', '[]', '2025-03-02 10:45:13', '2025-03-02 10:45:13', NULL, 'public'),
(57077, 0, '1-1', '1-1', 2557, 'image/jpeg', 9803, 'properties/1-1.jpg', '[]', '2025-03-02 10:45:13', '2025-03-02 10:45:13', NULL, 'public'),
(57078, 0, '1-2', '1-2', 2557, 'image/jpeg', 9803, 'properties/1-2.jpg', '[]', '2025-03-02 10:45:13', '2025-03-02 10:45:13', NULL, 'public'),
(57079, 0, '1-3', '1-3', 2557, 'image/jpeg', 9803, 'properties/1-3.jpg', '[]', '2025-03-02 10:45:13', '2025-03-02 10:45:13', NULL, 'public'),
(57080, 0, '1', '1', 2557, 'image/jpeg', 9803, 'properties/1.jpg', '[]', '2025-03-02 10:45:13', '2025-03-02 10:45:13', NULL, 'public'),
(57081, 0, '10-1', '10-1', 2557, 'image/jpeg', 9803, 'properties/10-1.jpg', '[]', '2025-03-02 10:45:13', '2025-03-02 10:45:13', NULL, 'public'),
(57082, 0, '10', '10', 2557, 'image/jpeg', 9803, 'properties/10.jpg', '[]', '2025-03-02 10:45:14', '2025-03-02 10:45:14', NULL, 'public'),
(57083, 0, '11-1', '11-1', 2557, 'image/jpeg', 9803, 'properties/11-1.jpg', '[]', '2025-03-02 10:45:14', '2025-03-02 10:45:14', NULL, 'public'),
(57084, 0, '11', '11', 2557, 'image/jpeg', 9803, 'properties/11.jpg', '[]', '2025-03-02 10:45:14', '2025-03-02 10:45:14', NULL, 'public'),
(57085, 0, '12', '12', 2557, 'image/jpeg', 9803, 'properties/12.jpg', '[]', '2025-03-02 10:45:14', '2025-03-02 10:45:14', NULL, 'public'),
(57086, 0, '13', '13', 2557, 'image/jpeg', 9803, 'properties/13.jpg', '[]', '2025-03-02 10:45:14', '2025-03-02 10:45:14', NULL, 'public'),
(57087, 0, '14', '14', 2557, 'image/jpeg', 9803, 'properties/14.jpg', '[]', '2025-03-02 10:45:14', '2025-03-02 10:45:14', NULL, 'public'),
(57088, 0, '15', '15', 2557, 'image/jpeg', 9803, 'properties/15.jpg', '[]', '2025-03-02 10:45:14', '2025-03-02 10:45:14', NULL, 'public'),
(57089, 0, '2-1', '2-1', 2557, 'image/jpeg', 9803, 'properties/2-1.jpg', '[]', '2025-03-02 10:45:14', '2025-03-02 10:45:14', NULL, 'public'),
(57090, 0, '2-2', '2-2', 2557, 'image/jpeg', 9803, 'properties/2-2.jpg', '[]', '2025-03-02 10:45:14', '2025-03-02 10:45:14', NULL, 'public'),
(57091, 0, '2-3', '2-3', 2557, 'image/jpeg', 9803, 'properties/2-3.jpg', '[]', '2025-03-02 10:45:14', '2025-03-02 10:45:14', NULL, 'public'),
(57092, 0, '2', '2', 2557, 'image/jpeg', 9803, 'properties/2.jpg', '[]', '2025-03-02 10:45:14', '2025-03-02 10:45:14', NULL, 'public'),
(57093, 0, '21', '21', 2557, 'image/jpeg', 9803, 'properties/21.jpg', '[]', '2025-03-02 10:45:14', '2025-03-02 10:45:14', NULL, 'public'),
(57094, 0, '22-1', '22-1', 2557, 'image/jpeg', 9803, 'properties/22-1.jpg', '[]', '2025-03-02 10:45:15', '2025-03-02 10:45:15', NULL, 'public'),
(57095, 0, '22', '22', 2557, 'image/jpeg', 9803, 'properties/22.jpg', '[]', '2025-03-02 10:45:15', '2025-03-02 10:45:15', NULL, 'public'),
(57096, 0, '23', '23', 2557, 'image/jpeg', 9803, 'properties/23.jpg', '[]', '2025-03-02 10:45:15', '2025-03-02 10:45:15', NULL, 'public'),
(57097, 0, '24-1', '24-1', 2557, 'image/jpeg', 9803, 'properties/24-1.jpg', '[]', '2025-03-02 10:45:15', '2025-03-02 10:45:15', NULL, 'public'),
(57098, 0, '24', '24', 2557, 'image/jpeg', 9803, 'properties/24.jpg', '[]', '2025-03-02 10:45:15', '2025-03-02 10:45:15', NULL, 'public'),
(57099, 0, '3-1', '3-1', 2557, 'image/jpeg', 9803, 'properties/3-1.jpg', '[]', '2025-03-02 10:45:15', '2025-03-02 10:45:15', NULL, 'public'),
(57100, 0, '3-2', '3-2', 2557, 'image/jpeg', 9803, 'properties/3-2.jpg', '[]', '2025-03-02 10:45:15', '2025-03-02 10:45:15', NULL, 'public'),
(57101, 0, '3-3', '3-3', 2557, 'image/jpeg', 9803, 'properties/3-3.jpg', '[]', '2025-03-02 10:45:15', '2025-03-02 10:45:15', NULL, 'public'),
(57102, 0, '3', '3', 2557, 'image/jpeg', 9803, 'properties/3.jpg', '[]', '2025-03-02 10:45:15', '2025-03-02 10:45:15', NULL, 'public'),
(57103, 0, '31', '31', 2557, 'image/jpeg', 9803, 'properties/31.jpg', '[]', '2025-03-02 10:45:15', '2025-03-02 10:45:15', NULL, 'public'),
(57104, 0, '311', '311', 2557, 'image/jpeg', 9803, 'properties/311.jpg', '[]', '2025-03-02 10:45:15', '2025-03-02 10:45:15', NULL, 'public'),
(57105, 0, '32', '32', 2557, 'image/jpeg', 9803, 'properties/32.jpg', '[]', '2025-03-02 10:45:16', '2025-03-02 10:45:16', NULL, 'public'),
(57106, 0, '32223-43914-378', '32223-43914-378', 2557, 'image/jpeg', 9803, 'properties/32223-43914-378.jpg', '[]', '2025-03-02 10:45:16', '2025-03-02 10:45:16', NULL, 'public'),
(57107, 0, '33', '33', 2557, 'image/jpeg', 9803, 'properties/33.jpg', '[]', '2025-03-02 10:45:16', '2025-03-02 10:45:16', NULL, 'public'),
(57108, 0, '34', '34', 2557, 'image/jpeg', 9803, 'properties/34.jpg', '[]', '2025-03-02 10:45:16', '2025-03-02 10:45:16', NULL, 'public'),
(57109, 0, '35', '35', 2557, 'image/jpeg', 9803, 'properties/35.jpg', '[]', '2025-03-02 10:45:16', '2025-03-02 10:45:16', NULL, 'public'),
(57110, 0, '4-1', '4-1', 2557, 'image/jpeg', 9803, 'properties/4-1.jpg', '[]', '2025-03-02 10:45:16', '2025-03-02 10:45:16', NULL, 'public'),
(57111, 0, '4-2', '4-2', 2557, 'image/jpeg', 9803, 'properties/4-2.jpg', '[]', '2025-03-02 10:45:16', '2025-03-02 10:45:16', NULL, 'public'),
(57112, 0, '4', '4', 2557, 'image/jpeg', 9803, 'properties/4.jpg', '[]', '2025-03-02 10:45:16', '2025-03-02 10:45:16', NULL, 'public'),
(57113, 0, '411', '411', 2557, 'image/jpeg', 9803, 'properties/411.jpg', '[]', '2025-03-02 10:45:16', '2025-03-02 10:45:16', NULL, 'public'),
(57114, 0, '42', '42', 2557, 'image/jpeg', 9803, 'properties/42.jpg', '[]', '2025-03-02 10:45:16', '2025-03-02 10:45:16', NULL, 'public'),
(57115, 0, '421834935dbc9ef3aaa42', '421834935dbc9ef3aaa42', 2557, 'image/jpeg', 9803, 'properties/421834935dbc9ef3aaa42.jpg', '[]', '2025-03-02 10:45:16', '2025-03-02 10:45:16', NULL, 'public'),
(57116, 0, '43', '43', 2557, 'image/jpeg', 9803, 'properties/43.jpg', '[]', '2025-03-02 10:45:16', '2025-03-02 10:45:16', NULL, 'public'),
(57117, 0, '44', '44', 2557, 'image/jpeg', 9803, 'properties/44.jpg', '[]', '2025-03-02 10:45:17', '2025-03-02 10:45:17', NULL, 'public'),
(57118, 0, '5-1', '5-1', 2557, 'image/jpeg', 9803, 'properties/5-1.jpg', '[]', '2025-03-02 10:45:17', '2025-03-02 10:45:17', NULL, 'public'),
(57119, 0, '5-2', '5-2', 2557, 'image/jpeg', 9803, 'properties/5-2.jpg', '[]', '2025-03-02 10:45:17', '2025-03-02 10:45:17', NULL, 'public'),
(57120, 0, '5', '5', 2557, 'image/jpeg', 9803, 'properties/5.jpg', '[]', '2025-03-02 10:45:17', '2025-03-02 10:45:17', NULL, 'public'),
(57121, 0, '6-1', '6-1', 2557, 'image/jpeg', 9803, 'properties/6-1.jpg', '[]', '2025-03-02 10:45:17', '2025-03-02 10:45:17', NULL, 'public'),
(57122, 0, '6-2', '6-2', 2557, 'image/jpeg', 9803, 'properties/6-2.jpg', '[]', '2025-03-02 10:45:17', '2025-03-02 10:45:17', NULL, 'public'),
(57123, 0, '6', '6', 2557, 'image/jpeg', 9803, 'properties/6.jpg', '[]', '2025-03-02 10:45:17', '2025-03-02 10:45:17', NULL, 'public'),
(57124, 0, '7-1', '7-1', 2557, 'image/jpeg', 9803, 'properties/7-1.jpg', '[]', '2025-03-02 10:45:17', '2025-03-02 10:45:17', NULL, 'public'),
(57125, 0, '7-2', '7-2', 2557, 'image/jpeg', 9803, 'properties/7-2.jpg', '[]', '2025-03-02 10:45:17', '2025-03-02 10:45:17', NULL, 'public'),
(57126, 0, '7', '7', 2557, 'image/jpeg', 9803, 'properties/7.jpg', '[]', '2025-03-02 10:45:17', '2025-03-02 10:45:17', NULL, 'public'),
(57127, 0, '71', '71', 2557, 'image/jpeg', 9803, 'properties/71.jpg', '[]', '2025-03-02 10:45:17', '2025-03-02 10:45:17', NULL, 'public'),
(57128, 0, '72', '72', 2557, 'image/jpeg', 9803, 'properties/72.jpg', '[]', '2025-03-02 10:45:18', '2025-03-02 10:45:18', NULL, 'public'),
(57129, 0, '73', '73', 2557, 'image/jpeg', 9803, 'properties/73.jpg', '[]', '2025-03-02 10:45:18', '2025-03-02 10:45:18', NULL, 'public'),
(57130, 0, '74', '74', 2557, 'image/jpeg', 9803, 'properties/74.jpg', '[]', '2025-03-02 10:45:18', '2025-03-02 10:45:18', NULL, 'public'),
(57131, 0, '75', '75', 2557, 'image/jpeg', 9803, 'properties/75.jpg', '[]', '2025-03-02 10:45:18', '2025-03-02 10:45:18', NULL, 'public'),
(57132, 0, '78', '78', 2557, 'image/jpeg', 9803, 'properties/78.jpg', '[]', '2025-03-02 10:45:18', '2025-03-02 10:45:18', NULL, 'public'),
(57133, 0, '79', '79', 2557, 'image/jpeg', 9803, 'properties/79.jpg', '[]', '2025-03-02 10:45:18', '2025-03-02 10:45:18', NULL, 'public'),
(57134, 0, '8-1', '8-1', 2557, 'image/jpeg', 9803, 'properties/8-1.jpg', '[]', '2025-03-02 10:45:18', '2025-03-02 10:45:18', NULL, 'public'),
(57135, 0, '8-2', '8-2', 2557, 'image/jpeg', 9803, 'properties/8-2.jpg', '[]', '2025-03-02 10:45:18', '2025-03-02 10:45:18', NULL, 'public'),
(57136, 0, '8', '8', 2557, 'image/jpeg', 9803, 'properties/8.jpg', '[]', '2025-03-02 10:45:18', '2025-03-02 10:45:18', NULL, 'public'),
(57137, 0, '9-1', '9-1', 2557, 'image/jpeg', 9803, 'properties/9-1.jpg', '[]', '2025-03-02 10:45:18', '2025-03-02 10:45:18', NULL, 'public'),
(57138, 0, '9', '9', 2557, 'image/jpeg', 9803, 'properties/9.jpg', '[]', '2025-03-02 10:45:18', '2025-03-02 10:45:18', NULL, 'public'),
(57139, 0, 'a1-1', 'a1-1', 2557, 'image/jpeg', 9803, 'properties/a1-1.jpg', '[]', '2025-03-02 10:45:18', '2025-03-02 10:45:18', NULL, 'public'),
(57140, 0, 'a1-2', 'a1-2', 2557, 'image/jpeg', 9803, 'properties/a1-2.jpg', '[]', '2025-03-02 10:45:19', '2025-03-02 10:45:19', NULL, 'public'),
(57141, 0, 'a1', 'a1', 2557, 'image/jpeg', 9803, 'properties/a1.jpg', '[]', '2025-03-02 10:45:19', '2025-03-02 10:45:19', NULL, 'public'),
(57142, 0, 'a10', 'a10', 2557, 'image/jpeg', 9803, 'properties/a10.jpg', '[]', '2025-03-02 10:45:19', '2025-03-02 10:45:19', NULL, 'public'),
(57143, 0, 'a2-1', 'a2-1', 2557, 'image/jpeg', 9803, 'properties/a2-1.jpg', '[]', '2025-03-02 10:45:19', '2025-03-02 10:45:19', NULL, 'public'),
(57144, 0, 'a2-2', 'a2-2', 2557, 'image/jpeg', 9803, 'properties/a2-2.jpg', '[]', '2025-03-02 10:45:19', '2025-03-02 10:45:19', NULL, 'public'),
(57145, 0, 'a2', 'a2', 2557, 'image/jpeg', 9803, 'properties/a2.jpg', '[]', '2025-03-02 10:45:19', '2025-03-02 10:45:19', NULL, 'public'),
(57146, 0, 'a3-1', 'a3-1', 2557, 'image/jpeg', 9803, 'properties/a3-1.jpg', '[]', '2025-03-02 10:45:19', '2025-03-02 10:45:19', NULL, 'public'),
(57147, 0, 'a3-2', 'a3-2', 2557, 'image/jpeg', 9803, 'properties/a3-2.jpg', '[]', '2025-03-02 10:45:19', '2025-03-02 10:45:19', NULL, 'public'),
(57148, 0, 'a3', 'a3', 2557, 'image/jpeg', 9803, 'properties/a3.jpg', '[]', '2025-03-02 10:45:19', '2025-03-02 10:45:19', NULL, 'public'),
(57149, 0, 'a4-1', 'a4-1', 2557, 'image/jpeg', 9803, 'properties/a4-1.jpg', '[]', '2025-03-02 10:45:19', '2025-03-02 10:45:19', NULL, 'public'),
(57150, 0, 'a4-2', 'a4-2', 2557, 'image/jpeg', 9803, 'properties/a4-2.jpg', '[]', '2025-03-02 10:45:20', '2025-03-02 10:45:20', NULL, 'public'),
(57151, 0, 'a4', 'a4', 2557, 'image/jpeg', 9803, 'properties/a4.jpg', '[]', '2025-03-02 10:45:20', '2025-03-02 10:45:20', NULL, 'public'),
(57152, 0, 'a5-1', 'a5-1', 2557, 'image/jpeg', 9803, 'properties/a5-1.jpg', '[]', '2025-03-02 10:45:20', '2025-03-02 10:45:20', NULL, 'public'),
(57153, 0, 'a5', 'a5', 2557, 'image/jpeg', 9803, 'properties/a5.jpg', '[]', '2025-03-02 10:45:20', '2025-03-02 10:45:20', NULL, 'public'),
(57154, 0, 'a6-1', 'a6-1', 2557, 'image/jpeg', 9803, 'properties/a6-1.jpg', '[]', '2025-03-02 10:45:20', '2025-03-02 10:45:20', NULL, 'public'),
(57155, 0, 'a6', 'a6', 2557, 'image/jpeg', 9803, 'properties/a6.jpg', '[]', '2025-03-02 10:45:20', '2025-03-02 10:45:20', NULL, 'public'),
(57156, 0, 'a7', 'a7', 2557, 'image/jpeg', 9803, 'properties/a7.jpg', '[]', '2025-03-02 10:45:20', '2025-03-02 10:45:20', NULL, 'public'),
(57157, 0, 'a8', 'a8', 2557, 'image/jpeg', 9803, 'properties/a8.jpg', '[]', '2025-03-02 10:45:20', '2025-03-02 10:45:20', NULL, 'public'),
(57158, 0, 'a9', 'a9', 2557, 'image/jpeg', 9803, 'properties/a9.jpg', '[]', '2025-03-02 10:45:20', '2025-03-02 10:45:20', NULL, 'public'),
(57159, 0, 'b1', 'b1', 2557, 'image/jpeg', 9803, 'properties/b1.jpg', '[]', '2025-03-02 10:45:20', '2025-03-02 10:45:20', NULL, 'public'),
(57160, 0, 'b2', 'b2', 2557, 'image/jpeg', 9803, 'properties/b2.jpg', '[]', '2025-03-02 10:45:20', '2025-03-02 10:45:20', NULL, 'public'),
(57161, 0, 'b3', 'b3', 2557, 'image/jpeg', 9803, 'properties/b3.jpg', '[]', '2025-03-02 10:45:20', '2025-03-02 10:45:20', NULL, 'public'),
(57162, 0, 'b4-1', 'b4-1', 2557, 'image/jpeg', 9803, 'properties/b4-1.jpg', '[]', '2025-03-02 10:45:21', '2025-03-02 10:45:21', NULL, 'public'),
(57163, 0, 'b4', 'b4', 2557, 'image/jpeg', 9803, 'properties/b4.jpg', '[]', '2025-03-02 10:45:21', '2025-03-02 10:45:21', NULL, 'public'),
(57164, 0, 'b5-1', 'b5-1', 2557, 'image/jpeg', 9803, 'properties/b5-1.jpg', '[]', '2025-03-02 10:45:21', '2025-03-02 10:45:21', NULL, 'public'),
(57165, 0, 'b5', 'b5', 2557, 'image/jpeg', 9803, 'properties/b5.jpg', '[]', '2025-03-02 10:45:21', '2025-03-02 10:45:21', NULL, 'public'),
(57166, 0, 'b6', 'b6', 2557, 'image/jpeg', 9803, 'properties/b6.jpg', '[]', '2025-03-02 10:45:21', '2025-03-02 10:45:21', NULL, 'public'),
(57167, 0, 'download', 'download', 2557, 'image/jpeg', 9803, 'properties/download.jpg', '[]', '2025-03-02 10:45:21', '2025-03-02 10:45:21', NULL, 'public'),
(57168, 0, 'e1', 'e1', 2557, 'image/jpeg', 9803, 'properties/e1.jpg', '[]', '2025-03-02 10:45:21', '2025-03-02 10:45:21', NULL, 'public'),
(57169, 0, 'e2', 'e2', 2557, 'image/jpeg', 9803, 'properties/e2.jpg', '[]', '2025-03-02 10:45:21', '2025-03-02 10:45:21', NULL, 'public'),
(57170, 0, 'e3', 'e3', 2557, 'image/jpeg', 9803, 'properties/e3.jpg', '[]', '2025-03-02 10:45:21', '2025-03-02 10:45:21', NULL, 'public'),
(57171, 0, 'e4', 'e4', 2557, 'image/jpeg', 9803, 'properties/e4.jpg', '[]', '2025-03-02 10:45:21', '2025-03-02 10:45:21', NULL, 'public'),
(57172, 0, 'e5', 'e5', 2557, 'image/jpeg', 9803, 'properties/e5.jpg', '[]', '2025-03-02 10:45:21', '2025-03-02 10:45:21', NULL, 'public'),
(57173, 0, 'e7', 'e7', 2557, 'image/jpeg', 9803, 'properties/e7.jpg', '[]', '2025-03-02 10:45:22', '2025-03-02 10:45:22', NULL, 'public'),
(57174, 0, 'e8', 'e8', 2557, 'image/jpeg', 9803, 'properties/e8.jpg', '[]', '2025-03-02 10:45:22', '2025-03-02 10:45:22', NULL, 'public'),
(57175, 0, 'floor', 'floor', 2557, 'image/png', 9803, 'properties/floor.png', '[]', '2025-03-02 10:45:22', '2025-03-02 10:45:22', NULL, 'public'),
(57176, 0, 'p1', 'p1', 2557, 'image/jpeg', 9803, 'properties/p1.jpg', '[]', '2025-03-02 10:45:22', '2025-03-02 10:45:22', NULL, 'public'),
(57177, 0, 'p2', 'p2', 2557, 'image/jpeg', 9803, 'properties/p2.jpg', '[]', '2025-03-02 10:45:22', '2025-03-02 10:45:22', NULL, 'public'),
(57178, 0, 'property-video-thumb', 'property-video-thumb', 2557, 'image/jpeg', 9803, 'properties/property-video-thumb.jpg', '[]', '2025-03-02 10:45:22', '2025-03-02 10:45:22', NULL, 'public'),
(57179, 0, 'q1', 'q1', 2557, 'image/jpeg', 9803, 'properties/q1.jpg', '[]', '2025-03-02 10:45:22', '2025-03-02 10:45:22', NULL, 'public'),
(57180, 0, 'q2', 'q2', 2557, 'image/jpeg', 9803, 'properties/q2.jpg', '[]', '2025-03-02 10:45:22', '2025-03-02 10:45:22', NULL, 'public'),
(57181, 0, 'q3', 'q3', 2557, 'image/jpeg', 9803, 'properties/q3.jpg', '[]', '2025-03-02 10:45:22', '2025-03-02 10:45:22', NULL, 'public'),
(57182, 0, 'q6', 'q6', 2557, 'image/jpeg', 9803, 'properties/q6.jpg', '[]', '2025-03-02 10:45:22', '2025-03-02 10:45:22', NULL, 'public'),
(57183, 0, 'q7', 'q7', 2557, 'image/jpeg', 9803, 'properties/q7.jpg', '[]', '2025-03-02 10:45:22', '2025-03-02 10:45:22', NULL, 'public'),
(57184, 0, 'q8', 'q8', 2557, 'image/jpeg', 9803, 'properties/q8.jpg', '[]', '2025-03-02 10:45:22', '2025-03-02 10:45:22', NULL, 'public'),
(57185, 0, 't1', 't1', 2557, 'image/jpeg', 9803, 'properties/t1.jpg', '[]', '2025-03-02 10:45:23', '2025-03-02 10:45:23', NULL, 'public'),
(57186, 0, 't2', 't2', 2557, 'image/jpeg', 9803, 'properties/t2.jpg', '[]', '2025-03-02 10:45:23', '2025-03-02 10:45:23', NULL, 'public'),
(57187, 0, 't3', 't3', 2557, 'image/jpeg', 9803, 'properties/t3.jpg', '[]', '2025-03-02 10:45:23', '2025-03-02 10:45:23', NULL, 'public'),
(57188, 0, 't4', 't4', 2557, 'image/jpeg', 9803, 'properties/t4.jpg', '[]', '2025-03-02 10:45:23', '2025-03-02 10:45:23', NULL, 'public'),
(57189, 0, 't5', 't5', 2557, 'image/jpeg', 9803, 'properties/t5.jpg', '[]', '2025-03-02 10:45:23', '2025-03-02 10:45:23', NULL, 'public'),
(57190, 0, 'wp1a', 'wp1a', 2557, 'image/jpeg', 9803, 'properties/wp1a.jpg', '[]', '2025-03-02 10:45:23', '2025-03-02 10:45:23', NULL, 'public'),
(57191, 1, 'Screenshot 2025-03-02 at 4.26.34 PM', 'Screenshot 2025-03-02 at 4.26.34 PM', 0, 'image/png', 267942, 'screenshot-2025-03-02-at-42634-pm.png', '[]', '2025-03-02 16:29:01', '2025-03-02 16:29:01', NULL, 'public'),
(57192, 2, 'rj1', 'rj1', 0, 'image/jpeg', 328209, 'rj1.jpg', '[]', '2025-03-03 10:41:12', '2025-03-03 10:41:12', NULL, 'public'),
(57193, 2, 'rahul jain w', 'rahul jain w', 0, 'image/png', 1598105, 'rahul-jain-w.png', '[]', '2025-03-03 11:07:46', '2025-03-03 11:07:46', NULL, 'public'),
(57194, 2, 'rj w', 'rj w', 0, 'application/zip', 6314238, 'rj-w.zip', '[]', '2025-03-03 11:12:50', '2025-03-03 11:12:50', NULL, 'public'),
(57195, 2, 'rjw', 'rjw', 0, 'image/png', 3276544, 'rjw.png', '[]', '2025-03-03 11:15:19', '2025-03-03 11:15:19', NULL, 'public'),
(57196, 2, 'rjw2', 'rjw2', 0, 'image/png', 3042820, 'rjw2.png', '[]', '2025-03-03 11:15:28', '2025-03-03 11:15:28', NULL, 'public'),
(57197, 2, 'shagufta khan lucknow', 'shagufta khan lucknow', 0, 'image/png', 1275127, 'shagufta-khan-lucknow.png', '[]', '2025-03-03 13:31:09', '2025-03-03 13:31:09', NULL, 'public'),
(57198, 2, 'sk', 'sk', 0, 'image/png', 1864197, 'sk.png', '[]', '2025-03-03 13:38:40', '2025-03-03 13:38:40', NULL, 'public'),
(57199, 2, 'sagun saree', 'sagun saree', 0, 'image/png', 793095, 'sagun-saree.png', '[]', '2025-03-03 16:20:40', '2025-03-03 16:20:40', NULL, 'public'),
(57200, 2, 'ss', 'ss', 0, 'image/png', 1223209, 'ss.png', '[]', '2025-03-03 16:26:09', '2025-03-03 16:26:09', NULL, 'public'),
(57201, 2, 'ss1', 'ss1', 0, 'image/png', 1959679, 'ss1.png', '[]', '2025-03-03 16:27:34', '2025-03-03 16:27:34', NULL, 'public'),
(57202, 2, 'khushboo residency', 'khushboo residency', 0, 'image/png', 1690767, 'khushboo-residency.png', '[]', '2025-03-03 17:02:44', '2025-03-03 17:02:44', NULL, 'public'),
(57203, 2, 'khr', 'khr', 0, 'image/png', 1566781, 'khr.png', '[]', '2025-03-03 17:06:29', '2025-03-03 17:06:29', NULL, 'public'),
(57204, 2, 'kh', 'kh', 0, 'image/png', 2285301, 'kh.png', '[]', '2025-03-03 17:08:55', '2025-03-03 17:08:55', NULL, 'public'),
(57205, 2, 'knbn', 'knbn', 0, 'image/png', 1310680, 'knbn.png', '[]', '2025-03-03 17:48:08', '2025-03-03 17:48:08', NULL, 'public'),
(57206, 2, 'kn', 'kn', 0, 'image/png', 1412798, 'kn.png', '[]', '2025-03-03 17:53:21', '2025-03-03 17:53:21', NULL, 'public'),
(57207, 2, 'brijesh', 'brijesh', 0, 'image/png', 1514111, 'brijesh.png', '[]', '2025-03-04 11:59:54', '2025-03-04 11:59:54', NULL, 'public'),
(57208, 2, 'sushil kumar lucknow', 'sushil kumar lucknow', 0, 'image/png', 1435200, 'sushil-kumar-lucknow.png', '[]', '2025-03-04 13:24:41', '2025-03-04 13:24:41', NULL, 'public'),
(57209, 2, 'aashtha mineral water', 'aashtha mineral water', 0, 'image/png', 1210404, 'aashtha-mineral-water.png', '[]', '2025-03-04 16:17:51', '2025-03-04 16:17:51', NULL, 'public'),
(57210, 2, 'new punjab sales', 'new punjab sales', 0, 'image/png', 994719, 'new-punjab-sales.png', '[]', '2025-03-04 17:08:12', '2025-03-04 17:08:12', NULL, 'public'),
(57211, 2, 'dileep kumar', 'dileep kumar', 0, 'image/png', 2104970, 'dileep-kumar.png', '[]', '2025-03-05 11:41:26', '2025-03-05 11:41:26', NULL, 'public'),
(57212, 2, 'shri ram hanuman', 'shri ram hanuman', 0, 'image/png', 1340979, 'shri-ram-hanuman.png', '[]', '2025-03-05 18:38:06', '2025-03-05 18:38:06', NULL, 'public'),
(57213, 2, 'sai aagaan nagla kali website k liye jate huye', 'sai aagaan nagla kali website k liye jate huye', 0, 'image/png', 2096097, 'sai-aagaan-nagla-kali-website-k-liye-jate-huye.png', '[]', '2025-03-06 14:58:04', '2025-03-06 14:58:04', NULL, 'public'),
(57214, 2, 'sg', 'sg', 0, 'image/png', 1533458, 'sg.png', '[]', '2025-03-06 15:09:46', '2025-03-06 15:09:46', NULL, 'public'),
(57215, 2, 'WhatsApp Image 2025-03-04 at 12.39.13 PM', 'WhatsApp Image 2025-03-04 at 12.39.13 PM', 0, 'image/jpeg', 309059, 'whatsapp-image-2025-03-04-at-123913-pm.jpeg', '[]', '2025-03-06 15:22:06', '2025-03-06 15:22:06', NULL, 'public'),
(57216, 2, '100 guz triveni colony near tv tower shamshabad road agra', '100 guz triveni colony near tv tower shamshabad road agra', 0, 'image/png', 1501578, '100-guz-triveni-colony-near-tv-tower-shamshabad-road-agra.png', '[]', '2025-03-06 17:47:34', '2025-03-06 17:47:34', NULL, 'public'),
(57217, 2, '100 guz triveni colony near tv tower shamshabad road agra.png 1', '100 guz triveni colony near tv tower shamshabad road agra.png 1', 0, 'image/png', 1593836, '100-guz-triveni-colony-near-tv-tower-shamshabad-road-agrapng-1.png', '[]', '2025-03-06 17:48:32', '2025-03-06 17:48:32', NULL, 'public'),
(57218, 2, 'gulam ali prateek vihar sikandra', 'gulam ali prateek vihar sikandra', 0, 'image/png', 1905448, 'gulam-ali-prateek-vihar-sikandra.png', '[]', '2025-03-08 14:02:56', '2025-03-08 14:02:56', NULL, 'public'),
(57219, 2, 'poonam yadav', 'poonam yadav', 0, 'image/png', 1709348, 'poonam-yadav.png', '[]', '2025-03-25 12:10:04', '2025-03-25 12:10:04', NULL, 'public');

-- --------------------------------------------------------

--
-- Table structure for table `media_folders`
--

CREATE TABLE `media_folders` (
  `id` int(10) UNSIGNED NOT NULL,
  `user_id` int(10) UNSIGNED NOT NULL,
  `name` varchar(255) DEFAULT NULL,
  `color` varchar(250) DEFAULT NULL,
  `slug` varchar(255) DEFAULT NULL,
  `parent_id` int(11) NOT NULL DEFAULT 0,
  `created_at` timestamp NULL DEFAULT NULL,
  `updated_at` timestamp NULL DEFAULT NULL,
  `deleted_at` timestamp NULL DEFAULT NULL
) ENGINE=InnoDB DEFAULT CHARSET=utf8mb4 COLLATE=utf8mb4_unicode_ci;

--
-- Dumping data for table `media_folders`
--

INSERT INTO `media_folders` (`id`, `user_id`, `name`, `color`, `slug`, `parent_id`, `created_at`, `updated_at`, `deleted_at`) VALUES
(1, 1, 'Banners', NULL, 'banner', 0, '2019-11-16 02:00:43', '2019-11-16 02:00:50', NULL),
(1129, 0, 'users', NULL, 'users', 0, '2023-10-25 00:12:49', '2023-10-25 00:12:49', NULL),
(2549, 0, 'cities', NULL, 'cities', 0, '2025-03-02 10:45:01', '2025-03-02 10:45:01', NULL),
(2550, 0, 'locations', NULL, 'locations', 0, '2025-03-02 10:45:02', '2025-03-02 10:45:02', NULL),
(2551, 0, 'logo', NULL, 'logo', 0, '2025-03-02 10:45:02', '2025-03-02 10:45:02', NULL),
(2552, 0, 'accounts', NULL, 'accounts', 0, '2025-03-02 10:45:03', '2025-03-02 10:45:03', NULL),
(2553, 0, 'general', NULL, 'general', 0, '2025-03-02 10:45:07', '2025-03-02 10:45:07', NULL),
(2554, 0, 'news', NULL, 'news', 0, '2025-03-02 10:45:08', '2025-03-02 10:45:08', NULL),
(2555, 0, 'posts', NULL, 'posts', 0, '2025-03-02 10:45:10', '2025-03-02 10:45:10', NULL),
(2556, 0, 'projects', NULL, 'projects', 0, '2025-03-02 10:45:12', '2025-03-02 10:45:12', NULL),
(2557, 0, 'properties', NULL, 'properties', 0, '2025-03-02 10:45:13', '2025-03-02 10:45:13', NULL);

-- --------------------------------------------------------

--
-- Table structure for table `media_settings`
--

CREATE TABLE `media_settings` (
  `id` int(10) UNSIGNED NOT NULL,
  `key` varchar(120) NOT NULL,
  `value` text DEFAULT NULL,
  `media_id` int(11) DEFAULT NULL,
  `user_id` int(11) DEFAULT NULL,
  `created_at` timestamp NULL DEFAULT NULL,
  `updated_at` timestamp NULL DEFAULT NULL
) ENGINE=InnoDB DEFAULT CHARSET=utf8mb4 COLLATE=utf8mb4_unicode_ci;

-- --------------------------------------------------------

--
-- Table structure for table `menus`
--

CREATE TABLE `menus` (
  `id` int(10) UNSIGNED NOT NULL,
  `name` varchar(120) NOT NULL,
  `slug` varchar(120) DEFAULT NULL,
  `status` varchar(60) NOT NULL DEFAULT 'published',
  `created_at` timestamp NULL DEFAULT NULL,
  `updated_at` timestamp NULL DEFAULT NULL
) ENGINE=InnoDB DEFAULT CHARSET=utf8mb4 COLLATE=utf8mb4_unicode_ci;

--
-- Dumping data for table `menus`
--

INSERT INTO `menus` (`id`, `name`, `slug`, `status`, `created_at`, `updated_at`) VALUES
(1, 'Main menu', 'main-menu', 'published', '2025-03-02 10:45:07', '2025-03-02 10:45:07'),
(2, 'About', 'about', 'published', '2025-03-02 10:45:07', '2025-03-02 10:45:07'),
(3, 'More information', 'more-information', 'published', '2025-03-02 10:45:07', '2025-03-02 10:45:07'),
(4, 'News', 'news', 'published', '2025-03-02 10:45:07', '2025-03-02 10:45:07');

-- --------------------------------------------------------

--
-- Table structure for table `menu_locations`
--

CREATE TABLE `menu_locations` (
  `id` int(10) UNSIGNED NOT NULL,
  `menu_id` int(10) UNSIGNED NOT NULL,
  `location` varchar(191) NOT NULL,
  `created_at` timestamp NULL DEFAULT NULL,
  `updated_at` timestamp NULL DEFAULT NULL
) ENGINE=InnoDB DEFAULT CHARSET=utf8mb4 COLLATE=utf8mb4_unicode_ci;

--
-- Dumping data for table `menu_locations`
--

INSERT INTO `menu_locations` (`id`, `menu_id`, `location`, `created_at`, `updated_at`) VALUES
(1, 1, 'main-menu', '2025-03-02 10:45:07', '2025-03-02 10:45:07');

-- --------------------------------------------------------

--
-- Table structure for table `menu_nodes`
--

CREATE TABLE `menu_nodes` (
  `id` int(10) UNSIGNED NOT NULL,
  `menu_id` int(10) UNSIGNED NOT NULL,
  `parent_id` int(10) UNSIGNED NOT NULL DEFAULT 0,
  `reference_id` int(10) UNSIGNED DEFAULT 0,
  `reference_type` varchar(255) DEFAULT NULL,
  `url` varchar(191) DEFAULT NULL,
  `icon_font` varchar(191) DEFAULT NULL,
  `position` tinyint(3) UNSIGNED NOT NULL DEFAULT 0,
  `title` varchar(191) DEFAULT NULL,
  `css_class` varchar(191) DEFAULT NULL,
  `target` varchar(20) NOT NULL DEFAULT '_self',
  `has_child` tinyint(3) UNSIGNED NOT NULL DEFAULT 0,
  `created_at` timestamp NULL DEFAULT NULL,
  `updated_at` timestamp NULL DEFAULT NULL
) ENGINE=InnoDB DEFAULT CHARSET=utf8mb4 COLLATE=utf8mb4_unicode_ci;

--
-- Dumping data for table `menu_nodes`
--

INSERT INTO `menu_nodes` (`id`, `menu_id`, `parent_id`, `reference_id`, `reference_type`, `url`, `icon_font`, `position`, `title`, `css_class`, `target`, `has_child`, `created_at`, `updated_at`) VALUES
(1, 1, 0, 0, NULL, '/projects', NULL, 0, 'Projects', NULL, '_self', 0, '2025-03-02 10:45:07', '2025-03-02 10:45:07'),
(2, 1, 0, 0, NULL, '/properties', NULL, 0, 'Properties', NULL, '_self', 0, '2025-03-02 10:45:07', '2025-03-02 10:45:07'),
(3, 1, 0, 0, NULL, '/agents', NULL, 0, 'Agents', NULL, '_self', 0, '2025-03-02 10:45:07', '2025-03-02 10:45:07'),
(4, 1, 0, 2, 'Botble\\Page\\Models\\Page', '/news', NULL, 0, 'News', NULL, '_self', 0, '2025-03-02 10:45:07', '2025-03-02 10:45:07'),
(5, 1, 0, 0, NULL, '/careers', NULL, 0, 'Careers', NULL, '_self', 0, '2025-03-02 10:45:07', '2025-03-02 10:45:07'),
(6, 1, 0, 4, 'Botble\\Page\\Models\\Page', '/contact', NULL, 0, 'Contact', NULL, '_self', 0, '2025-03-02 10:45:07', '2025-03-02 10:45:07'),
(7, 2, 0, 3, 'Botble\\Page\\Models\\Page', '/about-us', NULL, 1, 'About us', NULL, '_self', 0, '2025-03-02 10:45:07', '2025-03-02 10:45:07'),
(8, 2, 0, 4, 'Botble\\Page\\Models\\Page', '/contact', NULL, 1, 'Contact us', NULL, '_self', 0, '2025-03-02 10:45:07', '2025-03-02 10:45:07'),
(9, 2, 0, 0, NULL, '/careers', NULL, 1, 'Careers', NULL, '_self', 0, '2025-03-02 10:45:07', '2025-03-02 10:45:07'),
(10, 2, 0, 5, 'Botble\\Page\\Models\\Page', '/terms-conditions', NULL, 1, 'Terms & Conditions', NULL, '_self', 0, '2025-03-02 10:45:07', '2025-03-02 10:45:07'),
(11, 3, 0, 0, NULL, '/projects', NULL, 2, 'All projects', NULL, '_self', 0, '2025-03-02 10:45:07', '2025-03-02 10:45:07'),
(12, 3, 0, 0, NULL, '/properties', NULL, 2, 'All properties', NULL, '_self', 0, '2025-03-02 10:45:07', '2025-03-02 10:45:07'),
(13, 3, 0, 0, NULL, '/properties?type=sale', NULL, 2, 'Houses for sale', NULL, '_self', 0, '2025-03-02 10:45:07', '2025-03-02 10:45:07'),
(14, 3, 0, 0, NULL, '/properties?type=rent', NULL, 2, 'Houses for rent', NULL, '_self', 0, '2025-03-02 10:45:07', '2025-03-02 10:45:07'),
(15, 4, 0, 2, 'Botble\\Page\\Models\\Page', '/news', NULL, 3, 'Latest news', NULL, '_self', 0, '2025-03-02 10:45:07', '2025-03-02 10:45:07'),
(16, 4, 0, 2, 'Botble\\Blog\\Models\\Category', NULL, NULL, 3, 'House architecture', NULL, '_self', 0, '2025-03-02 10:45:07', '2025-03-02 10:45:07'),
(17, 4, 0, 4, 'Botble\\Blog\\Models\\Category', NULL, NULL, 3, 'House design', NULL, '_self', 0, '2025-03-02 10:45:07', '2025-03-02 10:45:07'),
(18, 4, 0, 6, 'Botble\\Blog\\Models\\Category', NULL, NULL, 3, 'Building materials', NULL, '_self', 0, '2025-03-02 10:45:07', '2025-03-02 10:45:07');

-- --------------------------------------------------------

--
-- Table structure for table `meta_boxes`
--

CREATE TABLE `meta_boxes` (
  `id` int(10) UNSIGNED NOT NULL,
  `reference_id` int(10) UNSIGNED NOT NULL,
  `meta_key` varchar(255) NOT NULL,
  `meta_value` text DEFAULT NULL,
  `reference_type` varchar(120) NOT NULL,
  `created_at` timestamp NULL DEFAULT NULL,
  `updated_at` timestamp NULL DEFAULT NULL
) ENGINE=InnoDB DEFAULT CHARSET=utf8mb4 COLLATE=utf8mb4_unicode_ci;

--
-- Dumping data for table `meta_boxes`
--

INSERT INTO `meta_boxes` (`id`, `reference_id`, `meta_key`, `meta_value`, `reference_type`, `created_at`, `updated_at`) VALUES
(1, 1, 'seo_meta', '[{\"seo_title\":null,\"seo_description\":null}]', 'Botble\\RealEstate\\Models\\Property', '2019-11-17 20:34:59', '2019-11-17 20:34:59'),
(2, 2, 'seo_meta', '[{\"seo_title\":null,\"seo_description\":null}]', 'Botble\\RealEstate\\Models\\Property', '2019-11-17 20:53:34', '2019-11-17 20:53:34'),
(3, 3, 'seo_meta', '[{\"seo_title\":null,\"seo_description\":null}]', 'Botble\\RealEstate\\Models\\Property', '2019-11-17 21:09:55', '2019-11-17 21:09:55'),
(4, 4, 'seo_meta', '[{\"seo_title\":null,\"seo_description\":null}]', 'Botble\\RealEstate\\Models\\Property', '2019-11-17 21:18:11', '2019-11-17 21:18:11'),
(5, 1, 'seo_meta', '[{\"seo_title\":null,\"seo_description\":null}]', 'Botble\\RealEstate\\Models\\PropertyFeature', '2019-11-17 21:40:58', '2019-11-17 21:40:58'),
(6, 2, 'seo_meta', '[{\"seo_title\":null,\"seo_description\":null}]', 'Botble\\RealEstate\\Models\\PropertyFeature', '2019-11-17 21:41:43', '2019-11-17 21:41:43'),
(7, 1, 'seo_meta', '[{\"seo_title\":null,\"seo_description\":null}]', 'Botble\\RealEstate\\Models\\Project', '2019-11-18 00:34:49', '2019-11-18 00:34:49'),
(8, 5, 'seo_meta', '[{\"seo_title\":null,\"seo_description\":null}]', 'Botble\\RealEstate\\Models\\Property', '2019-11-18 00:47:52', '2019-11-18 00:47:52'),
(9, 6, 'seo_meta', '[{\"seo_title\":null,\"seo_description\":null}]', 'Botble\\RealEstate\\Models\\Property', '2019-11-18 01:05:58', '2019-11-18 01:05:58'),
(10, 7, 'seo_meta', '[{\"seo_title\":null,\"seo_description\":null}]', 'Botble\\RealEstate\\Models\\Property', '2019-11-18 01:12:07', '2019-11-18 01:12:07'),
(11, 2, 'seo_meta', '[{\"seo_title\":null,\"seo_description\":null}]', 'Botble\\RealEstate\\Models\\Project', '2019-11-18 01:28:45', '2019-11-18 01:28:45'),
(12, 8, 'seo_meta', '[{\"seo_title\":null,\"seo_description\":null}]', 'Botble\\RealEstate\\Models\\Property', '2019-11-18 01:49:36', '2019-11-18 01:49:36'),
(13, 9, 'seo_meta', '[{\"seo_title\":null,\"seo_description\":null}]', 'Botble\\RealEstate\\Models\\Property', '2019-11-18 02:02:19', '2019-11-18 02:02:19'),
(14, 10, 'seo_meta', '[{\"seo_title\":null,\"seo_description\":null}]', 'Botble\\RealEstate\\Models\\Property', '2019-11-18 02:16:53', '2019-11-18 02:16:53'),
(15, 11, 'seo_meta', '[{\"seo_title\":null,\"seo_description\":null}]', 'Botble\\RealEstate\\Models\\Property', '2019-11-18 02:22:48', '2019-11-18 02:22:48'),
(16, 1, 'seo_meta', '[{\"seo_title\":null,\"seo_description\":null}]', 'Botble\\Blog\\Models\\Category', '2019-11-18 02:33:35', '2019-11-18 02:33:35'),
(17, 12, 'seo_meta', '[{\"seo_title\":null,\"seo_description\":null}]', 'Botble\\RealEstate\\Models\\Property', '2019-11-18 02:47:05', '2019-11-18 02:47:05'),
(18, 1, 'seo_meta', '[{\"seo_title\":null,\"seo_description\":null}]', 'Botble\\Blog\\Models\\Post', '2019-11-18 02:51:35', '2019-11-18 02:51:35'),
(19, 1, 'seo_meta', '[{\"seo_title\":null,\"seo_description\":null}]', 'Botble\\Blog\\Models\\Tag', '2019-11-18 02:51:35', '2019-11-18 02:51:35'),
(20, 2, 'seo_meta', '[{\"seo_title\":null,\"seo_description\":null}]', 'Botble\\Blog\\Models\\Post', '2019-11-18 02:55:53', '2019-11-18 02:55:53'),
(21, 2, 'seo_meta', '[{\"seo_title\":null,\"seo_description\":null}]', 'Botble\\Blog\\Models\\Tag', '2019-11-18 02:55:53', '2019-11-18 02:55:53'),
(22, 3, 'seo_meta', '[{\"seo_title\":null,\"seo_description\":null}]', 'Botble\\Blog\\Models\\Post', '2019-11-18 02:59:01', '2019-11-18 02:59:01'),
(23, 4, 'seo_meta', '[{\"seo_title\":null,\"seo_description\":null}]', 'Botble\\Blog\\Models\\Post', '2019-11-18 03:07:27', '2019-11-18 03:07:27'),
(24, 3, 'seo_meta', '[{\"seo_title\":null,\"seo_description\":null}]', 'Botble\\Blog\\Models\\Tag', '2019-11-18 03:07:27', '2019-11-18 03:07:27'),
(25, 3, 'seo_meta', '[{\"seo_title\":null,\"seo_description\":null}]', 'Botble\\RealEstate\\Models\\Project', '2019-11-18 03:30:34', '2019-11-18 03:30:34'),
(26, 4, 'seo_meta', '[{\"seo_title\":null,\"seo_description\":null}]', 'Botble\\RealEstate\\Models\\Project', '2019-11-18 03:38:13', '2019-11-18 03:38:13'),
(27, 5, 'seo_meta', '[{\"seo_title\":null,\"seo_description\":null}]', 'Botble\\RealEstate\\Models\\Project', '2019-11-18 03:45:06', '2019-11-18 03:45:06'),
(28, 6, 'seo_meta', '[{\"seo_title\":null,\"seo_description\":null}]', 'Botble\\RealEstate\\Models\\Project', '2019-11-18 03:53:20', '2019-11-18 03:53:20'),
(29, 13, 'seo_meta', '[{\"seo_title\":null,\"seo_description\":null}]', 'Botble\\RealEstate\\Models\\Property', '2019-11-18 07:23:02', '2019-11-18 07:23:02'),
(30, 14, 'seo_meta', '[{\"seo_title\":null,\"seo_description\":null}]', 'Botble\\RealEstate\\Models\\Property', '2019-11-18 07:36:29', '2019-11-18 07:36:29'),
(31, 15, 'seo_meta', '[{\"seo_title\":null,\"seo_description\":null}]', 'Botble\\RealEstate\\Models\\Property', '2019-11-18 07:44:44', '2019-11-18 07:44:44'),
(32, 16, 'seo_meta', '[{\"seo_title\":null,\"seo_description\":null}]', 'Botble\\RealEstate\\Models\\Property', '2019-11-18 07:59:14', '2019-11-18 07:59:14'),
(33, 17, 'seo_meta', '[{\"seo_title\":null,\"seo_description\":null}]', 'Botble\\RealEstate\\Models\\Property', '2019-11-18 08:13:07', '2019-11-18 08:13:07'),
(34, 7, 'seo_meta', '[{\"seo_title\":null,\"seo_description\":null}]', 'Botble\\RealEstate\\Models\\Project', '2019-11-21 01:54:36', '2019-11-21 01:54:36'),
(35, 8, 'seo_meta', '[{\"seo_title\":null,\"seo_description\":null}]', 'Botble\\RealEstate\\Models\\Project', '2019-11-21 02:28:09', '2019-11-21 02:28:09'),
(36, 9, 'seo_meta', '[{\"seo_title\":null,\"seo_description\":null}]', 'Botble\\RealEstate\\Models\\Project', '2019-11-21 02:40:25', '2019-11-21 02:40:25'),
(37, 10, 'seo_meta', '[{\"seo_title\":null,\"seo_description\":null}]', 'Botble\\RealEstate\\Models\\Project', '2019-11-21 02:58:55', '2019-11-21 02:58:55'),
(38, 11, 'seo_meta', '[{\"seo_title\":null,\"seo_description\":null}]', 'Botble\\RealEstate\\Models\\Project', '2019-11-21 03:16:25', '2019-11-21 03:16:25'),
(39, 12, 'seo_meta', '[{\"seo_title\":null,\"seo_description\":null}]', 'Botble\\RealEstate\\Models\\Project', '2019-11-21 03:25:22', '2019-11-21 03:25:22'),
(40, 18, 'seo_meta', '[{\"seo_title\":null,\"seo_description\":null}]', 'Botble\\RealEstate\\Models\\Property', '2019-11-21 05:51:54', '2019-11-21 05:51:54'),
(41, 19, 'seo_meta', '[{\"seo_title\":null,\"seo_description\":null}]', 'Botble\\RealEstate\\Models\\Property', '2019-11-21 06:03:11', '2019-11-21 06:03:11'),
(42, 20, 'seo_meta', '[{\"seo_title\":null,\"seo_description\":null}]', 'Botble\\RealEstate\\Models\\Property', '2019-11-21 06:12:15', '2019-11-21 06:12:15'),
(43, 21, 'seo_meta', '[{\"seo_title\":null,\"seo_description\":null}]', 'Botble\\RealEstate\\Models\\Property', '2019-11-21 06:26:59', '2019-11-21 06:26:59'),
(44, 22, 'seo_meta', '[{\"seo_title\":null,\"seo_description\":null}]', 'Botble\\RealEstate\\Models\\Property', '2019-11-21 06:56:50', '2019-11-21 06:56:50'),
(45, 23, 'seo_meta', '[{\"seo_title\":null,\"seo_description\":null}]', 'Botble\\RealEstate\\Models\\Property', '2019-11-21 07:18:36', '2019-11-21 07:18:36'),
(46, 24, 'seo_meta', '[{\"seo_title\":null,\"seo_description\":null}]', 'Botble\\RealEstate\\Models\\Property', '2019-11-21 07:26:48', '2019-11-21 07:26:48'),
(47, 25, 'seo_meta', '[{\"seo_title\":null,\"seo_description\":null}]', 'Botble\\RealEstate\\Models\\Property', '2019-11-21 07:34:38', '2019-11-21 07:34:38'),
(48, 26, 'seo_meta', '[{\"seo_title\":null,\"seo_description\":null}]', 'Botble\\RealEstate\\Models\\Property', '2019-11-21 07:40:46', '2019-11-21 07:40:46'),
(49, 27, 'seo_meta', '[{\"seo_title\":null,\"seo_description\":null}]', 'Botble\\RealEstate\\Models\\Property', '2019-11-21 07:45:34', '2019-11-21 07:45:34'),
(52, 2, 'seo_meta', '[{\"seo_title\":null,\"seo_description\":null}]', 'Botble\\Blog\\Models\\Category', '2019-11-21 07:49:25', '2019-11-21 07:49:25'),
(53, 3, 'seo_meta', '[{\"seo_title\":null,\"seo_description\":null}]', 'Botble\\Blog\\Models\\Category', '2019-11-21 07:49:35', '2019-11-21 07:49:35'),
(54, 4, 'seo_meta', '[{\"seo_title\":null,\"seo_description\":null}]', 'Botble\\Blog\\Models\\Category', '2019-11-21 07:50:02', '2019-11-21 07:50:02'),
(55, 5, 'seo_meta', '[{\"seo_title\":null,\"seo_description\":null}]', 'Botble\\Blog\\Models\\Category', '2019-11-21 07:50:17', '2019-11-21 07:50:17'),
(56, 6, 'seo_meta', '[{\"seo_title\":null,\"seo_description\":null}]', 'Botble\\Blog\\Models\\Category', '2019-11-21 07:50:36', '2019-11-21 07:50:36'),
(57, 7, 'seo_meta', '[{\"seo_title\":null,\"seo_description\":null}]', 'Botble\\Blog\\Models\\Category', '2019-11-21 07:50:58', '2019-11-21 07:50:58'),
(58, 28, 'seo_meta', '[{\"seo_title\":null,\"seo_description\":null}]', 'Botble\\RealEstate\\Models\\Property', '2019-11-21 19:53:17', '2019-11-21 19:53:17'),
(59, 29, 'seo_meta', '[{\"seo_title\":null,\"seo_description\":null}]', 'Botble\\RealEstate\\Models\\Property', '2019-11-21 19:59:16', '2019-11-21 19:59:16'),
(60, 30, 'seo_meta', '[{\"seo_title\":null,\"seo_description\":null}]', 'Botble\\RealEstate\\Models\\Property', '2019-11-22 00:29:01', '2019-11-22 00:29:01'),
(61, 31, 'seo_meta', '[{\"seo_title\":null,\"seo_description\":null}]', 'Botble\\RealEstate\\Models\\Property', '2019-11-22 00:42:28', '2019-11-22 00:42:28'),
(62, 32, 'seo_meta', '[{\"seo_title\":null,\"seo_description\":null}]', 'Botble\\RealEstate\\Models\\Property', '2019-11-22 00:47:18', '2019-11-22 00:47:18'),
(63, 33, 'seo_meta', '[{\"seo_title\":null,\"seo_description\":null}]', 'Botble\\RealEstate\\Models\\Property', '2019-11-22 00:57:15', '2019-11-22 00:57:15'),
(64, 34, 'seo_meta', '[{\"seo_title\":null,\"seo_description\":null}]', 'Botble\\RealEstate\\Models\\Property', '2019-11-22 01:06:09', '2019-11-22 01:06:09'),
(65, 8, 'seo_meta', '[{\"seo_title\":null,\"seo_description\":null}]', 'Botble\\Blog\\Models\\Category', '2019-11-22 01:26:08', '2019-11-22 01:26:08'),
(74, 1, 'seo_meta', '[{\"seo_title\":null,\"seo_description\":null}]', 'Botble\\Career\\Models\\Career', '2019-11-30 19:43:10', '2019-11-30 19:43:10'),
(75, 2, 'seo_meta', '[{\"seo_title\":null,\"seo_description\":null}]', 'Botble\\Career\\Models\\Career', '2019-11-30 19:49:07', '2019-11-30 19:49:07'),
(76, 3, 'seo_meta', '[{\"seo_title\":null,\"seo_description\":null}]', 'Botble\\Career\\Models\\Career', '2019-11-30 19:52:42', '2019-11-30 19:52:42'),
(77, 4, 'seo_meta', '[{\"seo_title\":null,\"seo_description\":null}]', 'Botble\\Career\\Models\\Career', '2019-11-30 19:56:50', '2019-11-30 19:56:50'),
(80, 2, 'video', '[{\"thumbnail\":\"\",\"url\":\"https:\\/\\/www.youtube.com\\/watch?v=UfEiKK-iX70\"}]', 'Botble\\RealEstate\\Models\\Property', '2021-04-29 20:46:36', '2021-04-29 20:46:36'),
(81, 4, 'video', '[{\"thumbnail\":\"properties\\/property-video-thumb.jpg\",\"url\":\"https:\\/\\/www.youtube.com\\/watch?v=UfEiKK-iX70\"}]', 'Botble\\RealEstate\\Models\\Property', '2021-04-29 20:46:36', '2021-04-29 20:46:36'),
(82, 6, 'video', '[{\"thumbnail\":\"\",\"url\":\"https:\\/\\/www.youtube.com\\/watch?v=UfEiKK-iX70\"}]', 'Botble\\RealEstate\\Models\\Property', '2021-04-29 20:46:36', '2021-04-29 20:46:36'),
(83, 8, 'video', '[{\"thumbnail\":\"properties\\/property-video-thumb.jpg\",\"url\":\"https:\\/\\/www.youtube.com\\/watch?v=UfEiKK-iX70\"}]', 'Botble\\RealEstate\\Models\\Property', '2021-04-29 20:46:36', '2021-04-29 20:46:36'),
(84, 10, 'video', '[{\"thumbnail\":\"\",\"url\":\"https:\\/\\/www.youtube.com\\/watch?v=UfEiKK-iX70\"}]', 'Botble\\RealEstate\\Models\\Property', '2021-04-29 20:46:36', '2021-04-29 20:46:36'),
(85, 12, 'video', '[{\"thumbnail\":\"properties\\/property-video-thumb.jpg\",\"url\":\"https:\\/\\/www.youtube.com\\/watch?v=UfEiKK-iX70\"}]', 'Botble\\RealEstate\\Models\\Property', '2021-04-29 20:46:36', '2021-04-29 20:46:36'),
(86, 14, 'video', '[{\"thumbnail\":\"\",\"url\":\"https:\\/\\/www.youtube.com\\/watch?v=UfEiKK-iX70\"}]', 'Botble\\RealEstate\\Models\\Property', '2021-04-29 20:46:36', '2021-04-29 20:46:36'),
(87, 16, 'video', '[{\"thumbnail\":\"properties\\/property-video-thumb.jpg\",\"url\":\"https:\\/\\/www.youtube.com\\/watch?v=UfEiKK-iX70\"}]', 'Botble\\RealEstate\\Models\\Property', '2021-04-29 20:46:36', '2021-04-29 20:46:36'),
(88, 18, 'video', '[{\"thumbnail\":\"\",\"url\":\"https:\\/\\/www.youtube.com\\/watch?v=UfEiKK-iX70\"}]', 'Botble\\RealEstate\\Models\\Property', '2021-04-29 20:46:36', '2021-04-29 20:46:36'),
(89, 20, 'video', '[{\"thumbnail\":\"properties\\/property-video-thumb.jpg\",\"url\":\"https:\\/\\/www.youtube.com\\/watch?v=UfEiKK-iX70\"}]', 'Botble\\RealEstate\\Models\\Property', '2021-04-29 20:46:36', '2021-04-29 20:46:36'),
(90, 22, 'video', '[{\"thumbnail\":\"\",\"url\":\"https:\\/\\/www.youtube.com\\/watch?v=UfEiKK-iX70\"}]', 'Botble\\RealEstate\\Models\\Property', '2021-04-29 20:46:36', '2021-04-29 20:46:36'),
(91, 24, 'video', '[{\"thumbnail\":\"properties\\/property-video-thumb.jpg\",\"url\":\"https:\\/\\/www.youtube.com\\/watch?v=UfEiKK-iX70\"}]', 'Botble\\RealEstate\\Models\\Property', '2021-04-29 20:46:36', '2021-04-29 20:46:36'),
(92, 26, 'video', '[{\"thumbnail\":\"\",\"url\":\"https:\\/\\/www.youtube.com\\/watch?v=UfEiKK-iX70\"}]', 'Botble\\RealEstate\\Models\\Property', '2021-04-29 20:46:36', '2021-04-29 20:46:36'),
(93, 28, 'video', '[{\"thumbnail\":\"properties\\/property-video-thumb.jpg\",\"url\":\"https:\\/\\/www.youtube.com\\/watch?v=UfEiKK-iX70\"}]', 'Botble\\RealEstate\\Models\\Property', '2021-04-29 20:46:36', '2021-04-29 20:46:36'),
(94, 30, 'video', '[{\"thumbnail\":\"\",\"url\":\"https:\\/\\/www.youtube.com\\/watch?v=UfEiKK-iX70\"}]', 'Botble\\RealEstate\\Models\\Property', '2021-04-29 20:46:36', '2021-04-29 20:46:36'),
(95, 32, 'video', '[{\"thumbnail\":\"properties\\/property-video-thumb.jpg\",\"url\":\"https:\\/\\/www.youtube.com\\/watch?v=UfEiKK-iX70\"}]', 'Botble\\RealEstate\\Models\\Property', '2021-04-29 20:46:36', '2021-04-29 20:46:36'),
(96, 34, 'video', '[{\"thumbnail\":\"\",\"url\":\"https:\\/\\/www.youtube.com\\/watch?v=UfEiKK-iX70\"}]', 'Botble\\RealEstate\\Models\\Property', '2021-04-29 20:46:36', '2021-04-29 20:46:36'),
(97, 2, 'video', '[{\"thumbnail\":\"\",\"url\":\"https:\\/\\/www.youtube.com\\/watch?v=UfEiKK-iX70\"}]', 'Botble\\RealEstate\\Models\\Project', '2021-04-29 20:46:36', '2021-04-29 20:46:36'),
(98, 4, 'video', '[{\"thumbnail\":\"properties\\/property-video-thumb.jpg\",\"url\":\"https:\\/\\/www.youtube.com\\/watch?v=UfEiKK-iX70\"}]', 'Botble\\RealEstate\\Models\\Project', '2021-04-29 20:46:36', '2021-04-29 20:46:36'),
(99, 6, 'video', '[{\"thumbnail\":\"\",\"url\":\"https:\\/\\/www.youtube.com\\/watch?v=UfEiKK-iX70\"}]', 'Botble\\RealEstate\\Models\\Project', '2021-04-29 20:46:36', '2021-04-29 20:46:36'),
(100, 8, 'video', '[{\"thumbnail\":\"properties\\/property-video-thumb.jpg\",\"url\":\"https:\\/\\/www.youtube.com\\/watch?v=UfEiKK-iX70\"}]', 'Botble\\RealEstate\\Models\\Project', '2021-04-29 20:46:36', '2021-04-29 20:46:36'),
(101, 10, 'video', '[{\"thumbnail\":\"\",\"url\":\"https:\\/\\/www.youtube.com\\/watch?v=UfEiKK-iX70\"}]', 'Botble\\RealEstate\\Models\\Project', '2021-04-29 20:46:36', '2021-04-29 20:46:36'),
(102, 12, 'video', '[{\"thumbnail\":\"properties\\/property-video-thumb.jpg\",\"url\":\"https:\\/\\/www.youtube.com\\/watch?v=UfEiKK-iX70\"}]', 'Botble\\RealEstate\\Models\\Project', '2021-04-29 20:46:36', '2021-04-29 20:46:36'),
(103, 1, 'subscribed_packaged_id', '[2]', 'Botble\\Payment\\Models\\Payment', '2022-12-27 20:03:55', '2022-12-27 20:03:55'),
(104, 2, 'seo_meta', '[{\"index\":\"index\"}]', 'Botble\\Location\\Models\\State', '2025-03-03 11:21:44', '2025-03-03 11:21:44'),
(105, 6, 'seo_meta', '[{\"index\":\"index\"}]', 'Botble\\Location\\Models\\City', '2025-03-03 11:23:47', '2025-03-03 11:23:47'),
(106, 35, 'video', '[{\"thumbnail\":null,\"url\":null}]', 'Botble\\RealEstate\\Models\\Property', '2025-03-03 11:46:35', '2025-03-03 11:46:35'),
(107, 35, 'last_updated', '[\"2025-03-03\"]', 'Botble\\RealEstate\\Models\\Property', '2025-03-03 11:46:35', '2025-03-03 11:46:35'),
(108, 35, 'seo_meta', '[{\"index\":\"index\"}]', 'Botble\\RealEstate\\Models\\Property', '2025-03-03 11:46:35', '2025-03-03 11:46:35'),
(109, 7, 'seo_meta', '[{\"index\":\"index\"}]', 'Botble\\Location\\Models\\City', '2025-03-03 13:29:23', '2025-03-03 13:29:23'),
(110, 36, 'video', '[{\"thumbnail\":null,\"url\":null}]', 'Botble\\RealEstate\\Models\\Property', '2025-03-03 13:45:42', '2025-03-03 13:45:42'),
(111, 36, 'last_updated', '[\"2025-03-03\"]', 'Botble\\RealEstate\\Models\\Property', '2025-03-03 13:45:42', '2025-03-03 13:45:42'),
(112, 36, 'seo_meta', '[{\"index\":\"index\"}]', 'Botble\\RealEstate\\Models\\Property', '2025-03-03 13:45:42', '2025-03-03 13:45:42'),
(113, 37, 'video', '[{\"thumbnail\":null,\"url\":null}]', 'Botble\\RealEstate\\Models\\Property', '2025-03-03 16:32:35', '2025-03-03 16:32:35'),
(114, 37, 'last_updated', '[\"2025-03-03\"]', 'Botble\\RealEstate\\Models\\Property', '2025-03-03 16:32:35', '2025-03-03 16:32:35'),
(115, 37, 'seo_meta', '[{\"index\":\"index\"}]', 'Botble\\RealEstate\\Models\\Property', '2025-03-03 16:32:35', '2025-03-03 16:32:35'),
(116, 38, 'video', '[{\"thumbnail\":null,\"url\":null}]', 'Botble\\RealEstate\\Models\\Property', '2025-03-03 17:11:30', '2025-03-03 17:11:30'),
(117, 38, 'last_updated', '[\"2025-03-03\"]', 'Botble\\RealEstate\\Models\\Property', '2025-03-03 17:11:30', '2025-03-03 17:11:30'),
(118, 38, 'seo_meta', '[{\"index\":\"index\"}]', 'Botble\\RealEstate\\Models\\Property', '2025-03-03 17:11:30', '2025-03-03 17:11:30'),
(119, 39, 'video', '[{\"thumbnail\":null,\"url\":null}]', 'Botble\\RealEstate\\Models\\Property', '2025-03-03 17:57:54', '2025-03-03 17:57:54'),
(120, 39, 'last_updated', '[\"2025-03-03\"]', 'Botble\\RealEstate\\Models\\Property', '2025-03-03 17:57:54', '2025-03-03 17:57:54'),
(121, 39, 'seo_meta', '[{\"index\":\"index\"}]', 'Botble\\RealEstate\\Models\\Property', '2025-03-03 17:57:54', '2025-03-03 17:57:54'),
(122, 40, 'video', '[{\"thumbnail\":null,\"url\":null}]', 'Botble\\RealEstate\\Models\\Property', '2025-03-04 12:02:48', '2025-03-04 12:02:48'),
(123, 40, 'last_updated', '[\"2025-03-04\"]', 'Botble\\RealEstate\\Models\\Property', '2025-03-04 12:02:48', '2025-03-04 12:02:48'),
(124, 40, 'seo_meta', '[{\"index\":\"index\"}]', 'Botble\\RealEstate\\Models\\Property', '2025-03-04 12:02:48', '2025-03-04 12:02:48'),
(125, 41, 'video', '[{\"thumbnail\":null,\"url\":null}]', 'Botble\\RealEstate\\Models\\Property', '2025-03-04 13:26:36', '2025-03-04 13:26:36'),
(126, 41, 'last_updated', '[\"2025-03-04\"]', 'Botble\\RealEstate\\Models\\Property', '2025-03-04 13:26:36', '2025-03-04 13:26:36'),
(127, 41, 'seo_meta', '[{\"index\":\"index\"}]', 'Botble\\RealEstate\\Models\\Property', '2025-03-04 13:26:36', '2025-03-04 13:26:36'),
(128, 42, 'video', '[{\"thumbnail\":null,\"url\":null}]', 'Botble\\RealEstate\\Models\\Property', '2025-03-04 16:19:48', '2025-03-04 16:19:48'),
(129, 42, 'last_updated', '[\"2025-03-04\"]', 'Botble\\RealEstate\\Models\\Property', '2025-03-04 16:19:48', '2025-03-04 16:19:48'),
(130, 42, 'seo_meta', '[{\"index\":\"index\"}]', 'Botble\\RealEstate\\Models\\Property', '2025-03-04 16:19:48', '2025-03-04 16:19:48'),
(131, 3, 'seo_meta', '[{\"index\":\"index\"}]', 'Botble\\Location\\Models\\State', '2025-03-04 16:21:04', '2025-03-04 16:21:04'),
(132, 43, 'video', '[{\"thumbnail\":null,\"url\":null}]', 'Botble\\RealEstate\\Models\\Property', '2025-03-04 17:09:49', '2025-03-04 17:09:49'),
(133, 43, 'last_updated', '[\"2025-03-04\"]', 'Botble\\RealEstate\\Models\\Property', '2025-03-04 17:09:49', '2025-03-04 17:09:49'),
(134, 43, 'seo_meta', '[{\"index\":\"index\"}]', 'Botble\\RealEstate\\Models\\Property', '2025-03-04 17:09:49', '2025-03-04 17:09:49'),
(135, 44, 'video', '[{\"thumbnail\":null,\"url\":null}]', 'Botble\\RealEstate\\Models\\Property', '2025-03-05 11:43:40', '2025-03-05 11:43:40'),
(136, 44, 'last_updated', '[\"2025-03-05\"]', 'Botble\\RealEstate\\Models\\Property', '2025-03-05 11:43:40', '2025-03-05 11:43:40'),
(137, 44, 'seo_meta', '[{\"index\":\"index\"}]', 'Botble\\RealEstate\\Models\\Property', '2025-03-05 11:43:40', '2025-03-05 11:43:40'),
(138, 45, 'video', '[{\"thumbnail\":null,\"url\":null}]', 'Botble\\RealEstate\\Models\\Property', '2025-03-05 18:39:16', '2025-03-05 18:39:16'),
(139, 45, 'last_updated', '[\"2025-03-05\"]', 'Botble\\RealEstate\\Models\\Property', '2025-03-05 18:39:16', '2025-03-05 18:39:16'),
(140, 45, 'seo_meta', '[{\"index\":\"index\"}]', 'Botble\\RealEstate\\Models\\Property', '2025-03-05 18:39:16', '2025-03-05 18:39:16'),
(141, 46, 'video', '[{\"thumbnail\":null,\"url\":null}]', 'Botble\\RealEstate\\Models\\Property', '2025-03-06 15:22:56', '2025-03-06 15:22:56'),
(142, 46, 'last_updated', '[\"2025-03-06\"]', 'Botble\\RealEstate\\Models\\Property', '2025-03-06 15:22:56', '2025-03-06 15:22:56'),
(143, 46, 'seo_meta', '[{\"index\":\"index\"}]', 'Botble\\RealEstate\\Models\\Property', '2025-03-06 15:22:56', '2025-03-06 15:22:56'),
(144, 47, 'video', '[{\"thumbnail\":null,\"url\":null}]', 'Botble\\RealEstate\\Models\\Property', '2025-03-06 17:51:23', '2025-03-06 17:51:23'),
(145, 47, 'last_updated', '[\"2025-03-06\"]', 'Botble\\RealEstate\\Models\\Property', '2025-03-06 17:51:23', '2025-03-06 17:51:23'),
(146, 47, 'seo_meta', '[{\"index\":\"index\"}]', 'Botble\\RealEstate\\Models\\Property', '2025-03-06 17:51:23', '2025-03-06 17:51:23'),
(147, 48, 'video', '[{\"thumbnail\":null,\"url\":null}]', 'Botble\\RealEstate\\Models\\Property', '2025-03-08 14:04:40', '2025-03-08 14:04:40'),
(148, 48, 'last_updated', '[\"2025-03-08\"]', 'Botble\\RealEstate\\Models\\Property', '2025-03-08 14:04:40', '2025-03-08 14:04:40'),
(149, 48, 'seo_meta', '[{\"index\":\"index\"}]', 'Botble\\RealEstate\\Models\\Property', '2025-03-08 14:04:40', '2025-03-08 14:04:40'),
(150, 49, 'video', '[{\"thumbnail\":null,\"url\":null}]', 'Botble\\RealEstate\\Models\\Property', '2025-03-25 12:13:45', '2025-03-25 12:13:45'),
(151, 49, 'last_updated', '[\"2025-03-25\"]', 'Botble\\RealEstate\\Models\\Property', '2025-03-25 12:13:45', '2025-03-25 12:13:45'),
(152, 49, 'seo_meta', '[{\"index\":\"index\"}]', 'Botble\\RealEstate\\Models\\Property', '2025-03-25 12:13:45', '2025-03-25 12:13:45');

-- --------------------------------------------------------

--
-- Table structure for table `migrations`
--

CREATE TABLE `migrations` (
  `id` int(10) UNSIGNED NOT NULL,
  `migration` varchar(255) NOT NULL,
  `batch` int(11) NOT NULL
) ENGINE=InnoDB DEFAULT CHARSET=utf8mb4 COLLATE=utf8mb4_unicode_ci;

--
-- Dumping data for table `migrations`
--

INSERT INTO `migrations` (`id`, `migration`, `batch`) VALUES
(1, '2013_04_09_032329_create_base_tables', 1),
(2, '2013_04_09_062329_create_revisions_table', 1),
(3, '2014_10_12_000000_create_users_table', 1),
(4, '2014_10_12_100000_create_password_resets_table', 1),
(5, '2016_06_01_000001_create_oauth_auth_codes_table', 1),
(6, '2016_06_01_000002_create_oauth_access_tokens_table', 1),
(7, '2016_06_01_000003_create_oauth_refresh_tokens_table', 1),
(8, '2016_06_01_000004_create_oauth_clients_table', 1),
(9, '2016_06_01_000005_create_oauth_personal_access_clients_table', 1),
(10, '2016_06_10_230148_create_acl_tables', 1),
(11, '2016_06_14_230857_create_menus_table', 1),
(12, '2016_06_28_221418_create_pages_table', 1),
(13, '2016_10_05_074239_create_setting_table', 1),
(14, '2016_11_28_032840_create_dashboard_widget_tables', 1),
(15, '2016_12_16_084601_create_widgets_table', 1),
(16, '2017_05_09_070343_create_media_tables', 1),
(17, '2017_11_03_070450_create_slug_table', 1),
(18, '2019_07_15_042406_change_site_title_from_settings_to_theme_options', 1),
(19, '2019_08_13_033145_remove_unused_columns_in_users_table', 1),
(20, '2019_08_19_000000_create_failed_jobs_table', 1),
(21, '2019_09_07_030654_update_menu_nodes_table', 1),
(22, '2019_09_07_045041_update_slugs_table', 1),
(23, '2019_09_07_050405_update_slug_reference_for_page', 1),
(24, '2019_09_08_014859_update_meta_boxes_table', 1),
(25, '2019_09_08_015629_update_meta_box_data_for_page', 1),
(26, '2019_09_12_073711_update_media_url', 1),
(27, '2019_09_12_073711_update_media_url_for_current_data', 1),
(28, '2019_10_20_002256_remove_parent_id_in_pages_table', 1),
(31, '2018_06_22_032304_create_real_estate_table', 2),
(32, '2015_06_29_025744_create_audit_history', 3),
(33, '2015_06_18_033822_create_blog_table', 4),
(34, '2019_09_07_035526_update_menu_node_reference_type_for_category', 4),
(35, '2019_09_07_050058_update_slug_reference_for_blog', 4),
(36, '2019_09_07_155716_update_language_meta_for_blog', 4),
(37, '2019_09_08_015552_update_meta_box_data_for_blog', 4),
(38, '2019_10_20_002342_remove_parent_id_in_tags_table', 4),
(39, '2016_10_03_032336_create_languages_table', 5),
(40, '2019_09_07_154718_update_lang_meta_table', 5),
(42, '2016_06_17_091537_create_contacts_table', 7),
(43, '2015_08_15_122343_create_notes_table', 8),
(44, '2019_11_18_035125_add_column_type_into_re_properties_table', 9),
(45, '2019_11_18_035712_create_investor_table', 9),
(46, '2019_11_18_040153_update_real_estates_table', 9),
(47, '2019_11_18_041228_drop_table_re_property_categories', 10),
(48, '2019_11_18_082146_create_currencies_table', 11),
(49, '2019_11_18_061011_create_country_table', 12),
(50, '2019_11_18_061730_create_state_table', 12),
(51, '2019_11_18_062515_create_city_table', 12),
(52, '2019_11_19_063851_create_project_features_table', 13),
(53, '2019_11_21_090830_update_project_and_property_table', 14),
(54, '2019_11_21_130139_add_price_to_projects_table', 15),
(55, '2019_11_14_210650_create_consults_table', 16),
(56, '2019_11_26_024326_update_property_type', 17),
(57, '2019_06_24_211801_create_career_table', 18),
(58, '2019_12_03_123314_add_column_slug_into_cities_table', 19),
(59, '2019_12_03_124417_add_column_city_id_into_table_properties_and_projects', 19),
(60, '2017_05_18_080441_create_payment_tables', 20),
(61, '2019_12_10_140938_create_vendor_table', 20),
(62, '2019_12_15_025938_update_column_images_in_real_estate_tables', 20),
(63, '2019_12_17_064316_add_column_period_to_table_re_properties', 20),
(64, '2019_12_24_033049_add_column_author_into_re_properties_table', 20),
(65, '2019_12_24_083810_vendor_create_package_table', 20),
(66, '2019_12_27_004653_update_vendors_table_with_package_data', 20),
(68, '2020_01_08_002704_real_estate_create_type_table', 21),
(69, '2020_01_10_133700_change_re_types_to_re_categories', 22),
(70, '2016_10_07_193005_create_translations_table', 23),
(71, '2020_01_23_133752_update_account_tables', 24),
(72, '2020_02_03_144309_update_column_payment_channel', 25),
(73, '2020_02_06_143217_update_vendor_table', 26),
(74, '2020_02_11_133026_add_description_to_table_payments', 27),
(75, '2020_02_11_140823_create_transactions_table', 27),
(76, '2020_02_23_111922_fix_column_number_block_in_re_properties_table', 27),
(77, '2020_03_24_151004_add_moderation_status_into_properties_table', 28),
(78, '2020_03_25_030953_create_table_vendor_packages', 29),
(79, '2020_03_25_083610_add_column_expire_date_into_re_properties_table', 30),
(80, '2020_03_26_081108_add_column_auto_renew_to_re_properties_table', 31),
(81, '2020_03_16_072752_add_column_abbreviation_to_states_table', 32),
(82, '2020_03_28_020724_make_column_user_id_nullable_table_revisions', 33),
(83, '2020_03_23_093053_update_payments_table', 34),
(84, '2020_04_22_074304_add_column_never_expired_to_re_properties_table', 35),
(85, '2020_05_26_014304_add_column_provider_to_oauth_clients_table', 36),
(86, '2020_07_27_085437_add_icon_to_re_features', 37),
(90, '2020_08_21_102728_real_estate_create_facility_table', 38),
(91, '2020_08_22_024455_rename_table_for_accounts', 39),
(92, '2020_08_26_130439_add_column_username_into_table_re_accounts', 40),
(93, '2020_09_09_110653_update_table_careers', 41),
(94, '2020_09_15_111419_fix_old_data_for_re_properties', 42),
(95, '2020_10_05_030817_make_column_charge_id_nullable', 43),
(96, '2020_10_18_134416_fix_audit_logs_table', 44),
(97, '2020_10_24_133432_change_column_distance_to_string', 45),
(99, '2020_10_31_053746_add_column_description_into_re_categories_table', 46),
(100, '2019_01_05_053554_create_jobs_table', 47),
(101, '2020_12_05_112556_change_contact_page_to_a_page', 48),
(102, '2021_02_11_031126_update_price_column_in_projects_and_properties', 49),
(103, '2021_02_16_092633_remove_default_value_for_author_type', 50),
(104, '2021_03_08_024049_add_lat_long_into_real_estate_tables', 51),
(105, '2021_03_27_144913_add_customer_type_into_table_payments', 52),
(106, '2021_05_24_034720_make_column_currency_nullable', 53),
(107, '2021_06_10_091950_add_column_is_featured_to_table_re_accounts', 54),
(108, '2021_07_07_021757_update_table_account_activity_logs', 55),
(109, '2021_07_18_101839_fix_old_theme_options', 56),
(110, '2021_08_05_134214_fix_social_link_theme_options', 57),
(111, '2021_08_09_161302_add_metadata_column_to_payments_table', 58),
(112, '2021_09_29_042758_create_re_categories_multilevel_table', 59),
(113, '2021_10_19_020859_update_metadata_field', 60),
(114, '2021_10_31_031254_add_company_to_accounts_table', 61),
(115, '2021_10_25_021023_fix-priority-load-for-language-advanced', 62),
(116, '2021_12_03_030600_create_blog_translations', 62),
(117, '2021_12_03_075608_create_page_translations', 62),
(118, '2021_12_03_084118_create_location_translations', 62),
(119, '2021_12_03_094518_migrate_old_location_data', 62),
(120, '2021_12_04_095357_create_careers_translations_table', 62),
(121, '2021_12_10_034440_switch_plugin_location_to_use_language_advanced', 63),
(122, '2021_12_10_034807_create_real_estate_translation_tables', 64),
(123, '2021_12_18_081636_add_property_project_views_count', 65),
(124, '2022_01_16_085908_improve_plugin_location', 66),
(125, '2022_04_19_113923_add_index_to_table_posts', 67),
(126, '2022_04_20_100851_add_index_to_media_table', 67),
(127, '2022_04_20_101046_add_index_to_menu_table', 67),
(128, '2022_05_03_033044_update_column_images_in_real_estate_tables', 68),
(129, '2022_05_04_033044_update_column_images_in_real_estate_tables', 69),
(130, '2022_06_04_033634_improve_homepage_content', 70),
(131, '2022_06_28_151901_activate_paypal_stripe_plugin', 71),
(132, '2022_07_02_081723_fix_expired_date_column', 71),
(133, '2019_12_14_000001_create_personal_access_tokens_table', 72),
(134, '2022_07_07_153354_update_charge_id_in_table_payments', 72),
(135, '2022_07_10_034813_move_lang_folder_to_root', 72),
(136, '2022_08_01_090213_update_table_properties_and_projects', 72),
(137, '2022_08_04_051940_add_missing_column_expires_at', 72),
(138, '2022_08_04_052122_delete_location_backup_tables', 72),
(139, '2022_10_14_024629_drop_column_is_featured', 73),
(140, '2022_10_29_065232_increase_states_abbreviation_column', 74),
(141, '2022_11_06_061847_increase_state_translations_abbreviation_column', 75),
(142, '2022_11_06_070405_improve_homepage_search_box', 75),
(143, '2022_11_18_063357_add_missing_timestamp_in_table_settings', 76),
(144, '2022_12_02_093615_update_slug_index_columns', 76),
(145, '2022_09_01_000001_create_admin_notifications_tables', 77),
(146, '2023_01_30_024431_add_alt_to_media_table', 78),
(147, '2023_01_31_023233_create_re_custom_fields_table', 79),
(148, '2023_02_06_000000_add_location_to_re_accounts_table', 79),
(149, '2023_02_06_024257_add_package_translations', 79),
(150, '2023_02_08_062457_add_custom_fields_translation_table', 80),
(151, '2014_10_12_100000_create_password_reset_tokens_table', 81),
(152, '2023_02_15_024644_create_re_reviews_table', 81),
(153, '2023_02_16_042611_drop_table_password_resets', 81),
(154, '2023_02_20_072604_create_re_invoices_table', 82),
(155, '2023_02_20_081251_create_re_account_packages_table', 82),
(156, '2023_04_04_030709_add_unique_id_to_properties_and_projects_table', 83),
(157, '2023_04_14_164811_make_phone_and_email_in_table_re_consults_nullable', 84),
(158, '2023_04_23_005903_add_column_permissions_to_admin_notifications', 84),
(159, '2023_04_23_061847_increase_state_translations_abbreviation_column', 84),
(160, '2023_05_08_114004_improve_properties_and_projects_page', 85),
(161, '2023_05_09_062031_unique_reviews_table', 85),
(162, '2023_05_10_075124_drop_column_id_in_role_users_table', 85),
(163, '2023_05_26_034353_fix_properties_projects_image', 86),
(164, '2023_05_27_004215_add_column_ip_into_table_re_consults', 86),
(165, '2023_07_06_011444_create_slug_translations_table', 87),
(166, '2023_07_18_040500_convert_cities_is_featured_to_selecting_locations_from_shortcode', 87),
(167, '2023_07_25_034513_create_re_coupons_table', 87),
(168, '2023_07_25_034672_add_coupon_code_column_to_jb_invoices_table', 87),
(169, '2023_07_26_041451_add_more_columns_to_location_table', 87),
(170, '2023_07_27_041451_add_more_columns_to_location_translation_table', 87),
(171, '2023_07_28_073307_drop_unique_in_states_cities_translations', 87),
(172, '2023_08_02_074208_change_square_column_to_float', 87),
(173, '2023_08_07_000001_add_is_public_profile_column_to_re_accounts_table', 87),
(174, '2023_08_09_004607_make_column_project_id_nullable', 87),
(175, '2023_08_15_073307_drop_unique_in_states_cities_translations', 88),
(176, '2023_08_21_090810_make_page_content_nullable', 89),
(177, '2023_08_29_074620_make_column_author_id_nullable', 90),
(178, '2023_09_11_084630_update_mandatory_fields_in_consult_form_table', 91),
(179, '2023_09_14_021936_update_index_for_slugs_table', 92),
(180, '2023_09_14_022423_add_index_for_language_table', 92),
(181, '2023_09_20_050420_add_missing_translation_column', 93),
(182, '2023_10_21_065016_make_state_id_in_table_cities_nullable', 94),
(183, '2023_11_10_080225_migrate_contact_blacklist_email_domains_to_core', 95),
(184, '2023_11_14_033417_change_request_column_in_table_audit_histories', 95),
(185, '2023_11_21_071820_add_missing_slug_for_agents', 95),
(186, '2023_12_06_100448_change_random_hash_for_media', 95),
(187, '2023_12_07_095130_add_color_column_to_media_folders_table', 95),
(188, '2023_12_12_105220_drop_translations_table', 95),
(189, '2023_12_17_162208_make_sure_column_color_in_media_folders_nullable', 95),
(190, '2024_01_11_084816_add_investor_translations_table', 95),
(191, '2024_01_31_022842_add_description_to_re_packages_table', 96),
(192, '2024_03_13_000001_drop_type_column_from_custom_field_translations_table', 96),
(193, '2024_03_20_080001_migrate_change_attribute_email_to_nullable_form_contacts_table', 96),
(194, '2024_03_25_000001_update_captcha_settings_for_contact', 96),
(195, '2024_04_04_110758_update_value_column_in_user_meta_table', 96),
(196, '2024_04_19_063914_create_custom_fields_table', 96),
(197, '2024_04_23_124505_add_features_column_to_re_packages', 96),
(198, '2024_04_23_135106_add_columns_to_re_investors', 96),
(199, '2024_04_27_100730_improve_analytics_setting', 96),
(200, '2024_05_12_091229_add_column_visibility_to_table_media_files', 96),
(201, '2024_05_16_100000_change_random_hash_for_media', 97),
(202, '2024_05_25_000001_update_captcha_settings_for_real_estate', 98),
(203, '2024_06_16_163428_make_investor_id_nullable', 99),
(204, '2017_10_24_154832_create_newsletter_table', 100),
(205, '2020_11_18_150916_ads_create_ads_table', 100),
(206, '2021_12_02_035301_add_ads_translations_table', 100),
(207, '2023_04_17_062645_add_open_in_new_tab', 100),
(208, '2023_08_11_060908_create_announcements_table', 100),
(209, '2023_11_07_023805_add_tablet_mobile_image', 100),
(210, '2024_03_25_000001_update_captcha_settings_for_newsletter', 100),
(211, '2024_04_01_043317_add_google_adsense_slot_id_to_ads_table', 100),
(212, '2024_06_20_103539_create_consult_custom_fields_table', 100),
(213, '2024_07_04_083133_create_payment_logs_table', 100),
(214, '2024_07_07_091316_fix_column_url_in_menu_nodes_table', 100),
(215, '2024_07_08_235824_fix_facilities_primary_key', 100),
(216, '2024_07_12_100000_change_random_hash_for_media', 101),
(217, '2024_07_26_090340_add_private_notes_column_to_re_properties_projects_table', 102),
(218, '2024_07_30_091615_fix_order_column_in_categories_table', 102),
(219, '2024_08_09_075542_add_accounts_translations', 103),
(220, '2024_08_12_124528_add_approved_at_column_to_re_accounts_table', 104),
(221, '2024_08_17_094600_add_image_into_countries', 105),
(222, '0001_01_01_000001_create_cache_table', 106),
(223, '2024_08_31_074158_add_floor_plans_columns_to_re_properties_table', 106),
(224, '2024_09_04_130921_add_reject_reason_column_to_re_properties_table', 106),
(225, '2024_09_19_021436_make_email_in_accounts_table_nullable', 106),
(226, '2024_09_30_024515_create_sessions_table', 106),
(227, '2024_11_18_023706_add_floor_plan_to_table_re_properties_translations', 106),
(228, '2024_12_31_081648_correct_career_slugs', 107),
(229, '2025_01_06_033807_add_default_value_for_categories_author_type', 108),
(230, '2025_01_08_093652_add_zip_code_to_cities', 108),
(231, '2025_02_11_153025_add_action_label_to_announcement_translations', 109);

-- --------------------------------------------------------

--
-- Table structure for table `newsletters`
--

CREATE TABLE `newsletters` (
  `id` bigint(20) UNSIGNED NOT NULL,
  `email` varchar(120) NOT NULL,
  `name` varchar(120) DEFAULT NULL,
  `status` varchar(60) NOT NULL DEFAULT 'subscribed',
  `created_at` timestamp NULL DEFAULT NULL,
  `updated_at` timestamp NULL DEFAULT NULL
) ENGINE=InnoDB DEFAULT CHARSET=utf8mb4 COLLATE=utf8mb4_unicode_ci;

-- --------------------------------------------------------

--
-- Table structure for table `notes`
--

CREATE TABLE `notes` (
  `id` int(10) UNSIGNED NOT NULL,
  `user_id` int(10) UNSIGNED NOT NULL,
  `reference_id` int(10) UNSIGNED NOT NULL,
  `reference_type` varchar(120) NOT NULL,
  `created_by` int(10) UNSIGNED NOT NULL,
  `note` text NOT NULL,
  `created_at` timestamp NULL DEFAULT NULL,
  `updated_at` timestamp NULL DEFAULT NULL
) ENGINE=InnoDB DEFAULT CHARSET=utf8mb4 COLLATE=utf8mb4_unicode_ci;

-- --------------------------------------------------------

--
-- Table structure for table `oauth_access_tokens`
--

CREATE TABLE `oauth_access_tokens` (
  `id` varchar(100) NOT NULL,
  `user_id` bigint(20) DEFAULT NULL,
  `client_id` int(10) UNSIGNED NOT NULL,
  `name` varchar(255) DEFAULT NULL,
  `scopes` text DEFAULT NULL,
  `revoked` tinyint(1) NOT NULL,
  `created_at` timestamp NULL DEFAULT NULL,
  `updated_at` timestamp NULL DEFAULT NULL,
  `expires_at` datetime DEFAULT NULL
) ENGINE=InnoDB DEFAULT CHARSET=utf8mb4 COLLATE=utf8mb4_unicode_ci;

-- --------------------------------------------------------

--
-- Table structure for table `oauth_auth_codes`
--

CREATE TABLE `oauth_auth_codes` (
  `id` varchar(100) NOT NULL,
  `user_id` bigint(20) NOT NULL,
  `client_id` int(10) UNSIGNED NOT NULL,
  `scopes` text DEFAULT NULL,
  `revoked` tinyint(1) NOT NULL,
  `expires_at` datetime DEFAULT NULL
) ENGINE=InnoDB DEFAULT CHARSET=utf8mb4 COLLATE=utf8mb4_unicode_ci;

-- --------------------------------------------------------

--
-- Table structure for table `oauth_clients`
--

CREATE TABLE `oauth_clients` (
  `id` int(10) UNSIGNED NOT NULL,
  `user_id` bigint(20) DEFAULT NULL,
  `name` varchar(255) NOT NULL,
  `secret` varchar(100) DEFAULT NULL,
  `redirect` text NOT NULL,
  `personal_access_client` tinyint(1) NOT NULL,
  `password_client` tinyint(1) NOT NULL,
  `revoked` tinyint(1) NOT NULL,
  `created_at` timestamp NULL DEFAULT NULL,
  `updated_at` timestamp NULL DEFAULT NULL,
  `provider` varchar(191) DEFAULT NULL
) ENGINE=InnoDB DEFAULT CHARSET=utf8mb4 COLLATE=utf8mb4_unicode_ci;

-- --------------------------------------------------------

--
-- Table structure for table `oauth_personal_access_clients`
--

CREATE TABLE `oauth_personal_access_clients` (
  `id` int(10) UNSIGNED NOT NULL,
  `client_id` int(10) UNSIGNED NOT NULL,
  `created_at` timestamp NULL DEFAULT NULL,
  `updated_at` timestamp NULL DEFAULT NULL
) ENGINE=InnoDB DEFAULT CHARSET=utf8mb4 COLLATE=utf8mb4_unicode_ci;

-- --------------------------------------------------------

--
-- Table structure for table `oauth_refresh_tokens`
--

CREATE TABLE `oauth_refresh_tokens` (
  `id` varchar(100) NOT NULL,
  `access_token_id` varchar(100) NOT NULL,
  `revoked` tinyint(1) NOT NULL,
  `expires_at` datetime DEFAULT NULL
) ENGINE=InnoDB DEFAULT CHARSET=utf8mb4 COLLATE=utf8mb4_unicode_ci;

-- --------------------------------------------------------

--
-- Table structure for table `pages`
--

CREATE TABLE `pages` (
  `id` int(10) UNSIGNED NOT NULL,
  `name` varchar(120) NOT NULL,
  `content` longtext DEFAULT NULL,
  `user_id` int(11) NOT NULL,
  `image` varchar(255) DEFAULT NULL,
  `template` varchar(60) DEFAULT NULL,
  `description` varchar(400) DEFAULT NULL,
  `status` varchar(60) NOT NULL DEFAULT 'published',
  `created_at` timestamp NULL DEFAULT NULL,
  `updated_at` timestamp NULL DEFAULT NULL
) ENGINE=InnoDB DEFAULT CHARSET=utf8mb4 COLLATE=utf8mb4_unicode_ci;

--
-- Dumping data for table `pages`
--

INSERT INTO `pages` (`id`, `name`, `content`, `user_id`, `image`, `template`, `description`, `status`, `created_at`, `updated_at`) VALUES
(1, 'Home', '<div>[search-box title=\"Find your favorite homes at Flex Home\" background_image=\"general/home-banner.jpg\" enable_search_projects_on_homepage_search=\"yes\" default_home_search_type=\"project\"][/search-box]</div><div>[featured-projects title=\"Featured projects\" subtitle=\"We make the best choices with the hottest and most prestigious projects, please visit the details below to find out more.\" limit=\"4\"][/featured-projects]</div><div>[properties-by-locations title=\"Properties by locations\" subtitle=\"Each place is a good choice, it will help you make the right decision, do not miss the opportunity to discover our wonderful properties.\" city=\"1,2,3,4,5\"][/properties-by-locations]</div><div>[properties-for-sale title=\"Properties For Sale\" subtitle=\"Below is a list of properties that are currently up for sale\" limit=\"8\"][/properties-for-sale]</div><div>[properties-for-rent title=\"Properties For Rent\" subtitle=\"Below is a detailed price list of each property for rent\" limit=\"8\"][/properties-for-rent]</div><div>[featured-agents title=\"Featured Agents\"][/featured-agents]</div><div>[recently-viewed-properties title=\"Recently Viewed Properties\" subtitle=\"Your currently viewed properties.\" limit=\"8\"][/recently-viewed-properties]</div><div>[latest-news title=\"News\" subtitle=\"Below is the latest real estate news we get regularly updated from reliable sources.\" limit=\"4\"][/latest-news]</div>', 1, NULL, 'homepage', NULL, 'published', '2025-03-02 10:45:07', '2025-03-02 10:45:07'),
(2, 'News', '---', 1, NULL, 'default', NULL, 'published', '2025-03-02 10:45:07', '2025-03-02 10:45:07'),
(3, 'About us', '<h4><span style=\"font-size:18px;\"><b>1. COMPANY</b><span style=\"font-family:Arial,Helvetica,sans-serif;\"><strong> PROFILE</strong></span></span></h4>\n\n<p><span style=\"font-size:16px;\"><span style=\"font-family:Arial,Helvetica,sans-serif;\">Founded on August 28, 1993 (formerly known as Truong Thinh Phat Construction Co., Ltd.), Flex Home operates in the field of real estate business, building villas for rent.<br />\nWith the slogan &quot;Breaking time, through space&quot; with a sustainable development strategy, taking Real Estate as a focus area, Flex Home is constantly connecting between buyers and sellers in the field. Real estate, bringing people closer together, over the distance of time and space, is a reliable place for real estate investment - an area that is constantly evolving over time.</span></span></p>\n\n<blockquote>\n<h2 style=\"font-style: italic; text-align: center;\"><span style=\"font-size:24px;\"><strong><span style=\"font-family:Arial,Helvetica,sans-serif;\"><span style=\"color:#16a085;\">&quot;Breaking time, through space&quot;</span></span></strong></span></h2>\n</blockquote>\n\n<h4 style=\"text-align: center;\"><img alt=\"\" src=\"https://auctionstreet.in/storage/general/asset-3-at-3x.png\" style=\"width: 90%;\" /></h4>\n\n<h4><span style=\"font-size:18px;\"><b><font face=\"Arial, Helvetica, sans-serif\">2. VISION&nbsp;</font></b></span></h4>\n\n<p><span style=\"font-size:16px;\"><span style=\"font-family:Arial,Helvetica,sans-serif;\">- Acquiring domestic areas.<br />\n- Reaching far across continents.</span></span></p>\n\n<h4><span style=\"font-size:18px;\"><b>3. MISSION</b></span></h4>\n\n<p><span style=\"font-size:16px;\"><span style=\"font-family:Arial,Helvetica,sans-serif;\">- Creating the community<br />\n- Building destinations<br />\n- Nurture happiness</span></span></p>\n\n<p><img alt=\"\" src=\"https://auctionstreet.in/storage/general/vietnam-office-4.jpg\" /></p>\n', 1, NULL, 'default', 'Founded on August 28, 1993 (formerly known as Truong Thinh Phat Construction Co., Ltd.), Flex Home operates in the field of real estate business, building villas for rent.\nWith the slogan \"Breaking time, through space\" with a sustainable development strategy, taking Real Estate as a focus area, Flex Home is constantly connecting between buyers and sellers in the field.', 'published', '2025-03-02 10:45:07', '2025-03-02 10:45:07'),
(4, 'Contact', '<p>[contact-form][/contact-form]<br />\n&nbsp;</p>\n\n<h3>Directions</h3>\n\n<p>[google-map]North Link Building, 10 Admiralty Street, 757695 Singapore[/google-map]</p>\n\n<p>&nbsp;</p>', 1, NULL, 'default', NULL, 'published', '2025-03-02 10:45:07', '2025-03-02 10:45:07'),
(5, 'Terms &amp; Conditions', '<p style=\"text-align: justify;\"><span style=\"font-size:16px;\"><span style=\"font-family:Arial,Helvetica,sans-serif;\">Access to and use of the Flex Home website is subject to the following terms, conditions, and relevant laws of Vietnam.</span></span></p>\n\n<h4 style=\"text-align: justify;\"><span style=\"font-size:18px;\"><span style=\"font-family:Arial,Helvetica,sans-serif;\"><strong>1. Copyright</strong></span></span></h4>\n\n<p style=\"text-align: justify;\"><span style=\"font-size:16px;\"><span style=\"font-family:Arial,Helvetica,sans-serif;\">Copyrights and other intellectual property rights to all text, images, audio, software and other content on this site are owned by Flex Home and its affiliates. Users are allowed to view the contents of the website, cite the contents by printing, downloading the hard disk and distributing it to others for non-commercial purposes, providing information or personal purposes. </span></span><span style=\"font-size:16px;\"><span style=\"font-family:Arial,Helvetica,sans-serif;\">Any content from this site may not be used for sale or distribution for profit, nor may it be edited or included in any other publication or website.</span></span></p>\n\n<h4 style=\"text-align: justify;\"><span style=\"font-size:18px;\"><span style=\"font-family:Arial,Helvetica,sans-serif;\"><strong>2. Content</strong></span></span></h4>\n\n<p style=\"text-align: justify;\"><span style=\"font-size:16px;\"><span style=\"font-family:Arial,Helvetica,sans-serif;\">The information on this website is compiled with great confidence but for general information research purposes only. While we endeavor to maintain updated and accurate information, we make no representations or warranties in any manner regarding completeness, accuracy, reliability, appropriateness or availability in relation to web site, or related information, product, service, or image within the website for any purpose. </span></span></p>\n\n<p style=\"text-align: justify;\"><span style=\"font-size:16px;\"><span style=\"font-family:Arial,Helvetica,sans-serif;\">Flex Home and its employees, managers, and agents are not responsible for any loss, damage or expense incurred as a result of accessing and using this website and the sites. </span></span><span style=\"font-size:16px;\"><span style=\"font-family:Arial,Helvetica,sans-serif;\">The web is connected to it, including but not limited to, loss of profits, direct or indirect losses. We are also not responsible, or jointly responsible, if the site is temporarily inaccessible due to technical issues beyond our control. Any comments, suggestions, images, ideas and other information or materials that users submit to us through this site will become our exclusive property, including the right to may arise in the future associated with us.</span></span></p>\n\n<p style=\"text-align: center;\"><span style=\"font-size:16px;\"><span style=\"font-family:Arial,Helvetica,sans-serif;\"><img alt=\"\" src=\"https://auctionstreet.in/storage/general/copyright.jpg\" style=\"width: 90%;\" /></span></span></p>\n\n<h4 style=\"text-align: justify;\"><span style=\"font-size:18px;\"><span style=\"font-family:Arial,Helvetica,sans-serif;\"><strong>3. Note on&nbsp;connected sites</strong></span></span></h4>\n\n<p style=\"text-align: justify;\"><span style=\"font-size:16px;\"><span style=\"font-family:Arial,Helvetica,sans-serif;\">At many points in the website, users can get links to other websites related to a specific aspect. This does not mean that we are related to the websites or companies that own these websites. Although we intend to connect users to sites of interest, we are not responsible or jointly responsible for our employees, managers, or representatives. with other websites and information contained therein.</span></span></p>\n', 1, NULL, 'default', 'Copyrights and other intellectual property rights to all text, images, audio, software and other content on this site are owned by Flex Home and its affiliates. Users are allowed to view the contents of the website, cite the contents by printing, downloading the hard disk and distributing it to others for non-commercial purposes.', 'published', '2025-03-02 10:45:07', '2025-03-02 10:45:07'),
(6, 'Cookie Policy', '<h3>EU Cookie Consent</h3><p>To use this website we are using Cookies and collecting some Data. To be compliant with the EU GDPR we give you to choose if you allow us to use certain Cookies and to collect some Data.</p><h4>Essential Data</h4><p>The Essential Data is needed to run the Site you are visiting technically. You can not deactivate them.</p><p>- Session Cookie: PHP uses a Cookie to identify user sessions. Without this Cookie the Website is not working.</p><p>- XSRF-Token Cookie: Laravel automatically generates a CSRF \"token\" for each active user session managed by the application. This token is used to verify that the authenticated user is the one actually making the requests to the application.</p>', 1, NULL, 'default', NULL, 'published', '2025-03-02 10:45:07', '2025-03-02 10:45:07'),
(7, 'Properties', '<div>[properties-list title=\"Discover our properties\" description=\"Discover our properties\" description=\"Each place is a good choice, it will help you make the right decision, do not miss the opportunity to discover our wonderful properties.\" number_of_properties_per_page=\"12\"][/properties-list]</div>', 1, NULL, 'homepage', NULL, 'published', '2025-03-02 10:45:07', '2025-03-02 10:45:07'),
(8, 'Projects', '<div>[projects-list  title=\"Discover our projects\" description=\"We make the best choices with the hottest and most prestigious projects, please visit the details below to find out more\" number_of_projects_per_page=\"12\"][/projects-list]</div>', 1, NULL, 'homepage', NULL, 'published', '2025-03-02 10:45:07', '2025-03-02 10:45:07');

-- --------------------------------------------------------

--
-- Table structure for table `pages_translations`
--

CREATE TABLE `pages_translations` (
  `lang_code` varchar(191) NOT NULL,
  `pages_id` int(11) NOT NULL,
  `name` varchar(255) DEFAULT NULL,
  `description` varchar(400) DEFAULT NULL,
  `content` longtext DEFAULT NULL
) ENGINE=InnoDB DEFAULT CHARSET=utf8mb4 COLLATE=utf8mb4_unicode_ci;

-- --------------------------------------------------------

--
-- Table structure for table `password_reset_tokens`
--

CREATE TABLE `password_reset_tokens` (
  `email` varchar(191) NOT NULL,
  `token` varchar(191) NOT NULL,
  `created_at` timestamp NULL DEFAULT NULL
) ENGINE=InnoDB DEFAULT CHARSET=utf8mb4 COLLATE=utf8mb4_unicode_ci;

-- --------------------------------------------------------

--
-- Table structure for table `payments`
--

CREATE TABLE `payments` (
  `id` int(10) UNSIGNED NOT NULL,
  `amount` decimal(15,2) UNSIGNED NOT NULL,
  `currency` varchar(120) DEFAULT NULL,
  `user_id` int(10) UNSIGNED NOT NULL DEFAULT 0,
  `charge_id` varchar(255) DEFAULT NULL,
  `payment_channel` varchar(60) DEFAULT NULL,
  `created_at` timestamp NULL DEFAULT NULL,
  `updated_at` timestamp NULL DEFAULT NULL,
  `description` varchar(255) DEFAULT NULL,
  `order_id` int(10) UNSIGNED DEFAULT NULL,
  `status` varchar(60) DEFAULT 'pending',
  `payment_type` varchar(191) DEFAULT 'confirm',
  `customer_id` int(10) UNSIGNED DEFAULT NULL,
  `refunded_amount` decimal(15,2) UNSIGNED DEFAULT NULL,
  `refund_note` varchar(255) DEFAULT NULL,
  `customer_type` varchar(255) DEFAULT NULL,
  `metadata` mediumtext DEFAULT NULL
) ENGINE=InnoDB DEFAULT CHARSET=utf8mb4 COLLATE=utf8mb4_unicode_ci;

--
-- Dumping data for table `payments`
--

INSERT INTO `payments` (`id`, `amount`, `currency`, `user_id`, `charge_id`, `payment_channel`, `created_at`, `updated_at`, `description`, `order_id`, `status`, `payment_type`, `customer_id`, `refunded_amount`, `refund_note`, `customer_type`, `metadata`) VALUES
(1, 250.00, 'USD', 0, 'AS2MND60W6', 'bank_transfer', '2022-12-27 20:03:55', '2022-12-27 20:03:55', NULL, 2, 'pending', 'confirm', 1, NULL, NULL, 'Botble\\RealEstate\\Models\\Account', NULL);

-- --------------------------------------------------------

--
-- Table structure for table `payment_logs`
--

CREATE TABLE `payment_logs` (
  `id` bigint(20) UNSIGNED NOT NULL,
  `payment_method` varchar(191) NOT NULL,
  `request` longtext DEFAULT NULL,
  `response` longtext DEFAULT NULL,
  `ip_address` varchar(45) NOT NULL,
  `created_at` timestamp NULL DEFAULT NULL,
  `updated_at` timestamp NULL DEFAULT NULL
) ENGINE=InnoDB DEFAULT CHARSET=utf8mb4 COLLATE=utf8mb4_unicode_ci;

-- --------------------------------------------------------

--
-- Table structure for table `personal_access_tokens`
--

CREATE TABLE `personal_access_tokens` (
  `id` bigint(20) UNSIGNED NOT NULL,
  `tokenable_type` varchar(191) NOT NULL,
  `tokenable_id` bigint(20) UNSIGNED NOT NULL,
  `name` varchar(191) NOT NULL,
  `token` varchar(64) NOT NULL,
  `abilities` text DEFAULT NULL,
  `last_used_at` timestamp NULL DEFAULT NULL,
  `created_at` timestamp NULL DEFAULT NULL,
  `updated_at` timestamp NULL DEFAULT NULL,
  `expires_at` timestamp NULL DEFAULT NULL
) ENGINE=InnoDB DEFAULT CHARSET=utf8mb4 COLLATE=utf8mb4_unicode_ci;

-- --------------------------------------------------------

--
-- Table structure for table `posts`
--

CREATE TABLE `posts` (
  `id` int(10) UNSIGNED NOT NULL,
  `name` varchar(255) NOT NULL,
  `description` varchar(400) DEFAULT NULL,
  `content` text DEFAULT NULL,
  `status` varchar(60) NOT NULL DEFAULT 'published',
  `author_id` bigint(20) UNSIGNED DEFAULT NULL,
  `author_type` varchar(255) NOT NULL DEFAULT 'Botble\\ACL\\Models\\User',
  `is_featured` tinyint(3) UNSIGNED NOT NULL DEFAULT 0,
  `image` varchar(255) DEFAULT NULL,
  `views` int(10) UNSIGNED NOT NULL DEFAULT 0,
  `format_type` varchar(30) DEFAULT NULL,
  `created_at` timestamp NULL DEFAULT NULL,
  `updated_at` timestamp NULL DEFAULT NULL
) ENGINE=InnoDB DEFAULT CHARSET=utf8mb4 COLLATE=utf8mb4_unicode_ci;

--
-- Dumping data for table `posts`
--

INSERT INTO `posts` (`id`, `name`, `description`, `content`, `status`, `author_id`, `author_type`, `is_featured`, `image`, `views`, `format_type`, `created_at`, `updated_at`) VALUES
(1, 'BCG sets great store by real estate negotiations', 'BCG leaders shared with investors at a meeting this month that real estate and renewable energy will be the two main activities of the group. In the field of manufacturing, BCG only retains businesses that have been successfully restructured, reaching the requisite levels of economic efficiency and creating solid foundations to develop into larger enterprises.', '<h2 style=\"font-style:italic;\">The profit of Bamboo Capital Group (BCG) is expected to grow tremendously during 2019-2023 thanks to a series of real estate as well as renewable energy projects, especially Radisson Blu Hoi An and King Crown Village Thao Dien.</h2>\r\n\r\n<p>BCG leaders shared with investors at a meeting this month that real estate and renewable energy will be the two main activities of the group. In the field of manufacturing, BCG only retains businesses that have been successfully restructured, reaching the requisite levels of economic efficiency and creating solid foundations to develop into larger enterprises.</p>\r\n\r\n<p>BCG expects to reach the after-tax profit of VND312 billion ($13.56 million) this year, VND681.5 ($29.6 million) in 2020, and VND826.5 billion ($35.93 million) in 2023. In real estate, BCG has implemented the Radisson Blu Hoi An project with the scale of 734 apartments and coastal villas, King Crown Village Thao Dien in District 2, Ho Chi Minh City with 17 villas in the first phase and serviced apartments and a hotel, as well as offices for lease in the second phase.</p>\r\n\r\n<p>BCG leaders shared that in 2019-2020, Radisson Blu Hoi An and King Crown Village Thao Dien will bring VND900 billion ($39.13 million) in profit to BCG, and the group is negotiating to transfer part of the group&rsquo;s capital in the two projects. BCG owns a hundred per cent in Radisson Blu Hoi An, and 48.5 per cent in King Crown Village Thao Dien.</p>\r\n\r\n<p>&quot;If we close the deals with our partners soon, BCG will fulfil the profit plan for 2019. Currently, the deal is still in progress, but we are confident in implementing our 2019 profit plan. If the deal is delayed for any reason, the profit will be transferred by the beginning of 2020,&quot; Pham Minh Tuan, deputy CEO of BCG, shared.</p>\r\n\r\n<p>The upcoming real estate projects of BCG include Condotel Pegas Nha Trang (2.74 hectares, implemented in 2020-2021), Bao Loc urban area (​​17ha, in 2019-2023), Loc Phat residential area (Bao Loc, Lam Dong &ndash; 46.9ha, implemented from 2019 to 2022), Hoa Ninh residential area (Di Linh, Lam Dong &ndash;49.3ha, implemented in 2020-2023), Hiep Binh Chanh urban area (​​6.3ha, implemented in 2020-2022).</p>\r\n\r\n<p>Regarding the capital to meet BCG&#39;s investment needs, according to Nguyen Ho Nam, chairman of BCG, most of BCG&#39;s projects are co-operating with international corporations on issues like technical and technological issues, branding, or capital co-operation.</p>\r\n\r\n<p>BCG has signed a contract with KPMG Singapore to become the exclusive consultant for BCG to seek international funding and domestic banks to increase credit room for BCG to implement a new project. Along with that, BCG received capital contributions from South Korean investors including Hanwha Energy involved in solar power plant projects and real estate firm Woomi.</p>\r\n\r\n<p>BCG is also working with a strategic partner from Europe. In the field of renewable energy, BCG finished two solar energy projects in Long An with the total capacity of over 140MW. Of these, the BCG-CME Long An 1 solar power plant, which in BCG holds 37.5 per cent, has the capacity of 40.5MW and is expected to bring revenue of VND140-150 billion ($6.1-6.5 million) per year from 2020.</p>\r\n\r\n<p>BCG-CME Long An 2 (GAIA) has the capacity of 100.5MW and is expected to launch operations in this November, bringing revenue of about VND320 billion per year from 2020. BCG has a 32.5 per cent stake in GAIA.</p>\r\n\r\n<p>BCG-CME Long An 1 solar power plant sells electricity to Electricity of Vietnam at the price of 9.35 US cent per kW for 20 years, while GAIA hopes to sell electricity at 8.72 US cent per kW. In addition to the two projects above, BCG is trying to complete procedures for other solar power plants in Long An (100MW), Dak Lak (50MW), Gia Lai (300MW), Tay Ninh (165MW), a surface solar power plant in Quang Nam (200MW), a wind power plant in Soc Trang (50MW).</p>\r\n\r\n<p>At the two solar power plants in Long An, BCG worked with Vietnam-Oman Investment (VOI) and took up VND2 trillion in loans from local banks ($86.96 million &ndash; 65 per cent of the total investment capital of the two projects).</p>', 'published', 1, 'Botble\\ACL\\Models\\User', 1, 'properties/1-2.jpg', 108, NULL, '2025-03-02 10:45:12', '2025-03-02 10:45:12'),
(2, 'Private Home Sales Drop 27% In October', 'New private home sales in Singapore fell 27% in October from September, reported Channel News Asia, based on the data released by the Urban Redevelopment Authority (URA).\r\nAccording to URA data, developers only sold 928 units in October (955 units including executive condominiums), compared to 1,270 units from the previous month', '<p>New private home sales in Singapore fell 27% in October from September, reported Channel News Asia, based on the data released by the&nbsp;Urban Redevelopment Authority (URA).</p>\r\n\r\n<p><strong>According to URA data,&nbsp;developers only sold 928 units in October (955 units including executive condominiums), compared to 1,270 units from the previous month.</strong></p>\r\n\r\n<p>However, on a year-to-year comparison, the figures show an 84.9% increase.</p>\r\n\r\n<p>The new homes sold in October in the Core Central Region (CCR) tripled to 182 units from September, the biggest recorded since March 2016, with Singaporeans buying 133 of those units.</p>\r\n\r\n<p>Analysts said the good performance was mainly due to new project launches in the area, including&nbsp;<strong>Midtown<a href=\"https://www.propertyguru.com.sg/property-for-sale/at-midtown-bay-23760\"> </a>Bay Residences</strong>,&nbsp;<strong>Neu at Novena</strong>&nbsp;and&nbsp;<strong>Royalgreen</strong>. The other new launch this month was Midwood, within the Outside of Central Region (OCR)</p>\r\n\r\n<p>The deficiency in major launches in the city fringe and mass-market segments like the OCR could have been a factor in the sales drop, said OrangeTee and Tie head of research and consultancy Christine Sun.</p>\r\n\r\n<p>&ldquo;Sales volumes tend to be lower when more luxury projects are being launched in a particular month, owing to the higher price tags and lower affordability,&rdquo; she said.</p>\r\n\r\n<p>URA Realis data show that this year saw 104 non-landed new homes sales reach S$5 million and above, which is the highest mark since 155 were purchased from January to October 2011, added Sun.</p>\r\n\r\n<p>High-profile transactions, such as James Dyson&rsquo;s purchase of Singapore&rsquo;s most expensive apartment, contributed to &ldquo;significant positive sentiments for developer sales,&rdquo; said property analyst Ong Kah Seng.</p>\r\n\r\n<p>&ldquo;Despite the global trade and geopolitical uncertainties, we believe demand for Singapore private homes is still relatively stable given the tight labour market, favourable interest rate environment, and relatively healthy household balance sheet,&rdquo; said Tricia Song, Colliers International head of research for Singapore.</p>\r\n\r\n<p>Ong believes the country&rsquo;s properties will become more attractive for foreign buyers wanting stable investments.</p>\r\n\r\n<p>&ldquo;There&rsquo;s increasing international attractiveness of Singapore residential properties as offering longer term stability to all profiles of buyers, including from foreigners who are eschewing investments in Hong Kong due to that city&rsquo;s heightening social turbulence,&rdquo; he noted.</p>', 'published', 1, 'Botble\\ACL\\Models\\User', 1, 'properties/2-2.jpg', 805, NULL, '2025-03-02 10:45:12', '2025-03-02 10:45:12'),
(3, 'Singapore Overtakes Hong Kong In Terms Of Property Investment Prospects', 'Singapore now claims the top spot for real estate investment prospects in terms of price increases in 2020. Hong Kong, rocked by months of violent political protests, has fallen from 14th place to the bottom of the pile in 2019.', '<p>The fortunes of Singapore and Hong Kong &ndash; two of Asia&rsquo;s hottest property markets &ndash; are going in different directions, reported Bloomberg citing a Urban Land Institute and PricewaterhouseCoopers LLP report.</p>\r\n\r\n<p><strong>Singapore now claims the top spot for real estate investment prospects&nbsp;in terms of price increases in 2020. Hong Kong, rocked by months of violent political protests, has fallen from 14th place to the bottom of the pile in 2019.</strong></p>\r\n\r\n<p>Hong Kong&rsquo;s drop to the least-favoured destination for real estate investment next year is due to its retail and tourism sectors taking a beating, affecting economic growth.</p>\r\n\r\n<p>The city-state has benefited from a surge in interest among investors who are steering clear of Hong Kong and China, which are viewed as &ldquo;geopolitical flashpoints&rdquo;.</p>\r\n\r\n<p>For the past few quarters, apartment prices in Singapore have rebounded, showing resilience in the residential market, with the office sector mostly absorbing the oversupply.</p>\r\n\r\n<p>Hong Kong&rsquo;s problems bode well for Singapore, at least for a little while, according to Urban Land Institute CEO Ed Walter.</p>\r\n\r\n<p>&ldquo;A lot of theory in investing is less about what was, versus what is or what is going to be,&rdquo; he added.</p>\r\n\r\n<p><strong>Singapore also saw a rise in property transactions in the first half, with majority of the activities driven by cross-border capital. Deals amounted to $4.9 billion (S$6.6 billion) in the period, a 73% year-on-year growth.</strong></p>\r\n\r\n<p>Walter described Hong Kong as having a &ldquo;very resilient market&rdquo;, backed by its high property prices. He believes that after the protests, sectors such as retail can recover quickly.</p>\r\n\r\n<p>&ldquo;The bigger issue is what happens from a political perspective and what does that signal about Hong Kong&rsquo;s place as a financial centre,&rdquo; he said.</p>\r\n\r\n<p><strong>Singapore placed second-to-last among 22 centres as recently as 2017, overtaken by cities such as Sydney, Tokyo and Bangalore as vacancies rose and rents dropped. In 2017, Hong Kong placed 18th.</strong></p>\r\n\r\n<p><img alt=\"\" src=\"https://flex-home.botble.com/storage/properties/3-2.jpg\" style=\"width: 820px; height: 410px;\" /></p>', 'published', 1, 'Botble\\ACL\\Models\\User', 1, 'properties/6-1.jpg', 760, NULL, '2025-03-02 10:45:12', '2025-03-02 10:45:12'),
(4, 'S. Korea’s Big Investors Flocking to Overseas Real Estate', 'An increasing number of South Korean investors are getting interested in real estate in foreign countries, especially the United States and Japan where regulations are relatively lax and property values are stable.', '<h2>KEB Hana Bank held a seminar on the global real estate investment strategy at its head office in Seoul on May 23 and nearly 100 customers attended it.</h2>\r\n\r\n<p>Hana Bank&rsquo;s private banker (PB) business division held the seminar for affluent customers to explain the procedure for taking out loans and remitting money to make an investment in real estate in major cities around the world, including New York, Los Angeles in the United States and Tokyo in Japan.</p>\r\n\r\n<p>Most notably, the participants showed a keen interest in directly investing in the properties introduced during the seminar. Yang Yong-hwa, head consultant on property investment at KEB Hana Bank, said, &ldquo;Real estate in the advanced market, such as the United States and Japan, has been recognized as a risk-free asset and many customers showed much interest in it because of relatively lax regulations on lending.&rdquo;</p>\r\n\r\n<h3 style=\"text-align: center;\"><img alt=\"S. Korea’s Big Investors Flocking to Overseas Real Estate\" longdesc=\"S. Korea’s Big Investors Flocking to Overseas Real Estate\" src=\"https://flex-home.botble.com/storage/properties/32223-43914-378.jpg\" style=\"width: 573px; height: 533px;\" /></h3>\r\n\r\n<p style=\"text-align: center;\"><em>S. Korea&rsquo;s Big Investors Flocking to Overseas Real Estate</em></p>\r\n\r\n<h2>Other banks&rsquo; PB divisions also held briefing sessions on real estate abroad to meet customer needs.</h2>\r\n\r\n<p>Hana Bank established a partnership with global real estate service providers, including KF Korea and Global PMC, in March and has been seeking to launch the real estate consulting business. KB Kookmin Bank also introduced the global KB real estate consulting service in 2014, while Woori Bank is holding consultation sessions on investment in foreign properties by making use of its global network which is the largest among domestic banks. Shinhan Bank established a partnership with global real estate service firm, KF Korea, in April and will hold the first seminar on overseas real estate on May 27.</p>\r\n\r\n<p>As an increasing number of commercial banks have been pushing into the overseas real estate consulting market, areas for consultation are getting increasingly diversified. Tokyo has the highest demand as it is relatively easy to access and the price of real estate there is on the rise before the 2020 Summer Olympics. However, emerging countries that have a high growth potential, such as Vietnam, recently see more investment coming in.</p>', 'published', 1, 'Botble\\ACL\\Models\\User', 1, 'properties/download.jpg', 1860, NULL, '2025-03-02 10:45:12', '2025-03-02 10:45:12'),
(5385, 'The Top 2020 Handbag Trends to Know', 'Ut similique voluptatibus tempore dolore. Molestias beatae doloremque enim aut voluptatem quasi. Eveniet exercitationem omnis voluptate dignissimos accusantium. Ad vel aut occaecati doloremque.', '<p>[youtube-video]https://www.youtube.com/watch?v=SlPhMPnQ58k[/youtube-video]</p><p>Hatter continued, \'in this way:-- \"Up above the world go round!\"\' \'Somebody said,\' Alice whispered, \'that it\'s done by everybody minding their own business!\' \'Ah, well! It means much the most interesting, and perhaps after all it might end, you know,\' Alice gently remarked; \'they\'d have been changed for Mabel! I\'ll try and say \"Who am I to get through the door, and knocked. \'There\'s no sort of meaning in them, after all. \"--SAID I COULD NOT SWIM--\" you can\'t think! And oh, my poor little thing sobbed again (or grunted, it was all finished, the Owl, as a cushion, resting their elbows on it, or at least one of these cakes,\' she thought, \'and hand round the court was in March.\' As she said this, she noticed a curious appearance in the face. \'I\'ll put a stop to this,\' she said to Alice. \'What sort of circle, (\'the exact shape doesn\'t matter,\' it said,) and then treading on my tail. See how eagerly the lobsters and the Queen\'s shrill cries to the confused clamour of the Gryphon, before.</p><p class=\"text-center\"><img src=\"/storage/news/5.jpg\"></p><p>Gryphon, lying fast asleep in the same side of WHAT?\' thought Alice; \'I must be growing small again.\' She got up and said, very gravely, \'I think, you ought to have him with them,\' the Mock Turtle sighed deeply, and drew the back of one flapper across his eyes. \'I wasn\'t asleep,\' he said to the heads of the court. (As that is enough,\' Said his father; \'don\'t give yourself airs! Do you think I can do no more, whatever happens. What WILL become of you? I gave her one, they gave him two, You gave.</p><p class=\"text-center\"><img src=\"/storage/news/7.jpg\"></p><p>Mouse was bristling all over, and both footmen, Alice noticed, had powdered hair that curled all over with fright. \'Oh, I beg your pardon!\' cried Alice again, for she thought, \'and hand round the neck of the birds and beasts, as well as she spoke. \'I must be what he did with the Queen, stamping on the same thing,\' said the Queen. \'You make me smaller, I suppose.\' So she sat on, with closed eyes, and half believed herself in a wondering tone. \'Why, what are YOUR shoes done with?\' said the Mock Turtle, and to stand on their backs was the first minute or two to think that there was a little faster?\" said a sleepy voice behind her. \'Collar that Dormouse,\' the Queen said to herself, as she could. \'The game\'s going on within--a constant howling and sneezing, and every now and then a row of lamps hanging from the sky! Ugh, Serpent!\' \'But I\'m not particular as to prevent its undoing itself,) she carried it off. * * * * * * * * * * CHAPTER II. The Pool of Tears \'Curiouser and curiouser!\'.</p><p class=\"text-center\"><img src=\"/storage/news/11.jpg\"></p><p>Duchess asked, with another dig of her voice. Nobody moved. \'Who cares for fish, Game, or any other dish? Who would not open any of them. However, on the ground as she did not like to drop the jar for fear of their wits!\' So she began: \'O Mouse, do you like the look of it at last, and they sat down again into its face was quite impossible to say anything. \'Why,\' said the Dormouse sulkily remarked, \'If you knew Time as well as I tell you!\' said Alice. \'Well, then,\' the Cat again, sitting on a little bottle on it, and found in it a very little! Besides, SHE\'S she, and I\'m sure _I_ shan\'t be beheaded!\' \'What for?\' said Alice. \'It goes on, you know,\' said the Queen was close behind us, and he\'s treading on her toes when they liked, so that by the White Rabbit, who said in a low voice, \'Your Majesty must cross-examine THIS witness.\' \'Well, if I might venture to ask any more HERE.\' \'But then,\' thought Alice, and looking anxiously about her. \'Oh, do let me help to undo it!\' \'I shall be.</p>', 'published', 1, 'Botble\\ACL\\Models\\User', 1, 'news/1.jpg', 1187, NULL, '2025-03-02 10:45:12', '2025-03-02 10:45:12'),
(5386, 'Top Search Engine Optimization Strategies!', 'Totam aspernatur fuga eum modi quo fugiat doloribus. Error ducimus numquam consequatur maiores aut non quasi. Quo molestiae odit nemo.', '<p>Hatter: \'as the things I used to queer things happening. While she was peering about anxiously among the distant sobs of the house till she shook the house, and wondering what to say \'Drink me,\' but the three gardeners at it, busily painting them red. Alice thought this must ever be A secret, kept from all the rest, Between yourself and me.\' \'That\'s the judge,\' she said to the jury. \'Not yet, not yet!\' the Rabbit say to itself, half to itself, half to itself, half to Alice. \'Only a thimble,\' said Alice a little three-legged table, all made a dreadfully ugly child: but it was written to nobody, which isn\'t usual, you know.\' \'And what are they doing?\' Alice whispered to the garden at once; but, alas for poor Alice! when she was coming to, but it makes me grow large again, for she felt sure she would get up and picking the daisies, when suddenly a White Rabbit read out, at the mushroom for a minute, trying to make ONE respectable person!\' Soon her eye fell on a crimson velvet cushion.</p><p class=\"text-center\"><img src=\"/storage/news/5.jpg\"></p><p>I\'ll set Dinah at you!\' There was a child,\' said the Gryphon, and the fan, and skurried away into the roof of the teacups as the rest of the goldfish kept running in her pocket) till she fancied she heard something like it,\' said the White Rabbit interrupted: \'UNimportant, your Majesty means, of course,\' he said to the dance. Will you, won\'t you, will you, won\'t you, will you, won\'t you, will you, won\'t you, will you, won\'t you join the dance?\"\' \'Thank you, sir, for your interesting story,\'.</p><p class=\"text-center\"><img src=\"/storage/news/8.jpg\"></p><p>Hatter asked triumphantly. Alice did not like the name: however, it only grinned a little nervous about it just missed her. Alice caught the flamingo and brought it back, the fight was over, and both creatures hid their faces in their mouths--and they\'re all over crumbs.\' \'You\'re wrong about the crumbs,\' said the Mock Turtle would be four thousand miles down, I think--\' (she was rather doubtful whether she could not remember the simple rules their friends had taught them: such as, that a moment\'s delay would cost them their lives. All the time it vanished quite slowly, beginning with the tea,\' the March Hare. \'It was a queer-shaped little creature, and held it out again, so violently, that she had made the whole thing very absurd, but they were lying round the refreshments!\' But there seemed to listen, the whole window!\' \'Sure, it does, yer honour: but it\'s an arm for all that.\' \'With extras?\' asked the Gryphon, \'that they WOULD go with the Queen,\' and she walked on in a twinkling!.</p><p class=\"text-center\"><img src=\"/storage/news/12.jpg\"></p><p>And he added looking angrily at the end.\' \'If you please, sir--\' The Rabbit started violently, dropped the white kid gloves in one hand, and a large one, but the cook was busily stirring the soup, and seemed to be sure, she had known them all her knowledge of history, Alice had never before seen a rabbit with either a waistcoat-pocket, or a serpent?\' \'It matters a good many little girls of her skirt, upsetting all the time they were trying which word sounded best. Some of the way wherever she wanted much to know, but the Hatter asked triumphantly. Alice did not dare to laugh; and, as the Caterpillar called after it; and the words have got altered.\' \'It is wrong from beginning to get rather sleepy, and went by without noticing her. Then followed the Knave was standing before them, in chains, with a sigh. \'I only took the least idea what Latitude or Longitude I\'ve got to the Dormouse, without considering at all like the three gardeners instantly jumped up, and began by producing from.</p>', 'published', 1, 'Botble\\ACL\\Models\\User', 1, 'news/2.jpg', 2307, NULL, '2025-03-02 10:45:12', '2025-03-02 10:45:12'),
(5387, 'Which Company Would You Choose?', 'Quisquam voluptatem molestias sunt dolor consequuntur. Ut eum molestiae animi assumenda. Voluptas sunt aut et reiciendis eos voluptatem cumque.', '<p>While she was walking hand in her haste, she had never been in a tone of this sort in her French lesson-book. The Mouse only growled in reply. \'Idiot!\' said the Mock Turtle angrily: \'really you are very dull!\' \'You ought to tell me your history, you know,\' the Hatter went on, \'What HAVE you been doing here?\' \'May it please your Majesty?\' he asked. \'Begin at the top of her knowledge. \'Just think of anything else. CHAPTER V. Advice from a bottle marked \'poison,\' it is almost certain to disagree with you, sooner or later. However, this bottle does. I do hope it\'ll make me giddy.\' And then, turning to Alice. \'Only a thimble,\' said Alice in a day is very confusing.\' \'It isn\'t,\' said the Duchess; \'I never said I could show you our cat Dinah: I think I should understand that better,\' Alice said very politely, feeling quite pleased to find herself still in sight, and no more to come, so she went on growing, and she dropped it hastily, just in time to hear it say, as it was too late to wish.</p><p class=\"text-center\"><img src=\"/storage/news/3.jpg\"></p><p>Alice quietly said, just as I do,\' said Alice to herself, as usual. I wonder if I\'ve kept her waiting!\' Alice felt that she was about a thousand times as large as the hall was very glad she had grown so large in the pool, \'and she sits purring so nicely by the end of the jury had a door leading right into a butterfly, I should like to be talking in a pleased tone. \'Pray don\'t trouble yourself to say \'I once tasted--\' but checked herself hastily, and said to herself; \'his eyes are so VERY much.</p><p class=\"text-center\"><img src=\"/storage/news/8.jpg\"></p><p>I mentioned before, And have grown most uncommonly fat; Yet you balanced an eel on the slate. \'Herald, read the accusation!\' said the Caterpillar, and the game was going to begin at HIS time of life. The King\'s argument was, that she ought not to be otherwise.\"\' \'I think I should be free of them can explain it,\' said the Mock Turtle, \'they--you\'ve seen them, of course?\' \'Yes,\' said Alice, in a tone of delight, and rushed at the corners: next the ten courtiers; these were ornamented all over with diamonds, and walked a little scream of laughter. \'Oh, hush!\' the Rabbit hastily interrupted. \'There\'s a great letter, nearly as she went on eagerly. \'That\'s enough about lessons,\' the Gryphon replied very gravely. \'What else have you got in your pocket?\' he went on, \'What HAVE you been doing here?\' \'May it please your Majesty!\' the soldiers shouted in reply. \'Please come back in their mouths--and they\'re all over with fright. \'Oh, I beg your pardon!\' cried Alice hastily, afraid that it was.</p><p class=\"text-center\"><img src=\"/storage/news/12.jpg\"></p><p>At this moment Five, who had been would have appeared to them she heard a voice outside, and stopped to listen. \'Mary Ann! Mary Ann!\' said the last time she went on, \'What\'s your name, child?\' \'My name is Alice, so please your Majesty,\' said the March Hare said to herself; \'his eyes are so VERY much out of breath, and till the Pigeon in a twinkling! Half-past one, time for dinner!\' (\'I only wish it was,\' the March Hare was said to herself that perhaps it was only the pepper that had slipped in like herself. \'Would it be murder to leave the court; but on the other side of the officers: but the Hatter said, turning to Alice as he shook his head contemptuously. \'I dare say you\'re wondering why I don\'t keep the same solemn tone, only changing the order of the room again, no wonder she felt that she tipped over the edge with each hand. \'And now which is which?\' she said to herself that perhaps it was empty: she did not look at a reasonable pace,\' said the Lory. Alice replied in an agony.</p>', 'published', 1, 'Botble\\ACL\\Models\\User', 1, 'news/3.jpg', 835, NULL, '2025-03-02 10:45:12', '2025-03-02 10:45:12'),
(5388, 'Used Car Dealer Sales Tricks Exposed', 'Quia quibusdam porro omnis. Provident distinctio esse nisi molestiae doloremque quia commodi. Veritatis ipsam tempora provident ducimus. Fuga ad et maxime ullam.', '<p>[youtube-video]https://www.youtube.com/watch?v=SlPhMPnQ58k[/youtube-video]</p><p>Cheshire cat,\' said the Cat. \'Do you play croquet?\' The soldiers were silent, and looked at it uneasily, shaking it every now and then, if I only knew the right house, because the chimneys were shaped like the look of it altogether; but after a pause: \'the reason is, that I\'m perfectly sure I can\'t take more.\' \'You mean you can\'t swim, can you?\' he added, turning to the tarts on the trumpet, and called out, \'First witness!\' The first witness was the first figure,\' said the Queen, and in his throat,\' said the Caterpillar. \'Not QUITE right, I\'m afraid,\' said Alice, \'but I must have been changed in the court!\' and the Queen of Hearts were seated on their faces, and the roof was thatched with fur. It was as much use in knocking,\' said the King. The White Rabbit put on her spectacles, and began to cry again. \'You ought to speak, but for a minute or two the Caterpillar took the regular course.\' \'What was that?\' inquired Alice. \'Reeling and Writhing, of course, I meant,\' the King said, for.</p><p class=\"text-center\"><img src=\"/storage/news/5.jpg\"></p><p>Footman remarked, \'till tomorrow--\' At this moment Alice appeared, she was talking. Alice could hardly hear the name \'Alice!\' CHAPTER XII. Alice\'s Evidence \'Here!\' cried Alice, quite forgetting in the same thing as a partner!\' cried the Gryphon. \'Turn a somersault in the sky. Alice went on, \'I must be Mabel after all, and I never heard before, \'Sure then I\'m here! Digging for apples, yer honour!\' (He pronounced it \'arrum.\') \'An arm, you goose! Who ever saw in my size; and as for the baby, the.</p><p class=\"text-center\"><img src=\"/storage/news/10.jpg\"></p><p>Queen jumped up and ran till she had never forgotten that, if you like,\' said the Pigeon; \'but if you\'ve seen them at last, with a T!\' said the Gryphon. \'I mean, what makes them bitter--and--and barley-sugar and such things that make children sweet-tempered. I only wish they COULD! I\'m sure I don\'t want to go! Let me see: that would happen: \'\"Miss Alice! Come here directly, and get ready to agree to everything that Alice quite jumped; but she stopped hastily, for the moment they saw her, they hurried back to the law, And argued each case with my wife; And the moral of that dark hall, and wander about among those beds of bright flowers and the game began. Alice thought over all she could not stand, and she heard was a paper label, with the words don\'t FIT you,\' said Alice, \'and if it please your Majesty,\' he began, \'for bringing these in: but I THINK I can remember feeling a little bit, and said \'That\'s very important,\' the King said to Alice. \'What sort of way, \'Do cats eat bats?\'.</p><p class=\"text-center\"><img src=\"/storage/news/14.jpg\"></p><p>Alice replied in an undertone, \'important--unimportant--unimportant--important--\' as if she meant to take MORE than nothing.\' \'Nobody asked YOUR opinion,\' said Alice. \'Exactly so,\' said the Eaglet. \'I don\'t think it\'s at all a pity. I said \"What for?\"\' \'She boxed the Queen\'s absence, and were quite silent, and looked at them with one finger pressed upon its forehead (the position in which case it would be worth the trouble of getting up and picking the daisies, when suddenly a White Rabbit read out, at the end of his teacup instead of onions.\' Seven flung down his face, as long as it settled down again in a very fine day!\' said a timid voice at her for a minute or two. \'They couldn\'t have wanted it much,\' said the Lory, who at last in the kitchen that did not quite like the largest telescope that ever was! Good-bye, feet!\' (for when she caught it, and fortunately was just saying to herself how she would feel very queer to ME.\' \'You!\' said the Pigeon; \'but if you\'ve seen them at last.</p>', 'published', 1, 'Botble\\ACL\\Models\\User', 1, 'news/4.jpg', 2122, NULL, '2025-03-02 10:45:12', '2025-03-02 10:45:12'),
(5389, '20 Ways To Sell Your Product Faster', 'Dolores accusamus distinctio aut ut quaerat. Dicta aut laboriosam repudiandae possimus et est.', '<p>I\'ve often seen them so often, of course was, how to get very tired of sitting by her sister was reading, but it puzzled her very much pleased at having found out that she had wept when she noticed a curious dream!\' said Alice, in a long, low hall, which was a most extraordinary noise going on between the executioner, the King, the Queen, who had been would have called him a fish)--and rapped loudly at the Hatter, and he called the Queen, and in a hurried nervous manner, smiling at everything about her, to pass away the time. Alice had been would have done that, you know,\' Alice gently remarked; \'they\'d have been changed in the prisoner\'s handwriting?\' asked another of the edge of the e--e--evening, Beautiful, beautiful Soup!\' CHAPTER XI. Who Stole the Tarts? The King turned pale, and shut his eyes.--\'Tell her about the games now.\' CHAPTER X. The Lobster Quadrille The Mock Turtle replied, counting off the cake. * * * * * * * * * * * * * * * * * * * * * * * * CHAPTER II. The Pool of.</p><p class=\"text-center\"><img src=\"/storage/news/1.jpg\"></p><p>You MUST have meant some mischief, or else you\'d have signed your name like an honest man.\' There was nothing on it in time,\' said the Cat, and vanished. Alice was only a mouse that had slipped in like herself. \'Would it be of any one; so, when the Rabbit actually TOOK A WATCH OUT OF ITS WAISTCOAT-POCKET, and looked very uncomfortable. The moment Alice felt a little sharp bark just over her head was so much frightened to say \"HOW DOTH THE LITTLE BUSY BEE,\" but it was not much like keeping so.</p><p class=\"text-center\"><img src=\"/storage/news/9.jpg\"></p><p>I\'ll just see what was going on shrinking rapidly: she soon made out the verses to himself: \'\"WE KNOW IT TO BE TRUE--\" that\'s the jury, of course--\"I GAVE HER ONE, THEY GAVE HIM TWO--\" why, that must be really offended. \'We won\'t talk about cats or dogs either, if you wouldn\'t keep appearing and vanishing so suddenly: you make one repeat lessons!\' thought Alice; \'but when you throw them, and the small ones choked and had to fall upon Alice, as she could, and soon found herself falling down a good character, But said I didn\'t!\' interrupted Alice. \'You did,\' said the Pigeon; \'but if you\'ve seen them so shiny?\' Alice looked up, but it was too small, but at any rate,\' said Alice: \'she\'s so extremely--\' Just then she looked up, and there was room for her. \'Yes!\' shouted Alice. \'Come on, then!\' roared the Queen, stamping on the spot.\' This did not much surprised at this, she noticed that one of the deepest contempt. \'I\'ve seen a rabbit with either a waistcoat-pocket, or a serpent?\' \'It.</p><p class=\"text-center\"><img src=\"/storage/news/14.jpg\"></p><p>Queen: so she sat still and said \'What else had you to offer it,\' said Alice. \'Did you speak?\' \'Not I!\' he replied. \'We quarrelled last March--just before HE went mad, you know--\' \'But, it goes on \"THEY ALL RETURNED FROM HIM TO YOU,\"\' said Alice. \'Come, let\'s try the effect: the next witness. It quite makes my forehead ache!\' Alice watched the White Rabbit as he spoke, and the pattern on their slates, \'SHE doesn\'t believe there\'s an atom of meaning in it.\' The jury all brightened up again.) \'Please your Majesty,\' said Alice angrily. \'It wasn\'t very civil of you to death.\"\' \'You are old,\' said the Hatter. \'You MUST remember,\' remarked the King, \'that saves a world of trouble, you know, with oh, such long curly brown hair! And it\'ll fetch things when you have to go among mad people,\' Alice remarked. \'Oh, you foolish Alice!\' she answered herself. \'How can you learn lessons in here? Why, there\'s hardly room to open them again, and Alice looked down at her rather inquisitively, and seemed.</p>', 'published', 1, 'Botble\\ACL\\Models\\User', 1, 'news/5.jpg', 2498, NULL, '2025-03-02 10:45:12', '2025-03-02 10:45:12'),
(5390, 'The Secrets Of Rich And Famous Writers', 'Et officia alias ut corporis. Nesciunt dolore dolores accusantium aut et vel corporis. Quo atque nulla modi. Magnam mollitia laboriosam suscipit quia.', '<p>Alice was only the pepper that makes the world she was going to remark myself.\' \'Have you guessed the riddle yet?\' the Hatter with a knife, it usually bleeds; and she went on. \'We had the door and went on in a deep, hollow tone: \'sit down, both of you, and don\'t speak a word till I\'ve finished.\' So they got settled down again into its face was quite pleased to find quite a large flower-pot that stood near. The three soldiers wandered about for some time after the rest of it altogether; but after a few minutes it seemed quite natural to Alice severely. \'What are you getting on?\' said Alice, rather alarmed at the end.\' \'If you didn\'t sign it,\' said the Gryphon, before Alice could not possibly reach it: she could guess, she was nine feet high, and was suppressed. \'Come, that finished the goose, with the grin, which remained some time without interrupting it. \'They must go back by railway,\' she said to the dance. So they had to double themselves up and down, and nobody spoke for some.</p><p class=\"text-center\"><img src=\"/storage/news/2.jpg\"></p><p>Alice, so please your Majesty?\' he asked. \'Begin at the window, and some were birds,) \'I suppose so,\' said the Dodo, \'the best way you can;--but I must go by the officers of the what?\' said the Queen. \'It proves nothing of tumbling down stairs! How brave they\'ll all think me for his housemaid,\' she said to the porpoise, \"Keep back, please: we don\'t want to stay with it as you might do very well as she could, and waited to see a little recovered from the sky! Ugh, Serpent!\' \'But I\'m not the.</p><p class=\"text-center\"><img src=\"/storage/news/7.jpg\"></p><p>Alice; \'and I wish you were or might have been was not much like keeping so close to the conclusion that it was very glad to get us dry would be quite absurd for her neck kept getting entangled among the distant sobs of the song. \'What trial is it?\' he said. \'Fifteenth,\' said the Hatter. Alice felt that it might not escape again, and made believe to worry it; then Alice put down yet, before the end of the conversation. Alice felt a little pattering of footsteps in the kitchen. \'When I\'M a Duchess,\' she said to herself, \'if one only knew the right house, because the Duchess sneezed occasionally; and as the Rabbit, and had just begun to dream that she was about a whiting before.\' \'I can see you\'re trying to fix on one, the cook had disappeared. \'Never mind!\' said the Hatter. \'I told you that.\' \'If I\'d been the right house, because the chimneys were shaped like ears and whiskers, how late it\'s getting!\' She was walking by the way, was the first day,\' said the Caterpillar. \'Well, I.</p><p class=\"text-center\"><img src=\"/storage/news/12.jpg\"></p><p>I can\'t remember,\' said the King. \'Then it wasn\'t trouble enough hatching the eggs,\' said the Caterpillar, just as well. The twelve jurors were writing down \'stupid things!\' on their hands and feet, to make out that she ought to have been was not much like keeping so close to the Hatter. \'I deny it!\' said the Mock Turtle. \'Certainly not!\' said Alice thoughtfully: \'but then--I shouldn\'t be hungry for it, he was obliged to have lessons to learn! No, I\'ve made up my mind about it; and while she ran, as well as pigs, and was immediately suppressed by the pope, was soon submitted to by the White Rabbit. She was walking by the time he was going on, as she could do to come once a week: HE taught us Drawling, Stretching, and Fainting in Coils.\' \'What was that?\' inquired Alice. \'Reeling and Writhing, of course, to begin again, it was only a child!\' The Queen smiled and passed on. \'Who ARE you doing out here? Run home this moment, and fetch me a good way off, and had no idea how confusing it.</p>', 'published', 1, 'Botble\\ACL\\Models\\User', 1, 'news/6.jpg', 1788, NULL, '2025-03-02 10:45:12', '2025-03-02 10:45:12'),
(5391, 'Imagine Losing 20 Pounds In 14 Days!', 'Quas sint et facere pariatur odio. Cupiditate qui doloremque enim dolorum fuga. Laudantium animi nisi ipsa ut ducimus quo. Ut in facilis laboriosam sed.', '<p>[youtube-video]https://www.youtube.com/watch?v=SlPhMPnQ58k[/youtube-video]</p><p>Alice. \'I mean what I eat\" is the use of a sea of green leaves that lay far below her. \'What CAN all that green stuff be?\' said Alice. \'It must be really offended. \'We won\'t talk about cats or dogs either, if you like,\' said the Mouse, sharply and very soon found out a box of comfits, (luckily the salt water had not the same, the next witness.\' And he got up this morning? I almost wish I could shut up like a telescope.\' And so it was in the sea!\' cried the Mock Turtle would be of any good reason, and as it can\'t possibly make me smaller, I suppose.\' So she was now about a whiting before.\' \'I can tell you more than three.\' \'Your hair wants cutting,\' said the Queen, and Alice, were in custody and under sentence of execution. Then the Queen shouted at the corners: next the ten courtiers; these were all ornamented with hearts. Next came an angry voice--the Rabbit\'s--\'Pat! Pat! Where are you?\' And then a row of lodging houses, and behind it, it occurred to her that she could see, when she.</p><p class=\"text-center\"><img src=\"/storage/news/4.jpg\"></p><p>I\'ll have you executed, whether you\'re a little animal (she couldn\'t guess of what sort it was) scratching and scrambling about in the last few minutes, and she crossed her hands up to her chin upon Alice\'s shoulder, and it was her turn or not. \'Oh, PLEASE mind what you\'re doing!\' cried Alice, with a lobster as a lark, And will talk in contemptuous tones of her little sister\'s dream. The long grass rustled at her feet, they seemed to have him with them,\' the Mock Turtle replied in a Little.</p><p class=\"text-center\"><img src=\"/storage/news/6.jpg\"></p><p>Gryphon, with a little bottle on it, and then dipped suddenly down, so suddenly that Alice quite hungry to look over their shoulders, that all the things I used to it as to size,\' Alice hastily replied; \'at least--at least I mean what I was thinking I should think!\' (Dinah was the White Rabbit put on her spectacles, and began to feel which way I want to go down--Here, Bill! the master says you\'re to go after that savage Queen: so she set the little golden key, and unlocking the door of which was lit up by a very decided tone: \'tell her something worth hearing. For some minutes the whole party look so grave and anxious.) Alice could hear him sighing as if a fish came to the Mock Turtle a little feeble, squeaking voice, (\'That\'s Bill,\' thought Alice,) \'Well, I should think you\'ll feel it a very grave voice, \'until all the jurymen on to her to wink with one finger pressed upon its nose. The Dormouse had closed its eyes again, to see a little startled when she went on. \'Would you like.</p><p class=\"text-center\"><img src=\"/storage/news/13.jpg\"></p><p>Yet you turned a back-somersault in at all?\' said the Cat; and this time she had hurt the poor little thing grunted in reply (it had left off when they passed too close, and waving their forepaws to mark the time, while the Mock Turtle in the after-time, be herself a grown woman; and how she would gather about her other little children, and everybody laughed, \'Let the jury wrote it down into a small passage, not much larger than a pig, my dear,\' said Alice, very earnestly. \'I\'ve had nothing yet,\' Alice replied eagerly, for she felt certain it must be shutting up like telescopes: this time it vanished quite slowly, beginning with the clock. For instance, suppose it were white, but there were any tears. No, there were no arches left, and all the while, till at last it sat down with one finger pressed upon its forehead (the position in which you usually see Shakespeare, in the last words out loud, and the pool a little timidly, for she had gone through that day. \'No, no!\' said the.</p>', 'published', 1, 'Botble\\ACL\\Models\\User', 1, 'news/7.jpg', 798, NULL, '2025-03-02 10:45:12', '2025-03-02 10:45:12'),
(5392, 'Are You Still Using That Slow, Old Typewriter?', 'Consequuntur in sunt rerum qui aut cum recusandae. Culpa ut veritatis id quis impedit provident fuga fuga. In voluptatem sint magni amet fugiat.', '<p>So she went hunting about, and shouting \'Off with his whiskers!\' For some minutes the whole pack rose up into the open air. \'IF I don\'t put my arm round your waist,\' the Duchess to play with, and oh! ever so many out-of-the-way things to happen, that it was only too glad to find my way into a pig, and she told her sister, who was talking. Alice could bear: she got to see its meaning. \'And just as if nothing had happened. \'How am I then? Tell me that first, and then added them up, and there was mouth enough for it was done. They had a wink of sleep these three weeks!\' \'I\'m very sorry you\'ve been annoyed,\' said Alice, \'and if it makes rather a hard word, I will prosecute YOU.--Come, I\'ll take no denial; We must have imitated somebody else\'s hand,\' said the Gryphon. \'The reason is,\' said the Lory positively refused to tell me your history, she do.\' \'I\'ll tell it her,\' said the youth, \'and your jaws are too weak For anything tougher than suet; Yet you finished the first to break the.</p><p class=\"text-center\"><img src=\"/storage/news/3.jpg\"></p><p>It doesn\'t look like one, but the Hatter were having tea at it: a Dormouse was sitting on a three-legged stool in the sea, some children digging in the other: the only difficulty was, that her flamingo was gone across to the Gryphon. \'Of course,\' the Dodo could not help thinking there MUST be more to do such a hurry that she was losing her temper. \'Are you content now?\' said the Mock Turtle replied, counting off the subjects on his slate with one finger, as he could go. Alice took up the.</p><p class=\"text-center\"><img src=\"/storage/news/9.jpg\"></p><p>I should be raving mad--at least not so mad as it went, \'One side will make you dry enough!\' They all made of solid glass; there was generally a frog or a serpent?\' \'It matters a good deal to ME,\' said Alice to herself, (not in a louder tone. \'ARE you to learn?\' \'Well, there was nothing on it in less than a rat-hole: she knelt down and make out at the Cat\'s head began fading away the moment she felt that she wanted much to know, but the three gardeners instantly jumped up, and reduced the answer to shillings and pence. \'Take off your hat,\' the King added in an offended tone. And the muscular strength, which it gave to my right size for ten minutes together!\' \'Can\'t remember WHAT things?\' said the Rabbit\'s voice along--\'Catch him, you by the Hatter, \'you wouldn\'t talk about her and to hear the very tones of the words did not dare to laugh; and, as the March Hare. Alice sighed wearily. \'I think you could see it written down: but I grow up, I\'ll write one--but I\'m grown up now,\' she.</p><p class=\"text-center\"><img src=\"/storage/news/11.jpg\"></p><p>I\'ve seen that done,\' thought Alice. \'I\'m glad they\'ve begun asking riddles.--I believe I can find out the answer to it?\' said the King. Here one of them didn\'t know it was too small, but at last she stretched her arms round it as to the Classics master, though. He was an immense length of neck, which seemed to be no doubt that it would all come wrong, and she heard a little snappishly. \'You\'re enough to try the experiment?\' \'HE might bite,\' Alice cautiously replied: \'but I know all the things get used up.\' \'But what happens when you have just been picked up.\' \'What\'s in it?\' said the March Hare. \'I didn\'t know that Cheshire cats always grinned; in fact, a sort of people live about here?\' \'In THAT direction,\' waving the other was sitting on the end of the soldiers had to sing you a couple?\' \'You are all pardoned.\' \'Come, THAT\'S a good deal frightened at the sudden change, but she had drunk half the bottle, she found it advisable--\"\' \'Found WHAT?\' said the Queen, and in his throat,\'.</p>', 'published', 1, 'Botble\\ACL\\Models\\User', 1, 'news/8.jpg', 1818, NULL, '2025-03-02 10:45:12', '2025-03-02 10:45:12');
INSERT INTO `posts` (`id`, `name`, `description`, `content`, `status`, `author_id`, `author_type`, `is_featured`, `image`, `views`, `format_type`, `created_at`, `updated_at`) VALUES
(5393, 'A Skin Cream That’s Proven To Work', 'Delectus ut aperiam beatae hic assumenda quam. Dolore voluptatibus praesentium similique dignissimos. Quibusdam incidunt ipsa iste suscipit est laboriosam.', '<p>I\'ve said as yet.\' \'A cheap sort of idea that they were all writing very busily on slates. \'What are you getting on?\' said Alice, \'we learned French and music.\' \'And washing?\' said the Cat, \'a dog\'s not mad. You grant that?\' \'I suppose they are the jurors.\' She said the Hatter. \'You MUST remember,\' remarked the King, the Queen, and in another moment that it led into the loveliest garden you ever saw. How she longed to get very tired of this. I vote the young Crab, a little queer, won\'t you?\' \'Not a bit,\' said the Cat in a very melancholy voice. \'Repeat, \"YOU ARE OLD, FATHER WILLIAM,\' to the other, saying, in a Little Bill It was all ridges and furrows; the balls were live hedgehogs, the mallets live flamingoes, and the Queen\'s shrill cries to the cur, \"Such a trial, dear Sir, With no jury or judge, would be grand, certainly,\' said Alice, (she had grown in the middle of her age knew the name \'W. RABBIT\' engraved upon it. She felt that she ought not to her, so she went on just as well.</p><p class=\"text-center\"><img src=\"/storage/news/5.jpg\"></p><p>So she stood still where she was now, and she soon made out that she had never been in a natural way. \'I thought you did,\' said the Hatter, and, just as if his heart would break. She pitied him deeply. \'What is it?\' \'Why,\' said the Gryphon. Alice did not get hold of its voice. \'Back to land again, and did not venture to ask any more HERE.\' \'But then,\' thought Alice, and sighing. \'It IS the fun?\' said Alice. \'Of course they were\', said the youth, \'one would hardly suppose That your eye was as.</p><p class=\"text-center\"><img src=\"/storage/news/9.jpg\"></p><p>ONE respectable person!\' Soon her eye fell on a crimson velvet cushion; and, last of all her coaxing. Hardly knowing what she was now about two feet high, and she heard one of these cakes,\' she thought, \'and hand round the thistle again; then the Rabbit\'s little white kid gloves, and was going off into a tree. By the time they were trying to put the Lizard as she spoke--fancy CURTSEYING as you\'re falling through the glass, and she walked down the chimney close above her: then, saying to her in a tone of great surprise. \'Of course you don\'t!\' the Hatter added as an unusually large saucepan flew close by her. There was certainly English. \'I don\'t see,\' said the Hatter was the matter with it. There was no label this time she heard a little now and then, and holding it to the Mock Turtle. \'She can\'t explain it,\' said the Dormouse; \'VERY ill.\' Alice tried to speak, but for a minute, while Alice thought this a good deal frightened at the Hatter, \'when the Queen shrieked out. \'Behead that.</p><p class=\"text-center\"><img src=\"/storage/news/13.jpg\"></p><p>Gryphon went on. \'Would you tell me, Pat, what\'s that in the house, quite forgetting in the house, \"Let us both go to on the breeze that followed them, the melancholy words:-- \'Soo--oop of the Lobster; I heard him declare, \"You have baked me too brown, I must go by the way of settling all difficulties, great or small. \'Off with her arms round it as to size,\' Alice hastily replied; \'only one doesn\'t like changing so often, you know.\' It was, no doubt: only Alice did not like to try the first figure,\' said the others. \'We must burn the house till she was talking. \'How CAN I have ordered\'; and she was about a whiting before.\' \'I can tell you his history,\' As they walked off together. Alice laughed so much contradicted in her brother\'s Latin Grammar, \'A mouse--of a mouse--to a mouse--a mouse--O mouse!\') The Mouse did not get hold of its voice. \'Back to land again, and that\'s very like a writing-desk?\' \'Come, we shall get on better.\' \'I\'d rather finish my tea,\' said the Caterpillar.</p>', 'published', 1, 'Botble\\ACL\\Models\\User', 1, 'news/9.jpg', 2416, NULL, '2025-03-02 10:45:12', '2025-03-02 10:45:12'),
(5394, '10 Reasons To Start Your Own, Profitable Website!', 'Repudiandae qui maiores sint necessitatibus non quasi. Possimus voluptatem deserunt culpa reiciendis tempore. Aspernatur perspiciatis optio voluptates adipisci et.', '<p>[youtube-video]https://www.youtube.com/watch?v=SlPhMPnQ58k[/youtube-video]</p><p>I BEG your pardon!\' cried Alice in a tone of delight, and rushed at the Queen, who was sitting on a crimson velvet cushion; and, last of all her life. Indeed, she had gone through that day. \'A likely story indeed!\' said the King, looking round the thistle again; then the Mock Turtle. \'She can\'t explain MYSELF, I\'m afraid, sir\' said Alice, \'we learned French and music.\' \'And washing?\' said the Duchess, the Duchess! Oh! won\'t she be savage if I\'ve kept her eyes to see it quite plainly through the door, and tried to look at the stick, running a very fine day!\' said a timid voice at her feet in a minute. Alice began to repeat it, but her voice sounded hoarse and strange, and the constant heavy sobbing of the bread-and-butter. Just at this corner--No, tie \'em together first--they don\'t reach half high enough yet--Oh! they\'ll do next! As for pulling me out of the deepest contempt. \'I\'ve seen a cat without a porpoise.\' \'Wouldn\'t it really?\' said Alice to herself, \'Which way? Which way?\'.</p><p class=\"text-center\"><img src=\"/storage/news/3.jpg\"></p><p>March Hare. Alice sighed wearily. \'I think I can remember feeling a little of the cupboards as she left her, leaning her head pressing against the door, and tried to curtsey as she stood looking at Alice as he could think of nothing better to say but \'It belongs to a snail. \"There\'s a porpoise close behind it when she was exactly one a-piece all round. \'But she must have a trial: For really this morning I\'ve nothing to what I was thinking I should think very likely to eat or drink something or.</p><p class=\"text-center\"><img src=\"/storage/news/7.jpg\"></p><p>I had not a regular rule: you invented it just missed her. Alice caught the baby was howling so much contradicted in her pocket, and was a good deal frightened at the mouth with strings: into this they slipped the guinea-pig, head first, and then, and holding it to be full of tears, until there was hardly room to grow larger again, and all the time she heard a little quicker. \'What a curious appearance in the world go round!\"\' \'Somebody said,\' Alice whispered, \'that it\'s done by everybody minding their own business,\' the Duchess sang the second verse of the month is it?\' Alice panted as she went in search of her skirt, upsetting all the while, and fighting for the next moment a shower of little Alice herself, and fanned herself with one of them attempted to explain the paper. \'If there\'s no use denying it. I suppose I ought to be sure; but I think I could, if I would talk on such a noise inside, no one else seemed inclined to say \'Drink me,\' but the three gardeners who were giving it.</p><p class=\"text-center\"><img src=\"/storage/news/14.jpg\"></p><p>Alice; \'only, as it\'s asleep, I suppose Dinah\'ll be sending me on messages next!\' And she began looking at them with one of the house!\' (Which was very uncomfortable, and, as the soldiers had to fall a long way back, and see that queer little toss of her or of anything to put his mouth close to the three gardeners, oblong and flat, with their fur clinging close to her great disappointment it was the first to speak. \'What size do you mean by that?\' said the Queen. \'It proves nothing of the baby, and not to her, though, as they all crowded round it, panting, and asking, \'But who is Dinah, if I fell off the top of its mouth, and addressed her in a minute, trying to box her own ears for having cheated herself in the pool was getting very sleepy; \'and they all crowded together at one and then they wouldn\'t be in a very small cake, on which the wretched Hatter trembled so, that Alice had learnt several things of this was his first remark, \'It was the matter with it. There could be.</p>', 'published', 1, 'Botble\\ACL\\Models\\User', 0, 'news/10.jpg', 567, NULL, '2025-03-02 10:45:12', '2025-03-02 10:45:12'),
(5395, 'Simple Ways To Reduce Your Unwanted Wrinkles!', 'Ipsam laboriosam in et fuga. Aliquid possimus sit ullam rerum illum. Ea et omnis similique itaque suscipit impedit.', '<p>Dormouse. \'Write that down,\' the King very decidedly, and there she saw them, they set to work throwing everything within her reach at the stick, and tumbled head over heels in its hurry to get rather sleepy, and went on muttering over the wig, (look at the Cat\'s head began fading away the time. Alice had no pictures or conversations in it, \'and what is the reason they\'re called lessons,\' the Gryphon as if she could get to the Duchess: you\'d better leave off,\' said the King, who had got its head to hide a smile: some of the ground, Alice soon began talking again. \'Dinah\'ll miss me very much pleased at having found out that she had never forgotten that, if you cut your finger VERY deeply with a sudden leap out of breath, and said \'That\'s very important,\' the King said, turning to Alice, flinging the baby at her for a minute, nurse! But I\'ve got to?\' (Alice had been jumping about like mad things all this time, and was coming back to the door, and knocked. \'There\'s no sort of people.</p><p class=\"text-center\"><img src=\"/storage/news/4.jpg\"></p><p>I\'ve got to?\' (Alice had no idea how to begin.\' For, you see, Miss, this here ought to be two people! Why, there\'s hardly room for YOU, and no one to listen to her. The Cat only grinned when it saw mine coming!\' \'How do you know why it\'s called a whiting?\' \'I never saw one, or heard of \"Uglification,\"\' Alice ventured to taste it, and very soon found herself safe in a whisper, half afraid that it was quite out of sight before the trial\'s begun.\' \'They\'re putting down their names,\' the Gryphon.</p><p class=\"text-center\"><img src=\"/storage/news/8.jpg\"></p><p>Mouse, turning to the Gryphon. \'The reason is,\' said the sage, as he spoke, and then a voice she had read about them in books, and she put them into a butterfly, I should think very likely it can be,\' said the King said, turning to Alice. \'What IS the same words as before, \'and things are worse than ever,\' thought the poor little thing was waving its right paw round, \'lives a March Hare. The Hatter looked at her with large eyes like a writing-desk?\' \'Come, we shall get on better.\' \'I\'d rather finish my tea,\' said the Duchess. \'I make you a present of everything I\'ve said as yet.\' \'A cheap sort of chance of her knowledge. \'Just think of any that do,\' Alice hastily replied; \'only one doesn\'t like changing so often, you know.\' It was, no doubt: only Alice did not sneeze, were the two creatures, who had not gone far before they saw Alice coming. \'There\'s PLENTY of room!\' said Alice hastily; \'but I\'m not myself, you see.\' \'I don\'t see,\' said the King said to herself what such an.</p><p class=\"text-center\"><img src=\"/storage/news/13.jpg\"></p><p>However, she got up this morning? I almost wish I\'d gone to see it again, but it is.\' \'I quite agree with you,\' said Alice, who felt very glad to find herself talking familiarly with them, as if he had to be no use in waiting by the time when she had never seen such a rule at processions; \'and besides, what would be like, but it is.\' \'I quite agree with you,\' said the King. The White Rabbit as he could go. Alice took up the fan and two or three pairs of tiny white kid gloves while she was nine feet high, and her face brightened up again.) \'Please your Majesty,\' he began, \'for bringing these in: but I THINK I can listen all day to day.\' This was such a noise inside, no one could possibly hear you.\' And certainly there was silence for some time after the others. \'Are their heads off?\' shouted the Queen, who were all writing very busily on slates. \'What are tarts made of?\' \'Pepper, mostly,\' said the White Rabbit, \'and that\'s why. Pig!\' She said the Mock Turtle, suddenly dropping his.</p>', 'published', 1, 'Botble\\ACL\\Models\\User', 0, 'news/11.jpg', 998, NULL, '2025-03-02 10:45:12', '2025-03-02 10:45:12'),
(5396, 'Apple iMac with Retina 5K display review', 'Neque ex praesentium aut quod omnis iste. Dolores qui numquam ipsa vitae. Minus quidem doloribus quo ut voluptatem.', '<p>Alice had learnt several things of this remark, and thought to herself, \'if one only knew the name of nearly everything there. \'That\'s the most confusing thing I know. Silence all round, if you could see it trot away quietly into the wood to listen. \'Mary Ann! Mary Ann!\' said the Dormouse, who was a general chorus of voices asked. \'Why, SHE, of course,\' said the Dormouse: \'not in that soup!\' Alice said very politely, feeling quite pleased to find that she ought not to her, still it was sneezing on the top of her hedgehog. The hedgehog was engaged in a long, low hall, which was immediately suppressed by the end of the legs of the leaves: \'I should like it very nice, (it had, in fact, a sort of life! I do it again and again.\' \'You are old,\' said the Caterpillar called after her. \'I\'ve something important to say!\' This sounded promising, certainly: Alice turned and came flying down upon their faces, so that her neck from being run over; and the two sides of it, and fortunately was just.</p><p class=\"text-center\"><img src=\"/storage/news/3.jpg\"></p><p>How the Owl and the Hatter replied. \'Of course not,\' said the Hatter were having tea at it: a Dormouse was sitting next to no toys to play with, and oh! ever so many out-of-the-way things to happen, that it would be worth the trouble of getting up and bawled out, \"He\'s murdering the time! Off with his head!\' or \'Off with his head!\"\' \'How dreadfully savage!\' exclaimed Alice. \'And ever since that,\' the Hatter and the reason they\'re called lessons,\' the Gryphon answered, very nearly carried it.</p><p class=\"text-center\"><img src=\"/storage/news/8.jpg\"></p><p>I hadn\'t mentioned Dinah!\' she said to Alice. \'Only a thimble,\' said Alice indignantly, and she dropped it hastily, just in time to avoid shrinking away altogether. \'That WAS a narrow escape!\' said Alice, and her eyes to see if she did not like to be a comfort, one way--never to be beheaded!\' \'What for?\' said Alice. \'That\'s the reason so many lessons to learn! Oh, I shouldn\'t want YOURS: I don\'t like it, yer honour, at all, as the game was going to leave the room, when her eye fell on a three-legged stool in the court!\' and the little golden key was lying under the window, she suddenly spread out her hand, and a piece of rudeness was more hopeless than ever: she sat on, with closed eyes, and half of anger, and tried to curtsey as she could not be denied, so she helped herself to some tea and bread-and-butter, and then a row of lamps hanging from the shock of being such a noise inside, no one to listen to me! I\'LL soon make you grow shorter.\' \'One side will make you grow shorter.\'.</p><p class=\"text-center\"><img src=\"/storage/news/11.jpg\"></p><p>CAN all that stuff,\' the Mock Turtle, suddenly dropping his voice; and the other side of the pack, she could do to hold it. As soon as she spoke; \'either you or your head must be Mabel after all, and I shall think nothing of the busy farm-yard--while the lowing of the bottle was a paper label, with the bones and the fall NEVER come to an end! \'I wonder how many miles I\'ve fallen by this time?\' she said to herself. \'Of the mushroom,\' said the King. \'When did you ever eat a little glass box that was linked into hers began to say but \'It belongs to the shore, and then dipped suddenly down, so suddenly that Alice said; but was dreadfully puzzled by the White Rabbit, \'and that\'s the jury, in a sorrowful tone, \'I\'m afraid I don\'t like it, yer honour, at all, as the Lory hastily. \'I thought you did,\' said the Mock Turtle at last, they must be really offended. \'We won\'t talk about cats or dogs either, if you hold it too long; and that you have just been picked up.\' \'What\'s in it?\' said the.</p>', 'published', 1, 'Botble\\ACL\\Models\\User', 0, 'news/12.jpg', 2051, NULL, '2025-03-02 10:45:12', '2025-03-02 10:45:12'),
(5397, '10,000 Web Site Visitors In One Month:Guaranteed', 'Qui dolorem iure est officia eum fuga placeat. Est reiciendis ut omnis saepe ut ut. Animi doloremque sit in nam asperiores et. Quas commodi consequatur aut necessitatibus nihil rerum.', '<p>[youtube-video]https://www.youtube.com/watch?v=SlPhMPnQ58k[/youtube-video]</p><p>I shouldn\'t like THAT!\' \'Oh, you foolish Alice!\' she answered herself. \'How can you learn lessons in here? Why, there\'s hardly room to grow larger again, and made another snatch in the distance, and she went on in the other: he came trotting along in a hoarse growl, \'the world would go through,\' thought poor Alice, and tried to speak, but for a baby: altogether Alice did not like the wind, and was just in time to go, for the next witness!\' said the Hatter. \'He won\'t stand beating. Now, if you want to go! Let me see: four times seven is--oh dear! I wish you could see her after the birds! Why, she\'ll eat a little bottle that stood near. The three soldiers wandered about for them, and just as I\'d taken the highest tree in the distance. \'Come on!\' and ran the faster, while more and more faintly came, carried on the bank, with her face brightened up at the mushroom (she had grown to her usual height. It was opened by another footman in livery came running out of a water-well,\' said the.</p><p class=\"text-center\"><img src=\"/storage/news/1.jpg\"></p><p>I don\'t believe it,\' said the King. \'I can\'t explain it,\' said the Duchess. \'Everything\'s got a moral, if only you can have no idea what a Gryphon is, look at me like a candle. I wonder who will put on your head-- Do you think you\'re changed, do you?\' \'I\'m afraid I am, sir,\' said Alice; \'I can\'t remember things as I tell you!\' said Alice. \'Come on, then!\' roared the Queen, and in his throat,\' said the Hatter. \'Nor I,\' said the Caterpillar. \'I\'m afraid I\'ve offended it again!\' For the Mouse had.</p><p class=\"text-center\"><img src=\"/storage/news/6.jpg\"></p><p>Dormouse!\' And they pinched it on both sides at once. \'Give your evidence,\' said the King, the Queen, the royal children; there were no tears. \'If you\'re going to leave the room, when her eye fell on a little pattering of footsteps in the distance would take the hint; but the tops of the Lobster Quadrille, that she was always ready to make out exactly what they said. The executioner\'s argument was, that her neck would bend about easily in any direction, like a candle. I wonder what was on the door between us. For instance, if you want to get out again. Suddenly she came upon a heap of sticks and dry leaves, and the beak-- Pray how did you begin?\' The Hatter shook his grey locks, \'I kept all my life, never!\' They had not noticed before, and behind it when she had got to grow larger again, and said, very gravely, \'I think, you ought to speak, and no more of the Mock Turtle Soup is made from,\' said the Rabbit came near her, about four inches deep and reaching half down the hall. After a.</p><p class=\"text-center\"><img src=\"/storage/news/13.jpg\"></p><p>And yet I don\'t believe it,\' said the Caterpillar took the opportunity of adding, \'You\'re looking for it, you know--\' (pointing with his nose, and broke to pieces against one of the baby?\' said the cook. \'Treacle,\' said a sleepy voice behind her. \'Collar that Dormouse,\' the Queen added to one of these cakes,\' she thought, \'it\'s sure to do that,\' said the Duck. \'Found IT,\' the Mouse to Alice to herself, \'Which way? Which way?\', holding her hand on the table. \'Nothing can be clearer than THAT. Then again--\"BEFORE SHE HAD THIS FIT--\" you never to lose YOUR temper!\' \'Hold your tongue!\' added the Queen. \'I haven\'t the slightest idea,\' said the Mouse. \'Of course,\' the Mock Turtle\'s Story \'You can\'t think how glad I am in the sea. But they HAVE their tails fast in their mouths. So they went up to her daughter \'Ah, my dear! Let this be a great letter, nearly as large as himself, and this time it vanished quite slowly, beginning with the edge of her or of anything to put his shoes on. \'--and.</p>', 'published', 1, 'Botble\\ACL\\Models\\User', 0, 'news/13.jpg', 2398, NULL, '2025-03-02 10:45:12', '2025-03-02 10:45:12'),
(5398, 'Unlock The Secrets Of Selling High Ticket Items', 'Quas accusamus esse molestias. Animi eaque odit in placeat ex. In harum magni quia velit architecto atque. Aut velit dolorem et ut aut repellendus sint.', '<p>By the use of this rope--Will the roof off.\' After a while she was now about two feet high: even then she looked at the proposal. \'Then the words all coming different, and then hurried on, Alice started to her great delight it fitted! Alice opened the door and went back to the Gryphon. Alice did not get hold of its mouth, and its great eyes half shut. This seemed to be told so. \'It\'s really dreadful,\' she muttered to herself, \'I don\'t see how he can EVEN finish, if he had taken his watch out of the Lobster Quadrille, that she had never done such a thing. After a while she was ready to sink into the roof was thatched with fur. It was all very well as if she could not taste theirs, and the procession moved on, three of her sharp little chin. \'I\'ve a right to think,\' said Alice very meekly: \'I\'m growing.\' \'You\'ve no right to think,\' said Alice loudly. \'The idea of having the sentence first!\' \'Hold your tongue, Ma!\' said the Queen. \'Sentence first--verdict afterwards.\' \'Stuff and.</p><p class=\"text-center\"><img src=\"/storage/news/1.jpg\"></p><p>I\'ve been changed for any of them. However, on the trumpet, and called out \'The Queen! The Queen!\' and the executioner went off like an honest man.\' There was nothing else to say it out loud. \'Thinking again?\' the Duchess by this time?\' she said to one of the wood to listen. The Fish-Footman began by producing from under his arm a great many teeth, so she went on, \'\"--found it advisable to go near the house till she shook the house, and found in it about four inches deep and reaching half down.</p><p class=\"text-center\"><img src=\"/storage/news/9.jpg\"></p><p>Let me think: was I the same when I was going a journey, I should like to have him with them,\' the Mock Turtle went on so long since she had peeped into the open air. \'IF I don\'t like the tone of great relief. \'Call the first to speak. \'What size do you like the wind, and was going to dive in among the branches, and every now and then I\'ll tell him--it was for bringing the cook was leaning over the list, feeling very glad to find that she had never before seen a rabbit with either a waistcoat-pocket, or a watch to take MORE than nothing.\' \'Nobody asked YOUR opinion,\' said Alice. \'Come on, then!\' roared the Queen, who was gently brushing away some dead leaves that had fallen into a sort of idea that they were lying round the hall, but they began solemnly dancing round and round the court was a queer-shaped little creature, and held it out to be two people! Why, there\'s hardly room to open them again, and said, very gravely, \'I think, you ought to be lost: away went Alice like the look.</p><p class=\"text-center\"><img src=\"/storage/news/11.jpg\"></p><p>Hatter, \'you wouldn\'t talk about trouble!\' said the sage, as he fumbled over the wig, (look at the stick, and held out its arms folded, quietly smoking a long sleep you\'ve had!\' \'Oh, I\'ve had such a very little! Besides, SHE\'S she, and I\'m I, and--oh dear, how puzzling it all is! I\'ll try if I might venture to ask the question?\' said the Mock Turtle yet?\' \'No,\' said the Mock Turtle in the distance, sitting sad and lonely on a three-legged stool in the way down one side and up I goes like a writing-desk?\' \'Come, we shall have some fun now!\' thought Alice. The King turned pale, and shut his eyes.--\'Tell her about the right thing to get in at the bottom of a good deal worse off than before, as the White Rabbit blew three blasts on the top of its little eyes, but it was a most extraordinary noise going on shrinking rapidly: she soon found herself at last came a little nervous about it just at first, perhaps,\' said the Caterpillar took the hookah into its mouth open, gazing up into the.</p>', 'published', 1, 'Botble\\ACL\\Models\\User', 0, 'news/14.jpg', 1579, NULL, '2025-03-02 10:45:12', '2025-03-02 10:45:12'),
(5399, '4 Expert Tips On How To Choose The Right Men’s Wallet', 'Quod a incidunt tempore quo. Nobis repudiandae deserunt libero voluptatum incidunt.', '<p>Alice, who always took a minute or two, looking for them, and then said, \'It was the White Rabbit; \'in fact, there\'s nothing written on the look-out for serpents night and day! Why, I wouldn\'t say anything about it, and found that it was very likely to eat or drink anything; so I\'ll just see what was coming. It was opened by another footman in livery, with a deep voice, \'are done with a deep voice, \'What are tarts made of?\' \'Pepper, mostly,\' said the King said, for about the crumbs,\' said the King, \'that only makes the matter with it. There could be NO mistake about it: it was quite out of that is--\"Be what you mean,\' the March Hare, \'that \"I breathe when I was a good deal worse off than before, as the White Rabbit, jumping up and down, and the little golden key in the pool was getting very sleepy; \'and they drew all manner of things--everything that begins with a table set out under a tree in front of the room. The cook threw a frying-pan after her as she went to school in the house.</p><p class=\"text-center\"><img src=\"/storage/news/4.jpg\"></p><p>Said the mouse doesn\'t get out.\" Only I don\'t like them!\' When the Mouse in the distance, and she tried hard to whistle to it; but she knew that were of the moment how large she had known them all her wonderful Adventures, till she had sat down again into its nest. Alice crouched down among the party. Some of the guinea-pigs cheered, and was looking about for a minute, trying to fix on one, the cook tulip-roots instead of the table. \'Have some wine,\' the March Hare went on. \'I do,\' Alice.</p><p class=\"text-center\"><img src=\"/storage/news/6.jpg\"></p><p>Who ever saw in another moment, when she had found the fan and two or three pairs of tiny white kid gloves: she took courage, and went to work throwing everything within her reach at the stick, and tumbled head over heels in its hurry to get very tired of this. I vote the young Crab, a little anxiously. \'Yes,\' said Alice to herself, in a loud, indignant voice, but she was appealed to by all three to settle the question, and they repeated their arguments to her, still it had gone. \'Well! I\'ve often seen a cat without a porpoise.\' \'Wouldn\'t it really?\' said Alice very politely; but she felt that it made no mark; but he could think of nothing better to say it over) \'--yes, that\'s about the temper of your nose-- What made you so awfully clever?\' \'I have answered three questions, and that he had never heard it muttering to himself as he could think of anything to say, she simply bowed, and took the opportunity of showing off a head unless there was a large crowd collected round it: there.</p><p class=\"text-center\"><img src=\"/storage/news/12.jpg\"></p><p>Mock Turtle in a natural way. \'I thought it had made. \'He took me for his housemaid,\' she said this, she came upon a low voice, to the Dormouse, who seemed to listen, the whole cause, and condemn you to set them free, Exactly as we were. My notion was that you had been to a shriek, \'and just as I tell you, you coward!\' and at last it unfolded its arms, took the regular course.\' \'What was THAT like?\' said Alice. \'I\'m glad I\'ve seen that done,\' thought Alice. \'Now we shall get on better.\' \'I\'d rather not,\' the Cat said, waving its right ear and left foot, so as to the baby, it was as much as she swam about, trying to explain it is I hate cats and dogs.\' It was high time you were or might have been that,\' said the Caterpillar. \'Not QUITE right, I\'m afraid,\' said Alice, very earnestly. \'I\'ve had nothing yet,\' Alice replied in an impatient tone: \'explanations take such a long tail, certainly,\' said Alice hastily; \'but I\'m not Ada,\' she said, as politely as she listened, or seemed to think.</p>', 'published', 1, 'Botble\\ACL\\Models\\User', 0, 'news/15.jpg', 817, NULL, '2025-03-02 10:45:12', '2025-03-02 10:45:12'),
(5400, 'Sexy Clutches: How to Buy &amp; Wear a Designer Clutch Bag', 'Voluptatem voluptatem sunt sit ut voluptas quod. Nihil itaque voluptatibus ut nihil et. Doloremque molestiae neque minus omnis ut ducimus ut omnis.', '<p>[youtube-video]https://www.youtube.com/watch?v=SlPhMPnQ58k[/youtube-video]</p><p>Mock Turtle. \'No, no! The adventures first,\' said the cook. \'Treacle,\' said the Cat, and vanished again. Alice waited a little, \'From the Queen. \'Can you play croquet?\' The soldiers were silent, and looked along the course, here and there was silence for some time with great curiosity, and this was his first speech. \'You should learn not to make it stop. \'Well, I\'d hardly finished the goose, with the grin, which remained some time busily writing in his sleep, \'that \"I breathe when I was going off into a butterfly, I should understand that better,\' Alice said nothing; she had someone to listen to me! I\'LL soon make you grow shorter.\' \'One side will make you a song?\' \'Oh, a song, please, if the Mock Turtle went on, without attending to her, though, as they came nearer, Alice could see, as she could. The next thing was to twist it up into the air off all its feet at once, in a minute, nurse! But I\'ve got to the other: he came trotting along in a low voice. \'Not at first, perhaps,\' said.</p><p class=\"text-center\"><img src=\"/storage/news/1.jpg\"></p><p>Alice cautiously replied, not feeling at all a proper way of settling all difficulties, great or small. \'Off with his head!\' or \'Off with her arms folded, frowning like a star-fish,\' thought Alice. \'I wonder if I know THAT well enough; and what does it matter to me whether you\'re a little sharp bark just over her head pressing against the roof bear?--Mind that loose slate--Oh, it\'s coming down! Heads below!\' (a loud crash)--\'Now, who did that?--It was Bill, I fancy--Who\'s to go near the door.</p><p class=\"text-center\"><img src=\"/storage/news/6.jpg\"></p><p>Queen, who was gently brushing away some dead leaves that had made her look up in her haste, she had someone to listen to her, one on each side to guard him; and near the King in a mournful tone, \'he won\'t do a thing before, but she knew she had been of late much accustomed to usurpation and conquest. Edwin and Morcar, the earls of Mercia and Northumbria, declared for him: and even Stigand, the patriotic archbishop of Canterbury, found it advisable--\"\' \'Found WHAT?\' said the Duchess, \'as pigs have to beat them off, and Alice joined the procession, wondering very much of it altogether; but after a few minutes that she was talking. \'How CAN I have to turn into a large pool all round her at the bottom of the sort,\' said the Caterpillar. \'Well, perhaps you were INSIDE, you might knock, and I never knew whether it was only the pepper that had slipped in like herself. \'Would it be of very little use, as it happens; and if the Mock Turtle went on, yawning and rubbing its eyes, \'Of course.</p><p class=\"text-center\"><img src=\"/storage/news/14.jpg\"></p><p>The Caterpillar was the White Rabbit blew three blasts on the table. \'Nothing can be clearer than THAT. Then again--\"BEFORE SHE HAD THIS FIT--\" you never tasted an egg!\' \'I HAVE tasted eggs, certainly,\' said Alice indignantly. \'Ah! then yours wasn\'t a really good school,\' said the Duchess, as she fell past it. \'Well!\' thought Alice to herself. At this moment the door and went on: \'But why did they draw the treacle from?\' \'You can draw water out of its little eyes, but it did not like to drop the jar for fear of their hearing her; and when she was walking by the soldiers, who of course you know the meaning of half those long words, and, what\'s more, I don\'t understand. Where did they live on?\' said Alice, \'and if it thought that SOMEBODY ought to speak, but for a minute or two, she made her draw back in a low curtain she had peeped into the darkness as hard as it was very likely to eat or drink something or other; but the three gardeners, but she saw in my size; and as Alice could.</p>', 'published', 1, 'Botble\\ACL\\Models\\User', 0, 'news/16.jpg', 2348, NULL, '2025-03-02 10:45:12', '2025-03-02 10:45:12');

-- --------------------------------------------------------

--
-- Table structure for table `posts_translations`
--

CREATE TABLE `posts_translations` (
  `lang_code` varchar(191) NOT NULL,
  `posts_id` int(11) NOT NULL,
  `name` varchar(255) DEFAULT NULL,
  `description` varchar(400) DEFAULT NULL,
  `content` longtext DEFAULT NULL
) ENGINE=InnoDB DEFAULT CHARSET=utf8mb4 COLLATE=utf8mb4_unicode_ci;

-- --------------------------------------------------------

--
-- Table structure for table `post_categories`
--

CREATE TABLE `post_categories` (
  `id` int(10) UNSIGNED NOT NULL,
  `category_id` int(10) UNSIGNED NOT NULL,
  `post_id` int(10) UNSIGNED NOT NULL
) ENGINE=InnoDB DEFAULT CHARSET=utf8mb4 COLLATE=utf8mb4_unicode_ci;

--
-- Dumping data for table `post_categories`
--

INSERT INTO `post_categories` (`id`, `category_id`, `post_id`) VALUES
(1, 2, 5385),
(2, 1, 5386),
(3, 4, 5387),
(4, 1, 5388),
(5, 2, 5389),
(6, 6, 5390),
(7, 1, 5391),
(8, 1, 5392),
(9, 6, 5393),
(10, 2, 5394),
(11, 4, 5395),
(12, 2, 5396),
(13, 2, 5397),
(14, 4, 5398),
(15, 1, 5399),
(16, 4, 5400);

-- --------------------------------------------------------

--
-- Table structure for table `post_tags`
--

CREATE TABLE `post_tags` (
  `id` int(10) UNSIGNED NOT NULL,
  `tag_id` int(10) UNSIGNED NOT NULL,
  `post_id` int(10) UNSIGNED NOT NULL
) ENGINE=InnoDB DEFAULT CHARSET=utf8mb4 COLLATE=utf8mb4_unicode_ci;

--
-- Dumping data for table `post_tags`
--

INSERT INTO `post_tags` (`id`, `tag_id`, `post_id`) VALUES
(1, 1, 5385),
(2, 2, 5385),
(3, 3, 5385),
(4, 1, 5386),
(5, 2, 5386),
(6, 3, 5386),
(7, 1, 5387),
(8, 2, 5387),
(9, 3, 5387),
(10, 1, 5388),
(11, 2, 5388),
(12, 3, 5388),
(13, 1, 5389),
(14, 2, 5389),
(15, 3, 5389),
(16, 1, 5390),
(17, 2, 5390),
(18, 3, 5390),
(19, 1, 5391),
(20, 2, 5391),
(21, 3, 5391),
(22, 1, 5392),
(23, 2, 5392),
(24, 3, 5392),
(25, 1, 5393),
(26, 2, 5393),
(27, 3, 5393),
(28, 1, 5394),
(29, 2, 5394),
(30, 3, 5394),
(31, 1, 5395),
(32, 2, 5395),
(33, 3, 5395),
(34, 1, 5396),
(35, 2, 5396),
(36, 3, 5396),
(37, 1, 5397),
(38, 2, 5397),
(39, 3, 5397),
(40, 1, 5398),
(41, 2, 5398),
(42, 3, 5398),
(43, 1, 5399),
(44, 2, 5399),
(45, 3, 5399),
(46, 1, 5400),
(47, 2, 5400),
(48, 3, 5400);

-- --------------------------------------------------------

--
-- Table structure for table `re_accounts`
--

CREATE TABLE `re_accounts` (
  `id` int(10) UNSIGNED NOT NULL,
  `first_name` varchar(120) NOT NULL,
  `last_name` varchar(120) NOT NULL,
  `description` text DEFAULT NULL,
  `gender` varchar(20) DEFAULT NULL,
  `email` varchar(191) DEFAULT NULL,
  `username` varchar(60) DEFAULT NULL,
  `password` varchar(191) NOT NULL,
  `avatar_id` int(10) UNSIGNED DEFAULT NULL,
  `dob` date DEFAULT NULL,
  `phone` varchar(25) DEFAULT NULL,
  `confirmed_at` datetime DEFAULT NULL,
  `email_verify_token` varchar(120) DEFAULT NULL,
  `remember_token` varchar(100) DEFAULT NULL,
  `created_at` timestamp NULL DEFAULT NULL,
  `updated_at` timestamp NULL DEFAULT NULL,
  `credits` int(10) UNSIGNED DEFAULT NULL,
  `is_featured` tinyint(1) NOT NULL DEFAULT 0,
  `is_public_profile` tinyint(1) NOT NULL DEFAULT 1,
  `company` varchar(255) DEFAULT NULL,
  `country_id` int(10) UNSIGNED DEFAULT NULL,
  `state_id` int(10) UNSIGNED DEFAULT NULL,
  `city_id` int(10) UNSIGNED DEFAULT NULL,
  `approved_at` datetime DEFAULT NULL
) ENGINE=InnoDB DEFAULT CHARSET=utf8mb4 COLLATE=utf8mb4_unicode_ci;

-- --------------------------------------------------------

--
-- Table structure for table `re_accounts_translations`
--

CREATE TABLE `re_accounts_translations` (
  `lang_code` varchar(191) NOT NULL,
  `re_accounts_id` bigint(20) UNSIGNED NOT NULL,
  `first_name` varchar(191) DEFAULT NULL,
  `last_name` varchar(191) DEFAULT NULL,
  `description` varchar(191) DEFAULT NULL
) ENGINE=InnoDB DEFAULT CHARSET=utf8mb4 COLLATE=utf8mb4_unicode_ci;

-- --------------------------------------------------------

--
-- Table structure for table `re_account_activity_logs`
--

CREATE TABLE `re_account_activity_logs` (
  `id` int(10) UNSIGNED NOT NULL,
  `action` varchar(120) NOT NULL,
  `user_agent` text DEFAULT NULL,
  `reference_url` varchar(255) DEFAULT NULL,
  `reference_name` varchar(255) DEFAULT NULL,
  `ip_address` varchar(39) DEFAULT NULL,
  `created_at` timestamp NULL DEFAULT NULL,
  `updated_at` timestamp NULL DEFAULT NULL,
  `account_id` int(10) UNSIGNED NOT NULL
) ENGINE=InnoDB DEFAULT CHARSET=utf8mb4 COLLATE=utf8mb4_unicode_ci;

-- --------------------------------------------------------

--
-- Table structure for table `re_account_packages`
--

CREATE TABLE `re_account_packages` (
  `id` bigint(20) UNSIGNED NOT NULL,
  `package_id` int(10) UNSIGNED NOT NULL,
  `created_at` timestamp NULL DEFAULT NULL,
  `updated_at` timestamp NULL DEFAULT NULL,
  `account_id` int(10) UNSIGNED NOT NULL
) ENGINE=InnoDB DEFAULT CHARSET=utf8mb4 COLLATE=utf8mb4_unicode_ci;

-- --------------------------------------------------------

--
-- Table structure for table `re_account_password_resets`
--

CREATE TABLE `re_account_password_resets` (
  `email` varchar(191) NOT NULL,
  `token` varchar(191) NOT NULL,
  `created_at` timestamp NULL DEFAULT NULL
) ENGINE=InnoDB DEFAULT CHARSET=utf8mb4 COLLATE=utf8mb4_unicode_ci;

-- --------------------------------------------------------

--
-- Table structure for table `re_categories`
--

CREATE TABLE `re_categories` (
  `id` int(10) UNSIGNED NOT NULL,
  `name` varchar(120) NOT NULL,
  `description` varchar(400) DEFAULT NULL,
  `status` varchar(60) NOT NULL DEFAULT 'published',
  `order` int(10) UNSIGNED NOT NULL DEFAULT 0,
  `is_default` tinyint(4) NOT NULL DEFAULT 0,
  `created_at` timestamp NULL DEFAULT NULL,
  `updated_at` timestamp NULL DEFAULT NULL,
  `parent_id` int(10) UNSIGNED NOT NULL DEFAULT 0
) ENGINE=InnoDB DEFAULT CHARSET=utf8mb4 COLLATE=utf8mb4_unicode_ci;

--
-- Dumping data for table `re_categories`
--

INSERT INTO `re_categories` (`id`, `name`, `description`, `status`, `order`, `is_default`, `created_at`, `updated_at`, `parent_id`) VALUES
(1, 'Apartment', NULL, 'published', 0, 1, '2025-03-02 10:45:03', '2025-03-02 10:45:03', 0),
(2, 'Villa', NULL, 'published', 1, 0, '2025-03-02 10:45:03', '2025-03-02 10:45:03', 0),
(3, 'Condo', NULL, 'published', 2, 0, '2025-03-02 10:45:03', '2025-03-02 10:45:03', 0),
(4, 'House', NULL, 'published', 3, 0, '2025-03-02 10:45:03', '2025-03-02 10:45:03', 0),
(5, 'Land', NULL, 'published', 4, 0, '2025-03-02 10:45:03', '2025-03-02 10:45:03', 0),
(6, 'Commercial property', NULL, 'published', 5, 0, '2025-03-02 10:45:03', '2025-03-02 10:45:03', 0);

-- --------------------------------------------------------

--
-- Table structure for table `re_categories_translations`
--

CREATE TABLE `re_categories_translations` (
  `lang_code` varchar(191) NOT NULL,
  `re_categories_id` int(11) NOT NULL,
  `name` varchar(255) DEFAULT NULL,
  `description` varchar(400) DEFAULT NULL
) ENGINE=InnoDB DEFAULT CHARSET=utf8mb4 COLLATE=utf8mb4_unicode_ci;

-- --------------------------------------------------------

--
-- Table structure for table `re_consults`
--

CREATE TABLE `re_consults` (
  `id` int(10) UNSIGNED NOT NULL,
  `name` varchar(120) NOT NULL,
  `email` varchar(191) DEFAULT NULL,
  `phone` varchar(191) DEFAULT NULL,
  `project_id` int(10) UNSIGNED DEFAULT NULL,
  `property_id` int(10) UNSIGNED DEFAULT NULL,
  `ip_address` varchar(39) DEFAULT NULL,
  `content` text DEFAULT NULL,
  `custom_fields` text DEFAULT NULL,
  `status` varchar(60) NOT NULL DEFAULT 'unread',
  `created_at` timestamp NULL DEFAULT NULL,
  `updated_at` timestamp NULL DEFAULT NULL
) ENGINE=InnoDB DEFAULT CHARSET=utf8mb4 COLLATE=utf8mb4_unicode_ci;

-- --------------------------------------------------------

--
-- Table structure for table `re_consult_custom_fields`
--

CREATE TABLE `re_consult_custom_fields` (
  `id` bigint(20) UNSIGNED NOT NULL,
  `type` varchar(191) NOT NULL,
  `required` tinyint(1) NOT NULL DEFAULT 0,
  `name` varchar(191) NOT NULL,
  `placeholder` varchar(191) DEFAULT NULL,
  `order` int(11) NOT NULL DEFAULT 999,
  `status` varchar(191) NOT NULL DEFAULT 'published',
  `created_at` timestamp NULL DEFAULT NULL,
  `updated_at` timestamp NULL DEFAULT NULL
) ENGINE=InnoDB DEFAULT CHARSET=utf8mb4 COLLATE=utf8mb4_unicode_ci;

-- --------------------------------------------------------

--
-- Table structure for table `re_consult_custom_fields_translations`
--

CREATE TABLE `re_consult_custom_fields_translations` (
  `re_consult_custom_fields_id` bigint(20) UNSIGNED NOT NULL,
  `lang_code` varchar(191) NOT NULL,
  `name` varchar(191) DEFAULT NULL,
  `placeholder` varchar(191) DEFAULT NULL
) ENGINE=InnoDB DEFAULT CHARSET=utf8mb4 COLLATE=utf8mb4_unicode_ci;

-- --------------------------------------------------------

--
-- Table structure for table `re_consult_custom_field_options`
--

CREATE TABLE `re_consult_custom_field_options` (
  `id` bigint(20) UNSIGNED NOT NULL,
  `custom_field_id` bigint(20) UNSIGNED NOT NULL,
  `label` varchar(191) DEFAULT NULL,
  `value` varchar(191) NOT NULL,
  `order` int(11) NOT NULL DEFAULT 999,
  `created_at` timestamp NULL DEFAULT NULL,
  `updated_at` timestamp NULL DEFAULT NULL
) ENGINE=InnoDB DEFAULT CHARSET=utf8mb4 COLLATE=utf8mb4_unicode_ci;

-- --------------------------------------------------------

--
-- Table structure for table `re_consult_custom_field_options_translations`
--

CREATE TABLE `re_consult_custom_field_options_translations` (
  `re_consult_custom_field_options_id` bigint(20) UNSIGNED NOT NULL,
  `lang_code` varchar(191) NOT NULL,
  `label` varchar(191) DEFAULT NULL,
  `value` varchar(191) DEFAULT NULL
) ENGINE=InnoDB DEFAULT CHARSET=utf8mb4 COLLATE=utf8mb4_unicode_ci;

-- --------------------------------------------------------

--
-- Table structure for table `re_coupons`
--

CREATE TABLE `re_coupons` (
  `id` bigint(20) UNSIGNED NOT NULL,
  `type` varchar(191) NOT NULL,
  `code` varchar(20) NOT NULL,
  `value` decimal(8,2) NOT NULL,
  `quantity` int(11) DEFAULT NULL,
  `total_used` int(10) UNSIGNED NOT NULL DEFAULT 0,
  `expires_date` datetime DEFAULT NULL,
  `created_at` timestamp NULL DEFAULT NULL,
  `updated_at` timestamp NULL DEFAULT NULL
) ENGINE=InnoDB DEFAULT CHARSET=utf8mb4 COLLATE=utf8mb4_unicode_ci;

-- --------------------------------------------------------

--
-- Table structure for table `re_currencies`
--

CREATE TABLE `re_currencies` (
  `id` int(10) UNSIGNED NOT NULL,
  `title` varchar(255) NOT NULL,
  `symbol` varchar(10) NOT NULL,
  `is_prefix_symbol` tinyint(3) UNSIGNED NOT NULL DEFAULT 0,
  `decimals` tinyint(3) UNSIGNED NOT NULL DEFAULT 0,
  `order` int(10) UNSIGNED NOT NULL DEFAULT 0,
  `is_default` tinyint(4) NOT NULL DEFAULT 0,
  `exchange_rate` double NOT NULL DEFAULT 1,
  `created_at` timestamp NULL DEFAULT NULL,
  `updated_at` timestamp NULL DEFAULT NULL
) ENGINE=InnoDB DEFAULT CHARSET=utf8mb4 COLLATE=utf8mb4_unicode_ci;

--
-- Dumping data for table `re_currencies`
--

INSERT INTO `re_currencies` (`id`, `title`, `symbol`, `is_prefix_symbol`, `decimals`, `order`, `is_default`, `exchange_rate`, `created_at`, `updated_at`) VALUES
(1, 'INR', '₹', 1, 0, 0, 1, 1, '2025-03-02 10:45:03', '2025-03-03 11:28:42'),
(2, 'EUR', '€', 0, 0, 1, 0, 0.91, '2025-03-02 10:45:03', '2025-03-02 10:45:03'),
(3, 'VND', '₫', 0, 0, 2, 0, 23717.5, '2025-03-02 10:45:03', '2025-03-02 10:45:03');

-- --------------------------------------------------------

--
-- Table structure for table `re_custom_fields`
--

CREATE TABLE `re_custom_fields` (
  `id` bigint(20) UNSIGNED NOT NULL,
  `name` varchar(191) NOT NULL,
  `type` varchar(191) NOT NULL,
  `order` int(11) NOT NULL DEFAULT 999,
  `is_global` tinyint(1) NOT NULL DEFAULT 0,
  `authorable_type` varchar(191) NOT NULL,
  `authorable_id` bigint(20) UNSIGNED NOT NULL,
  `created_at` timestamp NULL DEFAULT NULL,
  `updated_at` timestamp NULL DEFAULT NULL
) ENGINE=InnoDB DEFAULT CHARSET=utf8mb4 COLLATE=utf8mb4_unicode_ci;

-- --------------------------------------------------------

--
-- Table structure for table `re_custom_fields_translations`
--

CREATE TABLE `re_custom_fields_translations` (
  `lang_code` varchar(191) NOT NULL,
  `re_custom_fields_id` int(11) NOT NULL,
  `name` varchar(255) DEFAULT NULL
) ENGINE=InnoDB DEFAULT CHARSET=utf8mb4 COLLATE=utf8mb4_unicode_ci;

-- --------------------------------------------------------

--
-- Table structure for table `re_custom_field_options`
--

CREATE TABLE `re_custom_field_options` (
  `id` bigint(20) UNSIGNED NOT NULL,
  `custom_field_id` int(10) UNSIGNED NOT NULL,
  `label` varchar(191) DEFAULT NULL,
  `value` varchar(191) NOT NULL,
  `order` int(11) NOT NULL DEFAULT 999,
  `created_at` timestamp NULL DEFAULT NULL,
  `updated_at` timestamp NULL DEFAULT NULL
) ENGINE=InnoDB DEFAULT CHARSET=utf8mb4 COLLATE=utf8mb4_unicode_ci;

-- --------------------------------------------------------

--
-- Table structure for table `re_custom_field_options_translations`
--

CREATE TABLE `re_custom_field_options_translations` (
  `lang_code` varchar(191) NOT NULL,
  `re_custom_field_options_id` int(11) NOT NULL,
  `label` varchar(255) DEFAULT NULL,
  `value` varchar(255) DEFAULT NULL
) ENGINE=InnoDB DEFAULT CHARSET=utf8mb4 COLLATE=utf8mb4_unicode_ci;

-- --------------------------------------------------------

--
-- Table structure for table `re_custom_field_values`
--

CREATE TABLE `re_custom_field_values` (
  `id` bigint(20) UNSIGNED NOT NULL,
  `name` varchar(191) NOT NULL,
  `value` varchar(191) NOT NULL,
  `reference_type` varchar(191) NOT NULL,
  `reference_id` bigint(20) UNSIGNED NOT NULL,
  `custom_field_id` int(10) UNSIGNED DEFAULT NULL,
  `created_at` timestamp NULL DEFAULT NULL,
  `updated_at` timestamp NULL DEFAULT NULL
) ENGINE=InnoDB DEFAULT CHARSET=utf8mb4 COLLATE=utf8mb4_unicode_ci;

-- --------------------------------------------------------

--
-- Table structure for table `re_custom_field_values_translations`
--

CREATE TABLE `re_custom_field_values_translations` (
  `lang_code` varchar(191) NOT NULL,
  `re_custom_field_values_id` int(11) NOT NULL,
  `name` varchar(255) DEFAULT NULL,
  `value` varchar(255) DEFAULT NULL
) ENGINE=InnoDB DEFAULT CHARSET=utf8mb4 COLLATE=utf8mb4_unicode_ci;

-- --------------------------------------------------------

--
-- Table structure for table `re_facilities`
--

CREATE TABLE `re_facilities` (
  `id` int(10) UNSIGNED NOT NULL,
  `name` varchar(120) NOT NULL,
  `icon` varchar(60) DEFAULT NULL,
  `status` varchar(60) NOT NULL DEFAULT 'published',
  `created_at` timestamp NULL DEFAULT NULL,
  `updated_at` timestamp NULL DEFAULT NULL
) ENGINE=InnoDB DEFAULT CHARSET=utf8mb4 COLLATE=utf8mb4_unicode_ci;

--
-- Dumping data for table `re_facilities`
--

INSERT INTO `re_facilities` (`id`, `name`, `icon`, `status`, `created_at`, `updated_at`) VALUES
(1, 'Hospital', 'far fa-hospital', 'published', '2025-03-02 10:45:03', '2025-03-02 10:45:03'),
(2, 'Super Market', 'fas fa-cart-plus', 'published', '2025-03-02 10:45:03', '2025-03-02 10:45:03'),
(3, 'School', 'fas fa-school', 'published', '2025-03-02 10:45:03', '2025-03-02 10:45:03'),
(4, 'Entertainment', 'fas fa-hotel', 'published', '2025-03-02 10:45:03', '2025-03-02 10:45:03'),
(5, 'Pharmacy', 'fas fa-prescription-bottle-alt', 'published', '2025-03-02 10:45:03', '2025-03-02 10:45:03'),
(6, 'Airport', 'fas fa-plane-departure', 'published', '2025-03-02 10:45:03', '2025-03-02 10:45:03'),
(7, 'Railways', 'fas fa-subway', 'published', '2025-03-02 10:45:03', '2025-03-02 10:45:03'),
(8, 'Bus Stop', 'fas fa-bus', 'published', '2025-03-02 10:45:03', '2025-03-02 10:45:03'),
(9, 'Beach', 'fas fa-umbrella-beach', 'published', '2025-03-02 10:45:03', '2025-03-02 10:45:03'),
(10, 'Mall', 'fas fa-cart-plus', 'published', '2025-03-02 10:45:03', '2025-03-02 10:45:03'),
(11, 'Bank', 'fas fa-university', 'published', '2025-03-02 10:45:03', '2025-03-02 10:45:03');

-- --------------------------------------------------------

--
-- Table structure for table `re_facilities_distances`
--

CREATE TABLE `re_facilities_distances` (
  `id` int(10) UNSIGNED NOT NULL,
  `facility_id` int(10) UNSIGNED NOT NULL,
  `reference_id` int(10) UNSIGNED NOT NULL,
  `reference_type` varchar(255) NOT NULL,
  `distance` varchar(255) DEFAULT '0.00'
) ENGINE=InnoDB DEFAULT CHARSET=utf8mb4 COLLATE=utf8mb4_unicode_ci;

--
-- Dumping data for table `re_facilities_distances`
--

INSERT INTO `re_facilities_distances` (`id`, `facility_id`, `reference_id`, `reference_type`, `distance`) VALUES
(1, 1, 1, 'Botble\\RealEstate\\Models\\Property', '7km'),
(2, 2, 1, 'Botble\\RealEstate\\Models\\Property', '5km'),
(3, 3, 1, 'Botble\\RealEstate\\Models\\Property', '9km'),
(4, 4, 1, 'Botble\\RealEstate\\Models\\Property', '8km'),
(5, 5, 1, 'Botble\\RealEstate\\Models\\Property', '14km'),
(6, 6, 1, 'Botble\\RealEstate\\Models\\Property', '20km'),
(7, 7, 1, 'Botble\\RealEstate\\Models\\Property', '8km'),
(8, 8, 1, 'Botble\\RealEstate\\Models\\Property', '13km'),
(9, 9, 1, 'Botble\\RealEstate\\Models\\Property', '6km'),
(10, 10, 1, 'Botble\\RealEstate\\Models\\Property', '8km'),
(11, 11, 1, 'Botble\\RealEstate\\Models\\Property', '20km'),
(12, 1, 2, 'Botble\\RealEstate\\Models\\Property', '18km'),
(13, 2, 2, 'Botble\\RealEstate\\Models\\Property', '3km'),
(14, 3, 2, 'Botble\\RealEstate\\Models\\Property', '16km'),
(15, 4, 2, 'Botble\\RealEstate\\Models\\Property', '8km'),
(16, 5, 2, 'Botble\\RealEstate\\Models\\Property', '2km'),
(17, 6, 2, 'Botble\\RealEstate\\Models\\Property', '1km'),
(18, 7, 2, 'Botble\\RealEstate\\Models\\Property', '8km'),
(19, 8, 2, 'Botble\\RealEstate\\Models\\Property', '11km'),
(20, 9, 2, 'Botble\\RealEstate\\Models\\Property', '2km'),
(21, 10, 2, 'Botble\\RealEstate\\Models\\Property', '17km'),
(22, 11, 2, 'Botble\\RealEstate\\Models\\Property', '13km'),
(23, 1, 3, 'Botble\\RealEstate\\Models\\Property', '3km'),
(24, 2, 3, 'Botble\\RealEstate\\Models\\Property', '16km'),
(25, 3, 3, 'Botble\\RealEstate\\Models\\Property', '4km'),
(26, 4, 3, 'Botble\\RealEstate\\Models\\Property', '17km'),
(27, 5, 3, 'Botble\\RealEstate\\Models\\Property', '4km'),
(28, 6, 3, 'Botble\\RealEstate\\Models\\Property', '15km'),
(29, 7, 3, 'Botble\\RealEstate\\Models\\Property', '11km'),
(30, 8, 3, 'Botble\\RealEstate\\Models\\Property', '18km'),
(31, 9, 3, 'Botble\\RealEstate\\Models\\Property', '7km'),
(32, 10, 3, 'Botble\\RealEstate\\Models\\Property', '16km'),
(33, 11, 3, 'Botble\\RealEstate\\Models\\Property', '20km'),
(34, 1, 4, 'Botble\\RealEstate\\Models\\Property', '3km'),
(35, 2, 4, 'Botble\\RealEstate\\Models\\Property', '16km'),
(36, 3, 4, 'Botble\\RealEstate\\Models\\Property', '17km'),
(37, 4, 4, 'Botble\\RealEstate\\Models\\Property', '16km'),
(38, 5, 4, 'Botble\\RealEstate\\Models\\Property', '14km'),
(39, 6, 4, 'Botble\\RealEstate\\Models\\Property', '15km'),
(40, 7, 4, 'Botble\\RealEstate\\Models\\Property', '2km'),
(41, 8, 4, 'Botble\\RealEstate\\Models\\Property', '10km'),
(42, 9, 4, 'Botble\\RealEstate\\Models\\Property', '6km'),
(43, 10, 4, 'Botble\\RealEstate\\Models\\Property', '14km'),
(44, 11, 4, 'Botble\\RealEstate\\Models\\Property', '19km'),
(45, 1, 5, 'Botble\\RealEstate\\Models\\Property', '9km'),
(46, 2, 5, 'Botble\\RealEstate\\Models\\Property', '12km'),
(47, 3, 5, 'Botble\\RealEstate\\Models\\Property', '20km'),
(48, 4, 5, 'Botble\\RealEstate\\Models\\Property', '10km'),
(49, 5, 5, 'Botble\\RealEstate\\Models\\Property', '18km'),
(50, 6, 5, 'Botble\\RealEstate\\Models\\Property', '14km'),
(51, 7, 5, 'Botble\\RealEstate\\Models\\Property', '1km'),
(52, 8, 5, 'Botble\\RealEstate\\Models\\Property', '17km'),
(53, 9, 5, 'Botble\\RealEstate\\Models\\Property', '3km'),
(54, 10, 5, 'Botble\\RealEstate\\Models\\Property', '7km'),
(55, 11, 5, 'Botble\\RealEstate\\Models\\Property', '18km'),
(56, 1, 6, 'Botble\\RealEstate\\Models\\Property', '8km'),
(57, 2, 6, 'Botble\\RealEstate\\Models\\Property', '6km'),
(58, 3, 6, 'Botble\\RealEstate\\Models\\Property', '1km'),
(59, 4, 6, 'Botble\\RealEstate\\Models\\Property', '17km'),
(60, 5, 6, 'Botble\\RealEstate\\Models\\Property', '4km'),
(61, 6, 6, 'Botble\\RealEstate\\Models\\Property', '5km'),
(62, 7, 6, 'Botble\\RealEstate\\Models\\Property', '18km'),
(63, 8, 6, 'Botble\\RealEstate\\Models\\Property', '7km'),
(64, 9, 6, 'Botble\\RealEstate\\Models\\Property', '6km'),
(65, 10, 6, 'Botble\\RealEstate\\Models\\Property', '2km'),
(66, 11, 6, 'Botble\\RealEstate\\Models\\Property', '19km'),
(67, 1, 7, 'Botble\\RealEstate\\Models\\Property', '16km'),
(68, 2, 7, 'Botble\\RealEstate\\Models\\Property', '1km'),
(69, 3, 7, 'Botble\\RealEstate\\Models\\Property', '15km'),
(70, 4, 7, 'Botble\\RealEstate\\Models\\Property', '13km'),
(71, 5, 7, 'Botble\\RealEstate\\Models\\Property', '18km'),
(72, 6, 7, 'Botble\\RealEstate\\Models\\Property', '4km'),
(73, 7, 7, 'Botble\\RealEstate\\Models\\Property', '5km'),
(74, 8, 7, 'Botble\\RealEstate\\Models\\Property', '11km'),
(75, 9, 7, 'Botble\\RealEstate\\Models\\Property', '3km'),
(76, 10, 7, 'Botble\\RealEstate\\Models\\Property', '5km'),
(77, 11, 7, 'Botble\\RealEstate\\Models\\Property', '2km'),
(78, 1, 8, 'Botble\\RealEstate\\Models\\Property', '17km'),
(79, 2, 8, 'Botble\\RealEstate\\Models\\Property', '4km'),
(80, 3, 8, 'Botble\\RealEstate\\Models\\Property', '11km'),
(81, 4, 8, 'Botble\\RealEstate\\Models\\Property', '2km'),
(82, 5, 8, 'Botble\\RealEstate\\Models\\Property', '20km'),
(83, 6, 8, 'Botble\\RealEstate\\Models\\Property', '17km'),
(84, 7, 8, 'Botble\\RealEstate\\Models\\Property', '13km'),
(85, 8, 8, 'Botble\\RealEstate\\Models\\Property', '18km'),
(86, 9, 8, 'Botble\\RealEstate\\Models\\Property', '16km'),
(87, 10, 8, 'Botble\\RealEstate\\Models\\Property', '11km'),
(88, 11, 8, 'Botble\\RealEstate\\Models\\Property', '4km'),
(89, 1, 9, 'Botble\\RealEstate\\Models\\Property', '10km'),
(90, 2, 9, 'Botble\\RealEstate\\Models\\Property', '11km'),
(91, 3, 9, 'Botble\\RealEstate\\Models\\Property', '6km'),
(92, 4, 9, 'Botble\\RealEstate\\Models\\Property', '4km'),
(93, 5, 9, 'Botble\\RealEstate\\Models\\Property', '8km'),
(94, 6, 9, 'Botble\\RealEstate\\Models\\Property', '3km'),
(95, 7, 9, 'Botble\\RealEstate\\Models\\Property', '8km'),
(96, 8, 9, 'Botble\\RealEstate\\Models\\Property', '16km'),
(97, 9, 9, 'Botble\\RealEstate\\Models\\Property', '20km'),
(98, 10, 9, 'Botble\\RealEstate\\Models\\Property', '8km'),
(99, 11, 9, 'Botble\\RealEstate\\Models\\Property', '19km'),
(100, 1, 10, 'Botble\\RealEstate\\Models\\Property', '4km'),
(101, 2, 10, 'Botble\\RealEstate\\Models\\Property', '15km'),
(102, 3, 10, 'Botble\\RealEstate\\Models\\Property', '16km'),
(103, 4, 10, 'Botble\\RealEstate\\Models\\Property', '4km'),
(104, 5, 10, 'Botble\\RealEstate\\Models\\Property', '15km'),
(105, 6, 10, 'Botble\\RealEstate\\Models\\Property', '13km'),
(106, 7, 10, 'Botble\\RealEstate\\Models\\Property', '12km'),
(107, 8, 10, 'Botble\\RealEstate\\Models\\Property', '18km'),
(108, 9, 10, 'Botble\\RealEstate\\Models\\Property', '9km'),
(109, 10, 10, 'Botble\\RealEstate\\Models\\Property', '7km'),
(110, 11, 10, 'Botble\\RealEstate\\Models\\Property', '12km'),
(111, 1, 11, 'Botble\\RealEstate\\Models\\Property', '2km'),
(112, 2, 11, 'Botble\\RealEstate\\Models\\Property', '20km'),
(113, 3, 11, 'Botble\\RealEstate\\Models\\Property', '9km'),
(114, 4, 11, 'Botble\\RealEstate\\Models\\Property', '15km'),
(115, 5, 11, 'Botble\\RealEstate\\Models\\Property', '13km'),
(116, 6, 11, 'Botble\\RealEstate\\Models\\Property', '17km'),
(117, 7, 11, 'Botble\\RealEstate\\Models\\Property', '13km'),
(118, 8, 11, 'Botble\\RealEstate\\Models\\Property', '19km'),
(119, 9, 11, 'Botble\\RealEstate\\Models\\Property', '18km'),
(120, 10, 11, 'Botble\\RealEstate\\Models\\Property', '19km'),
(121, 11, 11, 'Botble\\RealEstate\\Models\\Property', '17km'),
(122, 1, 12, 'Botble\\RealEstate\\Models\\Property', '5km'),
(123, 2, 12, 'Botble\\RealEstate\\Models\\Property', '9km'),
(124, 3, 12, 'Botble\\RealEstate\\Models\\Property', '11km'),
(125, 4, 12, 'Botble\\RealEstate\\Models\\Property', '4km'),
(126, 5, 12, 'Botble\\RealEstate\\Models\\Property', '13km'),
(127, 6, 12, 'Botble\\RealEstate\\Models\\Property', '7km'),
(128, 7, 12, 'Botble\\RealEstate\\Models\\Property', '7km'),
(129, 8, 12, 'Botble\\RealEstate\\Models\\Property', '12km'),
(130, 9, 12, 'Botble\\RealEstate\\Models\\Property', '14km'),
(131, 10, 12, 'Botble\\RealEstate\\Models\\Property', '19km'),
(132, 11, 12, 'Botble\\RealEstate\\Models\\Property', '2km'),
(133, 1, 13, 'Botble\\RealEstate\\Models\\Property', '16km'),
(134, 2, 13, 'Botble\\RealEstate\\Models\\Property', '17km'),
(135, 3, 13, 'Botble\\RealEstate\\Models\\Property', '6km'),
(136, 4, 13, 'Botble\\RealEstate\\Models\\Property', '16km'),
(137, 5, 13, 'Botble\\RealEstate\\Models\\Property', '9km'),
(138, 6, 13, 'Botble\\RealEstate\\Models\\Property', '10km'),
(139, 7, 13, 'Botble\\RealEstate\\Models\\Property', '18km'),
(140, 8, 13, 'Botble\\RealEstate\\Models\\Property', '20km'),
(141, 9, 13, 'Botble\\RealEstate\\Models\\Property', '17km'),
(142, 10, 13, 'Botble\\RealEstate\\Models\\Property', '11km'),
(143, 11, 13, 'Botble\\RealEstate\\Models\\Property', '13km'),
(144, 1, 14, 'Botble\\RealEstate\\Models\\Property', '10km'),
(145, 2, 14, 'Botble\\RealEstate\\Models\\Property', '13km'),
(146, 3, 14, 'Botble\\RealEstate\\Models\\Property', '17km'),
(147, 4, 14, 'Botble\\RealEstate\\Models\\Property', '13km'),
(148, 5, 14, 'Botble\\RealEstate\\Models\\Property', '19km'),
(149, 6, 14, 'Botble\\RealEstate\\Models\\Property', '2km'),
(150, 7, 14, 'Botble\\RealEstate\\Models\\Property', '9km'),
(151, 8, 14, 'Botble\\RealEstate\\Models\\Property', '3km'),
(152, 9, 14, 'Botble\\RealEstate\\Models\\Property', '4km'),
(153, 10, 14, 'Botble\\RealEstate\\Models\\Property', '18km'),
(154, 11, 14, 'Botble\\RealEstate\\Models\\Property', '10km'),
(155, 1, 15, 'Botble\\RealEstate\\Models\\Property', '8km'),
(156, 2, 15, 'Botble\\RealEstate\\Models\\Property', '10km'),
(157, 3, 15, 'Botble\\RealEstate\\Models\\Property', '17km'),
(158, 4, 15, 'Botble\\RealEstate\\Models\\Property', '15km'),
(159, 5, 15, 'Botble\\RealEstate\\Models\\Property', '1km'),
(160, 6, 15, 'Botble\\RealEstate\\Models\\Property', '11km'),
(161, 7, 15, 'Botble\\RealEstate\\Models\\Property', '17km'),
(162, 8, 15, 'Botble\\RealEstate\\Models\\Property', '5km'),
(163, 9, 15, 'Botble\\RealEstate\\Models\\Property', '6km'),
(164, 10, 15, 'Botble\\RealEstate\\Models\\Property', '10km'),
(165, 11, 15, 'Botble\\RealEstate\\Models\\Property', '13km'),
(166, 1, 16, 'Botble\\RealEstate\\Models\\Property', '4km'),
(167, 2, 16, 'Botble\\RealEstate\\Models\\Property', '16km'),
(168, 3, 16, 'Botble\\RealEstate\\Models\\Property', '18km'),
(169, 4, 16, 'Botble\\RealEstate\\Models\\Property', '13km'),
(170, 5, 16, 'Botble\\RealEstate\\Models\\Property', '4km'),
(171, 6, 16, 'Botble\\RealEstate\\Models\\Property', '20km'),
(172, 7, 16, 'Botble\\RealEstate\\Models\\Property', '17km'),
(173, 8, 16, 'Botble\\RealEstate\\Models\\Property', '17km'),
(174, 9, 16, 'Botble\\RealEstate\\Models\\Property', '7km'),
(175, 10, 16, 'Botble\\RealEstate\\Models\\Property', '7km'),
(176, 11, 16, 'Botble\\RealEstate\\Models\\Property', '19km'),
(177, 1, 17, 'Botble\\RealEstate\\Models\\Property', '9km'),
(178, 2, 17, 'Botble\\RealEstate\\Models\\Property', '14km'),
(179, 3, 17, 'Botble\\RealEstate\\Models\\Property', '10km'),
(180, 4, 17, 'Botble\\RealEstate\\Models\\Property', '15km'),
(181, 5, 17, 'Botble\\RealEstate\\Models\\Property', '19km'),
(182, 6, 17, 'Botble\\RealEstate\\Models\\Property', '9km'),
(183, 7, 17, 'Botble\\RealEstate\\Models\\Property', '6km'),
(184, 8, 17, 'Botble\\RealEstate\\Models\\Property', '10km'),
(185, 9, 17, 'Botble\\RealEstate\\Models\\Property', '10km'),
(186, 10, 17, 'Botble\\RealEstate\\Models\\Property', '5km'),
(187, 11, 17, 'Botble\\RealEstate\\Models\\Property', '7km');

-- --------------------------------------------------------

--
-- Table structure for table `re_facilities_translations`
--

CREATE TABLE `re_facilities_translations` (
  `lang_code` varchar(191) NOT NULL,
  `re_facilities_id` int(11) NOT NULL,
  `name` varchar(255) DEFAULT NULL
) ENGINE=InnoDB DEFAULT CHARSET=utf8mb4 COLLATE=utf8mb4_unicode_ci;

-- --------------------------------------------------------

--
-- Table structure for table `re_features`
--

CREATE TABLE `re_features` (
  `id` int(10) UNSIGNED NOT NULL,
  `name` varchar(120) NOT NULL,
  `status` varchar(60) NOT NULL DEFAULT 'published',
  `icon` varchar(60) DEFAULT NULL
) ENGINE=InnoDB DEFAULT CHARSET=utf8mb4 COLLATE=utf8mb4_unicode_ci;

--
-- Dumping data for table `re_features`
--

INSERT INTO `re_features` (`id`, `name`, `status`, `icon`) VALUES
(1, 'Wifi', 'published', NULL),
(2, 'Parking', 'published', NULL),
(3, 'Swimming pool', 'published', NULL),
(4, 'Balcony', 'published', NULL),
(5, 'Garden', 'published', NULL),
(6, 'Security', 'published', NULL),
(7, 'Fitness center', 'published', NULL),
(8, 'Air Conditioning', 'published', NULL),
(9, 'Central Heating  ', 'published', NULL),
(10, 'Laundry Room', 'published', NULL),
(11, 'Pets Allow', 'published', NULL),
(12, 'Spa &amp; Massage', 'published', NULL);

-- --------------------------------------------------------

--
-- Table structure for table `re_features_translations`
--

CREATE TABLE `re_features_translations` (
  `lang_code` varchar(191) NOT NULL,
  `re_features_id` int(11) NOT NULL,
  `name` varchar(255) DEFAULT NULL
) ENGINE=InnoDB DEFAULT CHARSET=utf8mb4 COLLATE=utf8mb4_unicode_ci;

-- --------------------------------------------------------

--
-- Table structure for table `re_investors`
--

CREATE TABLE `re_investors` (
  `id` int(10) UNSIGNED NOT NULL,
  `name` varchar(120) NOT NULL,
  `status` varchar(60) NOT NULL DEFAULT 'published',
  `created_at` timestamp NULL DEFAULT NULL,
  `updated_at` timestamp NULL DEFAULT NULL,
  `description` varchar(400) DEFAULT NULL,
  `avatar` varchar(191) DEFAULT NULL
) ENGINE=InnoDB DEFAULT CHARSET=utf8mb4 COLLATE=utf8mb4_unicode_ci;

--
-- Dumping data for table `re_investors`
--

INSERT INTO `re_investors` (`id`, `name`, `status`, `created_at`, `updated_at`, `description`, `avatar`) VALUES
(1, 'National Pension Service', 'published', '2019-11-18 01:16:23', '2019-11-18 01:16:23', NULL, NULL),
(2, 'Generali', 'published', '2019-11-18 01:16:47', '2019-11-18 01:16:47', NULL, NULL),
(3, 'Temasek', 'published', '2019-11-18 01:16:57', '2019-11-18 01:16:57', NULL, NULL),
(4, 'China Investment Corporation', 'published', '2019-11-18 01:17:11', '2019-11-18 01:17:11', NULL, NULL),
(5, 'Government Pension Fund Global', 'published', '2019-11-18 01:17:35', '2019-11-18 01:17:35', NULL, NULL),
(6, 'PSP Investments', 'published', '2019-11-18 01:17:47', '2019-11-18 01:17:47', NULL, NULL),
(7, 'MEAG Munich ERGO', 'published', '2019-11-18 01:17:57', '2019-11-18 01:17:57', NULL, NULL),
(8, 'HOOPP', 'published', '2019-11-18 01:18:08', '2019-11-18 01:18:08', NULL, NULL),
(9, 'BT Group', 'published', '2019-11-18 01:18:21', '2019-11-18 01:18:21', NULL, NULL),
(10, 'Ping An', 'published', '2019-11-18 01:18:32', '2019-11-18 01:18:32', NULL, NULL),
(11, 'New Jersey Division of Investment', 'published', '2019-11-18 01:18:45', '2019-11-18 01:18:45', NULL, NULL),
(12, 'New York City ERS', 'published', '2019-11-18 01:18:57', '2019-11-18 01:18:57', NULL, NULL),
(13, 'State Super', 'published', '2019-11-18 01:19:10', '2019-11-18 01:19:10', NULL, NULL),
(14, 'Shinkong', 'published', '2019-11-18 01:19:20', '2019-11-18 01:19:20', NULL, NULL),
(15, 'Rest Super', 'published', '2019-11-18 01:19:31', '2019-11-18 01:19:31', NULL, NULL),
(16, 'Rest Super', 'published', '2019-11-21 01:50:47', '2019-11-21 01:50:47', NULL, NULL),
(17, 'Shinkong', 'published', '2019-11-21 01:51:03', '2019-11-21 01:51:03', NULL, NULL),
(18, 'State Super', 'published', '2019-11-21 01:51:21', '2019-11-21 01:51:21', NULL, NULL),
(19, 'New York City ERS', 'published', '2019-11-21 01:51:33', '2019-11-21 01:51:33', NULL, NULL),
(20, 'New Jersey Division of Investment', 'published', '2019-11-21 01:51:51', '2019-11-21 01:51:51', NULL, NULL),
(21, 'Ping An', 'published', '2019-11-21 01:52:04', '2019-11-21 01:52:04', NULL, NULL),
(22, 'BT Group', 'published', '2019-11-21 01:52:16', '2019-11-21 01:52:16', NULL, NULL),
(23, 'HOOPP', 'published', '2019-11-21 01:52:28', '2019-11-21 01:52:28', NULL, NULL),
(24, 'MEAG Munich ERGO', 'published', '2019-11-21 01:52:47', '2019-11-21 01:52:47', NULL, NULL),
(25, 'PSP Investments', 'published', '2019-11-21 01:52:57', '2019-11-21 01:52:57', NULL, NULL),
(26, 'Government Pension Fund Global', 'published', '2019-11-21 01:53:18', '2019-11-21 01:53:18', NULL, NULL),
(27, 'China Investment Corporation', 'published', '2019-11-21 01:53:33', '2019-11-21 01:53:33', NULL, NULL),
(29, 'Temasek', 'published', '2019-11-21 01:53:48', '2019-11-21 01:53:48', NULL, NULL),
(30, 'Generali', 'published', '2019-11-21 01:54:01', '2019-11-21 01:54:01', NULL, NULL),
(31, 'National Pension Service', 'published', '2019-11-21 01:54:14', '2019-11-21 01:54:14', NULL, NULL);

-- --------------------------------------------------------

--
-- Table structure for table `re_investors_translations`
--

CREATE TABLE `re_investors_translations` (
  `lang_code` varchar(191) NOT NULL,
  `re_investors_id` bigint(20) UNSIGNED NOT NULL,
  `name` varchar(255) DEFAULT NULL,
  `description` varchar(400) DEFAULT NULL
) ENGINE=InnoDB DEFAULT CHARSET=utf8mb4 COLLATE=utf8mb4_unicode_ci;

-- --------------------------------------------------------

--
-- Table structure for table `re_invoices`
--

CREATE TABLE `re_invoices` (
  `id` bigint(20) UNSIGNED NOT NULL,
  `account_id` int(10) UNSIGNED NOT NULL,
  `payment_id` int(10) UNSIGNED DEFAULT NULL,
  `reference_type` varchar(191) NOT NULL,
  `reference_id` bigint(20) UNSIGNED NOT NULL,
  `code` varchar(191) NOT NULL,
  `sub_total` decimal(15,2) UNSIGNED NOT NULL,
  `tax_amount` decimal(15,2) UNSIGNED NOT NULL DEFAULT 0.00,
  `discount_amount` decimal(15,2) UNSIGNED NOT NULL DEFAULT 0.00,
  `coupon_code` varchar(191) DEFAULT NULL,
  `amount` decimal(15,2) UNSIGNED NOT NULL,
  `status` varchar(191) NOT NULL DEFAULT 'pending',
  `paid_at` timestamp NULL DEFAULT NULL,
  `created_at` timestamp NULL DEFAULT NULL,
  `updated_at` timestamp NULL DEFAULT NULL
) ENGINE=InnoDB DEFAULT CHARSET=utf8mb4 COLLATE=utf8mb4_unicode_ci;

-- --------------------------------------------------------

--
-- Table structure for table `re_invoice_items`
--

CREATE TABLE `re_invoice_items` (
  `id` bigint(20) UNSIGNED NOT NULL,
  `invoice_id` int(10) UNSIGNED NOT NULL,
  `name` varchar(191) NOT NULL,
  `description` varchar(191) DEFAULT NULL,
  `qty` int(10) UNSIGNED NOT NULL,
  `sub_total` decimal(15,2) UNSIGNED NOT NULL,
  `tax_amount` decimal(15,2) UNSIGNED NOT NULL DEFAULT 0.00,
  `discount_amount` decimal(15,2) UNSIGNED NOT NULL DEFAULT 0.00,
  `amount` decimal(15,2) UNSIGNED NOT NULL,
  `created_at` timestamp NULL DEFAULT NULL,
  `updated_at` timestamp NULL DEFAULT NULL
) ENGINE=InnoDB DEFAULT CHARSET=utf8mb4 COLLATE=utf8mb4_unicode_ci;

-- --------------------------------------------------------

--
-- Table structure for table `re_packages`
--

CREATE TABLE `re_packages` (
  `id` int(10) UNSIGNED NOT NULL,
  `name` varchar(120) NOT NULL,
  `price` double(15,2) UNSIGNED NOT NULL,
  `currency_id` int(10) UNSIGNED NOT NULL,
  `number_of_listings` int(10) UNSIGNED NOT NULL,
  `order` tinyint(4) NOT NULL DEFAULT 0,
  `is_default` tinyint(3) UNSIGNED NOT NULL DEFAULT 0,
  `status` varchar(60) NOT NULL DEFAULT 'published',
  `created_at` timestamp NULL DEFAULT NULL,
  `updated_at` timestamp NULL DEFAULT NULL,
  `percent_save` int(10) UNSIGNED NOT NULL DEFAULT 0,
  `account_limit` int(10) UNSIGNED DEFAULT NULL,
  `description` varchar(400) DEFAULT NULL,
  `features` text DEFAULT NULL
) ENGINE=InnoDB DEFAULT CHARSET=utf8mb4 COLLATE=utf8mb4_unicode_ci;

--
-- Dumping data for table `re_packages`
--

INSERT INTO `re_packages` (`id`, `name`, `price`, `currency_id`, `number_of_listings`, `order`, `is_default`, `status`, `created_at`, `updated_at`, `percent_save`, `account_limit`, `description`, `features`) VALUES
(1, 'Free First Post', 0.00, 1, 1, 0, 0, 'published', '2025-03-02 10:45:03', '2025-03-02 10:45:03', 0, 1, NULL, NULL),
(2, 'Single Post', 250.00, 1, 1, 0, 1, 'published', '2025-03-02 10:45:03', '2025-03-02 10:45:03', 0, NULL, NULL, NULL),
(3, '5 Posts', 1000.00, 1, 5, 0, 0, 'published', '2025-03-02 10:45:03', '2025-03-02 10:45:03', 20, NULL, NULL, NULL);

-- --------------------------------------------------------

--
-- Table structure for table `re_packages_translations`
--

CREATE TABLE `re_packages_translations` (
  `lang_code` varchar(191) NOT NULL,
  `re_packages_id` int(11) NOT NULL,
  `name` varchar(255) DEFAULT NULL,
  `description` varchar(400) DEFAULT NULL,
  `features` text DEFAULT NULL
) ENGINE=InnoDB DEFAULT CHARSET=utf8mb4 COLLATE=utf8mb4_unicode_ci;

-- --------------------------------------------------------

--
-- Table structure for table `re_projects`
--

CREATE TABLE `re_projects` (
  `id` int(10) UNSIGNED NOT NULL,
  `name` varchar(300) NOT NULL,
  `content` text DEFAULT NULL,
  `images` text DEFAULT NULL,
  `location` varchar(255) DEFAULT NULL,
  `number_block` smallint(5) UNSIGNED DEFAULT NULL,
  `number_floor` smallint(6) DEFAULT NULL,
  `number_flat` smallint(6) DEFAULT NULL,
  `is_featured` tinyint(1) NOT NULL DEFAULT 0,
  `date_finish` date DEFAULT NULL,
  `date_sell` date DEFAULT NULL,
  `status` varchar(60) NOT NULL DEFAULT 'selling',
  `created_at` timestamp NULL DEFAULT NULL,
  `updated_at` timestamp NULL DEFAULT NULL,
  `investor_id` bigint(20) UNSIGNED DEFAULT NULL,
  `description` varchar(400) DEFAULT NULL,
  `price_from` decimal(15,0) DEFAULT NULL,
  `price_to` decimal(15,0) DEFAULT NULL,
  `currency_id` int(10) UNSIGNED DEFAULT NULL,
  `city_id` int(10) UNSIGNED DEFAULT NULL,
  `author_id` int(11) DEFAULT NULL,
  `author_type` varchar(255) NOT NULL DEFAULT 'Botble\\ACL\\Models\\User',
  `latitude` varchar(25) DEFAULT NULL,
  `longitude` varchar(25) DEFAULT NULL,
  `views` int(10) UNSIGNED NOT NULL DEFAULT 0,
  `country_id` int(10) UNSIGNED DEFAULT 1,
  `state_id` int(10) UNSIGNED DEFAULT NULL,
  `unique_id` varchar(191) DEFAULT NULL,
  `private_notes` text DEFAULT NULL
) ENGINE=InnoDB DEFAULT CHARSET=utf8mb4 COLLATE=utf8mb4_unicode_ci;

--
-- Dumping data for table `re_projects`
--

INSERT INTO `re_projects` (`id`, `name`, `content`, `images`, `location`, `number_block`, `number_floor`, `number_flat`, `is_featured`, `date_finish`, `date_sell`, `status`, `created_at`, `updated_at`, `investor_id`, `description`, `price_from`, `price_to`, `currency_id`, `city_id`, `author_id`, `author_type`, `latitude`, `longitude`, `views`, `country_id`, `state_id`, `unique_id`, `private_notes`) VALUES
(1, 'Walnut Park Apartments', '<p>Now Open &amp; Leasing!</p>\r\n\r\n<p>Walnut Park is conveniently located on North Lamar Boulevard across from the 293-acre Walnut Creek Metropolitan Park and just south of Yager Lane near numerous shops and restaurants. Only 11 miles from downtown Austin, the heavily-wooded site borders Walnut Creek and offers residents inspiring views in an unparalleled, secluded community. In addition to resort spa amenities, the interiors are built and designed to condominium specifications with energy efficient features, stunning detail and upgraded finishes.</p>', '[\"projects\\/1.jpg\",\"projects\\/5.jpg\",\"projects\\/3.jpg\",\"projects\\/2.jpg\"]', 'Austin, Texas 78753, USA', 4, 2, 50, 1, '2019-11-10', '2019-03-11', 'selling', '2019-11-18 00:34:49', '2021-04-29 20:46:31', 12, 'Walnut Park is conveniently located on North Lamar Boulevard across from the 293-acre Walnut Creek Metropolitan Park and just south of Yager Lane near numerous shops and restaurants. Only 11 miles from downtown Austin, the heavily-wooded site borders Walnut Creek and offers residents inspiring views in an unparalleled, secluded community', NULL, NULL, 1, 4, NULL, 'Botble\\ACL\\Models\\User', '43.578848', '-76.32197', 5122, 1, 1, NULL, NULL),
(2, 'Osaka Heights', '<p>Osaka Heights is a state of the art apartment crafted with elegance, comfort and classiness.</p>\r\n\r\n<p>The grander apartments add new heights to the life of people in Colombo, Sri Lanka.</p>\r\n\r\n<p>Devised by a team of international consultants, Osaka Heights is all about contemporary design and comprehensive attention to detail in execution. If you are interested to own a luxury apartment at Sri Lanka, Osaka Heights is the best choice. The foundation of Osaka Heights is laid by skilled professionals, who capture your vision completely. The construction is built as per your elegant lifestyles, without any compromise in quality and class.</p>\r\n\r\n<p>The homes come with all comfy amenities and facilities for a superior life. From the panoramic views, the rooftop swimming pool and the landscaped eco-balconies, beauty meets you at every step in Osaka Heights. Made for an exclusive few, Osaka Heights gives you the advantage of sharing a space with like-minded individuals. An elevated lifestyle naturally follows, making Osaka Heights one of the most sought-after addresses in Colombo.</p>', '[\"projects\\/21.jpg\",\"projects\\/24.jpg\",\"projects\\/23.jpg\",\"projects\\/25.jpg\",\"projects\\/26.jpg\",\"projects\\/22.jpg\"]', 'Kirulapone, Colombo 06, Colombo, Sri Lanka', 1, 15, 450, 1, '2019-08-09', '2019-08-10', 'selling', '2019-11-18 01:28:45', '2021-06-11 20:56:44', 3, 'The homes come with all comfy amenities and facilities for a superior life. From the panoramic views, the rooftop swimming pool and the landscaped eco-balconies, beauty meets you at every step in Osaka Heights. Made for an exclusive few, Osaka Heights gives you the advantage of sharing a space with like-minded individuals.', NULL, NULL, 1, 3, NULL, 'Botble\\ACL\\Models\\User', '43.013638', '-75.848066', 266, 1, 1, NULL, NULL),
(3, 'Mimaroba Paradise', '<h2><b>Why you should buy a house from this project?</b></h2>\r\n\r\n<ul>\r\n	<li>1. A summerhouse in the center of the city.</li>\r\n	<li>2. Remove the boundaries between you and the sea, you will be surrounded by blue sea.</li>\r\n	<li>3.&nbsp;Everything you have imagined - from infinity pool, zen garden, gourmet restaurant to thematic playgrounds awaiting you.</li>\r\n	<li>4.&nbsp;A unique design that makes luxury a habit, a wide variety of apartment plan options.</li>\r\n	<li>5.&nbsp;Reasonable payment options, affordable prices in Istanbul&#39;s most exclusive area.</li>\r\n</ul>\r\n\r\n<p>&lsquo;&rsquo; Mimaroba&rsquo;&rsquo; a modern beach district away from the bustle of Istanbul.&nbsp;The aim of the project is to make a living feel for the hosts in the deepest way.&nbsp;In this project you can enjoy a life with the sea and you can have a holiday for 12 months with social facilities and activities.&nbsp; &nbsp; &nbsp; &nbsp; &nbsp; &nbsp; &nbsp; &nbsp; &nbsp; &nbsp; &nbsp; &nbsp; &nbsp; &nbsp;&nbsp;</p>', '[\"projects\\/13.jpg\",\"projects\\/12.jpg\",\"projects\\/11.jpg\",\"projects\\/14.jpg\"]', 'Texas, USA', 2, 16, 327, 1, '2020-06-09', '2019-09-10', 'selling', '2019-11-18 03:30:34', '2021-06-11 20:56:44', 15, 'A summerhouse in the center of the city. Remove the boundaries between you and the sea, you will be surrounded by blue sea. Everything you have imagined - from infinity pool, zen garden, gourmet restaurant to thematic playgrounds awaiting you. A unique design that makes luxury a habit, a wide variety of apartment plan options.', NULL, NULL, 1, 1, NULL, 'Botble\\ACL\\Models\\User', '42.795156', '-76.237441', 5950, 1, 1, NULL, NULL),
(4, 'Aegean Villas', '<h2><strong>Aegean Villas</strong></h2>\r\n\r\n<p>Looks like Aegean town and be one of the highest rated sites in the region. A very large area of 312.000sqm&nbsp; has only 144 villas. Each villa&rsquo;s garden is independent of one another and protects private life. There are 400 adult olive trees in the common area landscape. Strengthening of neighborly relations with common sharing points such as open air cinema, village coffee, market.&nbsp; Increase the living motivation with 2,5km walking and cycling trail, tennis courts and carpet right activities.&nbsp; &nbsp; &nbsp; &nbsp;</p>\r\n\r\n<h4><strong>Why you should buy a house from this project?</strong></h4>\r\n\r\n<ul>\r\n	<li>1. Natural Architectural design.</li>\r\n	<li>2. Highest session rate in the region</li>\r\n	<li>3. Common sharing areas like open air cinema and village cafe.</li>\r\n	<li>4. 2,5km walking and cycling trail.</li>\r\n	<li>5. The gardens are detached and useful.</li>\r\n</ul>', '[\"properties\\/a5-1.jpg\",\"properties\\/a6-1.jpg\",\"properties\\/a7.jpg\",\"properties\\/a8.jpg\",\"properties\\/a10.jpg\",\"properties\\/a9.jpg\"]', 'Büyükçekmece, İstanbul, Turkey', 5, 2, 144, 1, '2020-06-09', '2020-10-04', 'selling', '2019-11-18 03:38:13', '2021-06-11 20:56:44', 11, 'A very large area of 312.000sqm  has only 144 villas. Each villa’s garden is independent of one another and protects private life. There are 400 adult olive trees in the common area landscape. Strengthening of neighborly relations with common sharing points such as open air cinema, village coffee, market.', NULL, NULL, 1, 2, NULL, 'Botble\\ACL\\Models\\User', '42.478281', '-75.321856', 8946, 1, 1, NULL, NULL),
(5, 'Aydos Forest Apartments', '<p>The project, which offers unique opportunities for those who want to move into their new home, is the most advantageous housing project of the location with its easy payment options according to your budget. In your new home you will have a live site life with 90% occupancy; The <strong>clean air</strong> of Aydos Forest, the most important social facility of the region with <strong>3,700 sqm</strong> which brings enjoyable social activities to your feet, and much more are waiting for you. You will live a life with nature thanks to the artificial lake and cherry trees in the project as well as the landscape of Aydos Forest. and bacause of its easy connection to the main roads, you can easily reach the important centers of Istanbul.</p>\r\n\r\n<h4><b>Why you should buy a house from this project?</b></h4>\r\n\r\n<ul>\r\n	<li>1.&nbsp;Ready for delivery.</li>\r\n	<li>2.&nbsp;82% open area of landscape.</li>\r\n	<li>3.&nbsp;Aydos forest is right next to the project.</li>\r\n	<li>4.&nbsp;More than 90% of the project is occupied and full of life.</li>\r\n	<li>5. Ease of transportation.</li>\r\n</ul>', '[\"properties\\/q1.jpg\",\"properties\\/q2.jpg\",\"properties\\/q8.jpg\",\"properties\\/q7.jpg\",\"properties\\/q3.jpg\",\"properties\\/q6.jpg\"]', 'Sancaktepe/İstanbul, Turkey', 4, 18, 1394, 1, '2019-10-30', '2019-07-21', 'selling', '2019-11-18 03:45:06', '2021-04-18 09:20:14', 2, 'You will have a live site life with 90% occupancy; The clean air of Aydos Forest, the most important social facility of the region with 3,700 sqm which brings enjoyable social activities to your feet, and much more are waiting for you. You will live a life with nature thanks to the artificial lake and cherry trees in the project as', NULL, NULL, 1, 3, NULL, 'Botble\\ACL\\Models\\User', '43.270016', '-75.054121', 6863, 1, 1, NULL, NULL),
(6, 'The Avila Apartments', '<p>A profoundly special project amidst history and Istanbul. In the heart of the Historical Peninsula, Select Lifestyle Alternatives ranging from 1+1 to 6+1, in limited numbers&hellip;. A timeless aesthetic enriched in perfect details .</p>\r\n\r\n<h4><b>Why you should buy a house from this project?</b></h4>\r\n\r\n<ul>\r\n	<li>1.&nbsp;Within the historical peninsula, there is a very special area where you will never find a similar one.</li>\r\n	<li>2.&nbsp;Unique sea view with a historical texture of Istanbul.</li>\r\n	<li>3.&nbsp;In the bustling city life, in the middle of all transportation possibilities.</li>\r\n	<li>4. 1+1 to 6+1 very special, suitable for all needs loft apartments</li>\r\n	<li>5.Large landscaping areas, cafes, shopping opportunities.</li>\r\n</ul>', '[\"properties\\/e1.jpg\",\"properties\\/e2.jpg\",\"properties\\/e3.jpg\",\"properties\\/e4.jpg\",\"properties\\/e5.jpg\",\"properties\\/e7.jpg\",\"properties\\/e8.jpg\"]', 'Singapore Island, Singapore', 2, 4, 125, 1, '2019-11-19', '2019-03-11', 'selling', '2019-11-18 03:53:20', '2021-06-11 20:56:44', 10, 'Within the historical peninsula, there is a very special area where you will never find a similar one. Unique sea view with a historical texture of Istanbul. In the bustling city life, in the middle of all transportation possibilities. Large landscaping areas, cafes, shopping opportunities.', NULL, NULL, 1, 5, NULL, 'Botble\\ACL\\Models\\User', '43.481307', '-74.862851', 7482, 1, 1, NULL, NULL);

-- --------------------------------------------------------

--
-- Table structure for table `re_projects_translations`
--

CREATE TABLE `re_projects_translations` (
  `lang_code` varchar(191) NOT NULL,
  `re_projects_id` int(11) NOT NULL,
  `name` varchar(255) DEFAULT NULL,
  `description` varchar(400) DEFAULT NULL,
  `content` longtext DEFAULT NULL,
  `location` varchar(255) DEFAULT NULL,
  `floor_plans` longtext DEFAULT NULL
) ENGINE=InnoDB DEFAULT CHARSET=utf8mb4 COLLATE=utf8mb4_unicode_ci;

-- --------------------------------------------------------

--
-- Table structure for table `re_project_categories`
--

CREATE TABLE `re_project_categories` (
  `id` bigint(20) UNSIGNED NOT NULL,
  `project_id` int(10) UNSIGNED NOT NULL,
  `category_id` int(10) UNSIGNED NOT NULL
) ENGINE=InnoDB DEFAULT CHARSET=utf8mb4 COLLATE=utf8mb4_unicode_ci;

--
-- Dumping data for table `re_project_categories`
--

INSERT INTO `re_project_categories` (`id`, `project_id`, `category_id`) VALUES
(1722, 1, 6),
(1723, 2, 5),
(1724, 3, 1),
(1725, 4, 5),
(1726, 5, 3),
(1727, 6, 3);

-- --------------------------------------------------------

--
-- Table structure for table `re_project_features`
--

CREATE TABLE `re_project_features` (
  `project_id` int(10) UNSIGNED NOT NULL,
  `feature_id` int(10) UNSIGNED NOT NULL
) ENGINE=InnoDB DEFAULT CHARSET=utf8mb4 COLLATE=utf8mb4_unicode_ci;

-- --------------------------------------------------------

--
-- Table structure for table `re_properties`
--

CREATE TABLE `re_properties` (
  `id` int(10) UNSIGNED NOT NULL,
  `name` varchar(300) NOT NULL,
  `content` longtext DEFAULT NULL,
  `location` varchar(255) DEFAULT NULL,
  `images` text DEFAULT NULL,
  `floor_plans` longtext DEFAULT NULL,
  `project_id` bigint(20) UNSIGNED DEFAULT 0,
  `number_bedroom` smallint(5) UNSIGNED DEFAULT NULL,
  `number_bathroom` smallint(5) UNSIGNED DEFAULT NULL,
  `number_floor` smallint(5) UNSIGNED DEFAULT NULL,
  `square` double DEFAULT NULL,
  `price` decimal(15,2) DEFAULT NULL,
  `price_unit` varchar(120) DEFAULT NULL,
  `is_featured` tinyint(1) NOT NULL DEFAULT 0,
  `status` varchar(60) NOT NULL DEFAULT 'selling',
  `created_at` timestamp NULL DEFAULT NULL,
  `updated_at` timestamp NULL DEFAULT NULL,
  `type` varchar(20) NOT NULL DEFAULT 'sale',
  `description` varchar(400) DEFAULT NULL,
  `currency_id` int(10) UNSIGNED DEFAULT NULL,
  `city_id` int(10) UNSIGNED DEFAULT NULL,
  `period` varchar(30) NOT NULL DEFAULT 'month',
  `author_id` int(11) DEFAULT NULL,
  `author_type` varchar(255) NOT NULL DEFAULT 'Botble\\ACL\\Models\\User',
  `moderation_status` varchar(60) NOT NULL DEFAULT 'pending',
  `reject_reason` varchar(400) DEFAULT NULL,
  `expire_date` date DEFAULT NULL,
  `auto_renew` tinyint(1) NOT NULL DEFAULT 0,
  `never_expired` tinyint(1) NOT NULL DEFAULT 0,
  `latitude` varchar(25) DEFAULT NULL,
  `longitude` varchar(25) DEFAULT NULL,
  `views` int(10) UNSIGNED NOT NULL DEFAULT 0,
  `country_id` int(10) UNSIGNED DEFAULT 1,
  `state_id` int(10) UNSIGNED DEFAULT NULL,
  `unique_id` varchar(191) DEFAULT NULL,
  `private_notes` text DEFAULT NULL
) ENGINE=InnoDB DEFAULT CHARSET=utf8mb4 COLLATE=utf8mb4_unicode_ci;

--
-- Dumping data for table `re_properties`
--

INSERT INTO `re_properties` (`id`, `name`, `content`, `location`, `images`, `floor_plans`, `project_id`, `number_bedroom`, `number_bathroom`, `number_floor`, `square`, `price`, `price_unit`, `is_featured`, `status`, `created_at`, `updated_at`, `type`, `description`, `currency_id`, `city_id`, `period`, `author_id`, `author_type`, `moderation_status`, `reject_reason`, `expire_date`, `auto_renew`, `never_expired`, `latitude`, `longitude`, `views`, `country_id`, `state_id`, `unique_id`, `private_notes`) VALUES
(1, '3 Beds Villa Calpe, Alicante', '<p>This villa is equipped with all conveniences, where everything takes place on one living level. Three spacious bedrooms that all have direct access to the pool terrace and a spacious living room with an American kitchen with cooking island, from where you can walk onto the terrace through large glass sliding doors. Downstairs there is an indoor, double garage and laundry room with an internal staircase to the house. But you can also drive up to the front door by car. The terrace is spacious and there is an extra-long swimming pool, where you can swim laps well. Around there is a landscaped garden, which is also low in maintenance. Instead of gardening, there is more time left for wonderful enjoyment in and around this beautiful villa.</p>', 'Alicante, Spain', '[\"properties\\/1.jpg\",\"properties\\/3.jpg\",\"properties\\/4.jpg\",\"properties\\/2.jpg\"]', '[{\"name\":{\"key\":\"name\",\"value\":\"First Floor\"},\"bedrooms\":{\"key\":\"bedrooms\",\"value\":\"3\"},\"bathrooms\":{\"key\":\"bathrooms\",\"value\":\"2\"},\"image\":{\"key\":\"image\",\"value\":\"properties\\/floor.png\"}},{\"name\":{\"key\":\"name\",\"value\":\"Second Floor\"},\"bedrooms\":{\"key\":\"bedrooms\",\"value\":\"2\"},\"bathrooms\":{\"key\":\"bathrooms\",\"value\":\"1\"},\"image\":{\"key\":\"image\",\"value\":\"properties\\/floor.png\"}}]', 6, 3, 3, 1, 600, 700000.00, NULL, 1, 'selling', '2019-11-17 20:34:59', '2025-03-02 10:45:23', 'sale', 'This villa is equipped with all conveniences, where everything takes place on one living level. Three spacious bedrooms that all have direct access to the pool terrace and a spacious living room with an American kitchen with cooking island, from where you can walk onto the terrace through large glass sliding doors.', 1, 5, 'month', 11, 'Botble\\RealEstate\\Models\\Account', 'approved', NULL, '2025-04-16', 0, 1, '43.954366', '-76.204832', 6808, 1, 1, NULL, NULL),
(2, 'Property For sale , Johannesburg, South Africa', '<p><strong>Beautiful home situated in road closure in bedfordview.&nbsp;</strong>Nestled on a rocky outcrop of enormous boulders, this unique home is an architectural triumph designed to titilate the senses from the very start with a waterfall cascading into heated black quartzite pool &amp; stunning koi-pond. Flavours of the Seychelles.&nbsp;Enter from a winding pathway lined by palms and tree ferns into the hallway. The spacious living room with magnificent wood burning fireplace and large diningroom are complemented by a wet barrel bar, featuring designer built in wine cellar wall.</p>', 'Johannesburg, South Africa', '[\"properties\\/23.jpg\",\"properties\\/21.jpg\",\"properties\\/24.jpg\",\"properties\\/22.jpg\"]', '[{\"name\":{\"key\":\"name\",\"value\":\"First Floor\"},\"bedrooms\":{\"key\":\"bedrooms\",\"value\":\"3\"},\"bathrooms\":{\"key\":\"bathrooms\",\"value\":\"2\"},\"image\":{\"key\":\"image\",\"value\":\"properties\\/floor.png\"}},{\"name\":{\"key\":\"name\",\"value\":\"Second Floor\"},\"bedrooms\":{\"key\":\"bedrooms\",\"value\":\"2\"},\"bathrooms\":{\"key\":\"bathrooms\",\"value\":\"1\"},\"image\":{\"key\":\"image\",\"value\":\"properties\\/floor.png\"}}]', 6, 4, 4, 2, 800, 800000.00, NULL, 1, 'selling', '2019-11-17 20:53:34', '2025-03-02 10:45:23', 'sale', 'Beautiful home. Nestled on a rocky outcrop of enormous boulders, this unique home is an architectural triumph designed to titilate the senses from the very start with a waterfall cascading into heated black quartzite pool & stunning koi-pond. Flavours of the Seychelles.', 1, 2, 'month', 5, 'Botble\\RealEstate\\Models\\Account', 'approved', NULL, '2025-04-16', 0, 1, '43.819483', '-76.703637', 1597, 1, 1, NULL, NULL),
(3, 'Stunning French Inspired Manor', '<p>Stunning French Inspired Manor located within Briarwood Ranch near Solvang in the heart of the magnificent Santa Ynez Valley. This residence features appx 5,000sqft 4+ bedroom, 3.5 bath home with elegant and spacious interiors including formal living and dining, amazing view great room and kitchen, and massive bonus library media room with bar and custom built-ins. The magnificent lagoon-like infinity edge swimming pool offers beach entry, waterfalls and slide, Cabana and a complimentary poolside bar combo BBQ kitchen. A spacious 2 car garage is adjacent to craft room and large art studio</p>', 'Solvang, Santa Barbara County, CA 93463, USA', '[\"properties\\/31.jpg\",\"properties\\/32.jpg\",\"properties\\/33.jpg\",\"properties\\/34.jpg\",\"properties\\/35.jpg\",\"properties\\/311.jpg\"]', '[{\"name\":{\"key\":\"name\",\"value\":\"First Floor\"},\"bedrooms\":{\"key\":\"bedrooms\",\"value\":\"3\"},\"bathrooms\":{\"key\":\"bathrooms\",\"value\":\"2\"},\"image\":{\"key\":\"image\",\"value\":\"properties\\/floor.png\"}},{\"name\":{\"key\":\"name\",\"value\":\"Second Floor\"},\"bedrooms\":{\"key\":\"bedrooms\",\"value\":\"2\"},\"bathrooms\":{\"key\":\"bathrooms\",\"value\":\"1\"},\"image\":{\"key\":\"image\",\"value\":\"properties\\/floor.png\"}}]', 5, 4, 3, 1, 450, 1695000.00, NULL, 1, 'selling', '2019-11-17 21:09:55', '2025-03-02 10:45:23', 'sale', 'This residence features appx 5,000sqft 4+ bedroom, 3.5 bath home with elegant and spacious interiors including formal living and dining, amazing view great room and kitchen, and massive bonus library media room with bar and custom built-ins. The magnificent lagoon-like infinity edge swimming pool offers beach entry, waterfalls and slide', 1, 5, 'month', 3, 'Botble\\RealEstate\\Models\\Account', 'approved', NULL, '2025-04-16', 0, 1, '43.722299', '-75.466082', 7547, 1, 1, NULL, NULL),
(4, 'Villa for sale at Bermuda Dunes', '<p>This rare and exceptional custom-built home sits on a premiere lot in the exclusive, private section of Castle Harbour. The property borders the golf course for 360 lineal feet, adding not only a gorgeous view but also complete privacy. The home itself sets above the golf course, for further privacy, and is located between the 5th and 6th fairways of the prestigious Bermuda Dunes Country Club. Chiseled glass entry doors lead you into a magnificent Italian Marble entry that encompasses the entire hallway and living room with a fireplace. The vast great room, with raised ceilings, captures the pool, golf, lake and dynamic southern, mountain views. There&#39;s a lovely Library with built in shelves on one wall. There&rsquo;s a sunken wet bar, with Italian Marble flooring, that provides views of the golf course and surrounding mountains.</p>', 'Bermuda Dunes, Riverside County, CA 92203, USA', '[\"properties\\/411.jpg\",\"properties\\/44.jpg\",\"properties\\/43.jpg\",\"properties\\/42.jpg\"]', '[{\"name\":{\"key\":\"name\",\"value\":\"First Floor\"},\"bedrooms\":{\"key\":\"bedrooms\",\"value\":\"3\"},\"bathrooms\":{\"key\":\"bathrooms\",\"value\":\"2\"},\"image\":{\"key\":\"image\",\"value\":\"properties\\/floor.png\"}},{\"name\":{\"key\":\"name\",\"value\":\"Second Floor\"},\"bedrooms\":{\"key\":\"bedrooms\",\"value\":\"2\"},\"bathrooms\":{\"key\":\"bathrooms\",\"value\":\"1\"},\"image\":{\"key\":\"image\",\"value\":\"properties\\/floor.png\"}}]', 4, 4, 3, 1, 480, 1295000.00, NULL, 1, 'selling', '2019-11-17 21:18:11', '2025-03-02 10:45:23', 'sale', 'This rare and exceptional custom-built home sits on a premiere lot in the exclusive, private section of Castle Harbour. The property borders the golf course for 360 lineal feet, adding not only a gorgeous view but also complete privacy. The home itself sets above the golf course, for further privacy, and is located between the 5th and 6th fairways of the prestigious Bermuda Dunes Country Club', 1, 1, 'month', 9, 'Botble\\RealEstate\\Models\\Account', 'approved', NULL, '2025-04-16', 0, 1, '43.982274', '-76.182356', 2949, 1, 1, NULL, NULL),
(5, 'Walnut Park Apartment', '<p>Only 11 miles from downtown Austin, the heavily-wooded site borders Walnut Creek and offers residents inspiring views in an unparalleled, secluded community</p>\r\n\r\n<ul>\r\n	<li>Heavily wooded site with dramatic 30-foot bluffs overlooking the scenic Walnut Creek</li>\r\n	<li>Conveniently located on North Lamar near numerous shops, major employers and restaurants</li>\r\n	<li>Easy access to I-35 and a short distance to US-183 and SH-45</li>\r\n	<li>Elegant clubhouse with a full kitchen, bar area, lounging area and creek-view veranda</li>\r\n	<li>24-hour fully-equipped fitness center with lockers and changing area</li>\r\n	<li>Indoor spa with cascading waterfall, steam room and cedar sauna</li>\r\n	<li>Spacious, gourmet kitchens with granite countertops and backsplashes</li>\r\n	<li>Stainless steel appliances and natural gas ranges</li>\r\n	<li>Designer hardwood cabinets with under-cabinet lighting</li>\r\n</ul>', 'North Lamar Boulevard, Austin, Texas 78753, USA', '[\"properties\\/8.jpg\",\"properties\\/7.jpg\",\"properties\\/5.jpg\",\"properties\\/1-1.jpg\"]', '[{\"name\":{\"key\":\"name\",\"value\":\"First Floor\"},\"bedrooms\":{\"key\":\"bedrooms\",\"value\":\"3\"},\"bathrooms\":{\"key\":\"bathrooms\",\"value\":\"2\"},\"image\":{\"key\":\"image\",\"value\":\"properties\\/floor.png\"}},{\"name\":{\"key\":\"name\",\"value\":\"Second Floor\"},\"bedrooms\":{\"key\":\"bedrooms\",\"value\":\"2\"},\"bathrooms\":{\"key\":\"bathrooms\",\"value\":\"1\"},\"image\":{\"key\":\"image\",\"value\":\"properties\\/floor.png\"}}]', 1, 2, 2, 1, 980, 2035.00, NULL, 1, 'renting', '2019-11-18 00:47:52', '2025-03-02 10:45:23', 'rent', 'Heavily wooded site with dramatic 30-foot bluffs overlooking the scenic Walnut Creek\r\nConveniently located on North Lamar near numerous shops, major employers and restaurants\r\nEasy access to I-35 and a short distance to US-183 and SH-45\r\nElegant clubhouse with a full kitchen, bar area, lounging area and creek-view veranda', 1, 1, 'month', 4, 'Botble\\RealEstate\\Models\\Account', 'approved', NULL, '2025-04-16', 0, 1, '42.669053', '-75.578469', 2092, 1, 1, NULL, NULL),
(6, '5 beds luxury house', '<p>Luxury and spacious remodeled house in Sea Cliff with 3 levels, 5 bedrooms and 4 bathrooms, and a great Golden Gate View. 4-Car garage. The house is remodeled and spacious with a great layout, and is offered furnished. It is charming and beautiful with lots of details, has thoughtful front landscaping and a large backyard and a patio, and has a great view of the Golden Gate. On the main level the entry opens to a large foyer which connects to a beautiful and large living room with a fireplace, and to a formal dining room.</p>\r\n\r\n<p>The house has a garage which can accommodate 3 to 4 cars. The house is offered furnished. Can be leased for short term or long term. The minimum lease term is 3 months.</p>', 'Seacliff San Francisco, Sea Cliff Avenue, San Francisco, CA 94121, USA', '[\"properties\\/a3.jpg\",\"properties\\/a1.jpg\",\"properties\\/a2.jpg\",\"properties\\/a4.jpg\"]', '[{\"name\":{\"key\":\"name\",\"value\":\"First Floor\"},\"bedrooms\":{\"key\":\"bedrooms\",\"value\":\"3\"},\"bathrooms\":{\"key\":\"bathrooms\",\"value\":\"2\"},\"image\":{\"key\":\"image\",\"value\":\"properties\\/floor.png\"}},{\"name\":{\"key\":\"name\",\"value\":\"Second Floor\"},\"bedrooms\":{\"key\":\"bedrooms\",\"value\":\"2\"},\"bathrooms\":{\"key\":\"bathrooms\",\"value\":\"1\"},\"image\":{\"key\":\"image\",\"value\":\"properties\\/floor.png\"}}]', 2, 5, 4, 3, 270, 1808.00, NULL, 1, 'renting', '2019-11-18 01:05:58', '2025-03-02 10:45:23', 'rent', 'Luxury and spacious remodeled house in Sea Cliff with 3 levels, 5 bedrooms and 4 bathrooms, and a great Golden Gate View. 4-Car garage. The house is remodeled and spacious with a great layout, and is offered furnished. It is charming and beautiful with lots of details, has thoughtful front landscaping and a large backyard and a patio, and has a great view of the Golden Gate', 1, 1, 'month', 7, 'Botble\\RealEstate\\Models\\Account', 'approved', NULL, '2025-04-16', 0, 1, '42.946985', '-76.206616', 1622, 1, 1, NULL, NULL),
(7, 'Family Victorian \"View\" Home', '<p>There is a formal dining room and spacious living room located on either side of the updated eat-in kitchen skylight, white cabinets, and stainless steel appliances. Enjoy ample natural light and spectacular southern views from the main living room oversized windows and a walk-out deck. A bonus room (guest bedroom/office) and a full bath complete this level.</p>\r\n<p> </p>', 'Safeway San Francisco CA, Market Street, San Francisco, CA 94114, USA', '[\"properties\\/b5.jpg\",\"properties\\/b1.jpg\",\"properties\\/b4.jpg\",\"properties\\/b6.jpg\",\"properties\\/b2.jpg\"]', '[{\"name\":{\"key\":\"name\",\"value\":\"First Floor\"},\"bedrooms\":{\"key\":\"bedrooms\",\"value\":\"3\"},\"bathrooms\":{\"key\":\"bathrooms\",\"value\":\"2\"},\"image\":{\"key\":\"image\",\"value\":\"properties\\/floor.png\"}},{\"name\":{\"key\":\"name\",\"value\":\"Second Floor\"},\"bedrooms\":{\"key\":\"bedrooms\",\"value\":\"2\"},\"bathrooms\":{\"key\":\"bathrooms\",\"value\":\"1\"},\"image\":{\"key\":\"image\",\"value\":\"properties\\/floor.png\"}}]', 3, 3, 2, 1, 180, 2580.00, NULL, 1, 'renting', '2019-11-18 01:12:07', '2025-03-02 10:45:23', 'rent', 'There is a formal dining room and spacious living room located on either side of the updated eat-in kitchen skylight, white cabinets, and stainless steel appliances. Enjoy ample natural light and spectacular southern views from the main living room oversized windows and a walk-out deck. A bonus room (guest bedroom/office) and a full bath complete t', 1, 1, 'month', 2, 'Botble\\RealEstate\\Models\\Account', 'approved', NULL, '2025-04-16', 0, 1, '43.819646', '-74.89512', 1809, 1, 1, NULL, NULL),
(8, 'Osaka Heights Apartment', '<p><strong>Kitchen</strong><br />\r\nCeramic tiled flooring, Granite counter top , Single bowl stainless steel kitchen sink with drain board and provisions for water purifier , electric hood , exhaust fan will be provided</p>\r\n\r\n<p><strong>Toilets</strong><br />\r\nAnti-skid Ceramic tiles on floor and ceramic wall tiles up to 7 feet height. White coloured branded sanitary fittings, Chromium plated taps , concealed plumbing</p>\r\n\r\n<p><strong>Doors</strong><br />\r\nMain door will be high quality wooden door, premium Windows quality pre-hung internal doors with wooded frame, UPVC or aluminum sliding doors and aluminum frame with glass for windows</p>\r\n\r\n<p>&nbsp;9 km to Katunayaka airport expressway entrance</p>\r\n\r\n<p>&nbsp;12 km to Southern expressway entrance at Kottawa</p>\r\n\r\n<p>&nbsp;2 km to Kalubowila General hospital</p>\r\n\r\n<p>&nbsp;All leading banks within a few kilometer radii</p>\r\n\r\n<p>&nbsp;Very close proximity to railway stations</p>\r\n\r\n<p>&nbsp;Many leading schools including CIS within 5 km radius</p>', 'High Level Road, Colombo 06, Sri Lanka', '[\"properties\\/24-1.jpg\",\"properties\\/22-1.jpg\",\"properties\\/p1.jpg\",\"properties\\/p2.jpg\"]', '[{\"name\":{\"key\":\"name\",\"value\":\"First Floor\"},\"bedrooms\":{\"key\":\"bedrooms\",\"value\":\"3\"},\"bathrooms\":{\"key\":\"bathrooms\",\"value\":\"2\"},\"image\":{\"key\":\"image\",\"value\":\"properties\\/floor.png\"}},{\"name\":{\"key\":\"name\",\"value\":\"Second Floor\"},\"bedrooms\":{\"key\":\"bedrooms\",\"value\":\"2\"},\"bathrooms\":{\"key\":\"bathrooms\",\"value\":\"1\"},\"image\":{\"key\":\"image\",\"value\":\"properties\\/floor.png\"}}]', 2, 2, 2, 1, 110, 150000.00, NULL, 1, 'selling', '2019-11-18 01:49:36', '2025-03-02 10:45:23', 'sale', 'Ceramic tiled flooring, Granite counter top , Single bowl stainless steel kitchen sink with drain board and provisions for water purifier , electric hood , exhaust fan will be provided. Anti-skid Ceramic tiles on floor and ceramic wall tiles up to 7 feet height. White coloured branded sanitary fittings, Chromium plated taps , concealed plumbing.', 1, 5, 'month', 4, 'Botble\\RealEstate\\Models\\Account', 'approved', NULL, '2025-04-16', 0, 1, '42.928003', '-74.902172', 4184, 1, 1, NULL, NULL),
(9, 'Private Estate Magnificent Views', '<p>Spacious 3 bedroom stabilised earth brick home, light and bright with statement entrance hall. Conservatory sun room, open plan kitchen/dining/lounge with raked cedar lined ceiling, kitchen with oregon timber cupboards and new Smeg oven. Air conditioner &amp; wood heater<br />\r\nGood sized bedrooms and main bedroom with spa overlooking tranquil gardens and Inlet.</p>', '110 Springdale Heights, Hay Denmark, WA, Australia', '[\"properties\\/79.jpg\",\"properties\\/71.jpg\",\"properties\\/73.jpg\",\"properties\\/72.jpg\",\"properties\\/74.jpg\",\"properties\\/75.jpg\",\"properties\\/78.jpg\"]', '[{\"name\":{\"key\":\"name\",\"value\":\"First Floor\"},\"bedrooms\":{\"key\":\"bedrooms\",\"value\":\"3\"},\"bathrooms\":{\"key\":\"bathrooms\",\"value\":\"2\"},\"image\":{\"key\":\"image\",\"value\":\"properties\\/floor.png\"}},{\"name\":{\"key\":\"name\",\"value\":\"Second Floor\"},\"bedrooms\":{\"key\":\"bedrooms\",\"value\":\"2\"},\"bathrooms\":{\"key\":\"bathrooms\",\"value\":\"1\"},\"image\":{\"key\":\"image\",\"value\":\"properties\\/floor.png\"}}]', 2, 3, 1, 1, 2000, 694000.00, NULL, 1, 'selling', '2019-11-18 02:02:19', '2025-03-02 10:45:23', 'sale', 'Spacious 3 bedroom stabilised earth brick home, light and bright with statement entrance hall. Conservatory sun room, open plan kitchen/dining/lounge with raked cedar lined ceiling, kitchen with oregon timber cupboards and new Smeg oven. Air conditioner & wood heater', 1, 5, 'month', 5, 'Botble\\RealEstate\\Models\\Account', 'approved', NULL, '2025-04-16', 0, 1, '42.812299', '-76.137607', 5475, 1, 1, NULL, NULL),
(10, 'Thompsons Road House for rent', '<p>Perfectly positioned in the exclusive suburb of Bulleen, this renovated home 3 bedroom home offers a superb lifestyle to those seeking all the expected comforts, privacy, convenience to freeways &amp; transport, and space.<br />\r\nYou are welcomed by a beautiful, low maintenance and established front garden, with ample off street parking, an elevated porch and tantum large garage. Inside you will find a lovely neutral colour scheme and near new gleaming timber timber floors. There are three spacious bedrooms all with built in robes, serviced by a central family bathroom and separate powder room, along with a large open lounge and formal dining room beaming with natural light. The stunning kitchen comes complete with Blanco appliances, breakfast bar and top quality fittings and fixtures.</p>', 'Thompsons Road, Bulleen VIC, Australia', '[\"properties\\/5-1.jpg\",\"properties\\/7-1.jpg\",\"properties\\/8-1.jpg\",\"properties\\/9.jpg\",\"properties\\/6.jpg\"]', '[{\"name\":{\"key\":\"name\",\"value\":\"First Floor\"},\"bedrooms\":{\"key\":\"bedrooms\",\"value\":\"3\"},\"bathrooms\":{\"key\":\"bathrooms\",\"value\":\"2\"},\"image\":{\"key\":\"image\",\"value\":\"properties\\/floor.png\"}},{\"name\":{\"key\":\"name\",\"value\":\"Second Floor\"},\"bedrooms\":{\"key\":\"bedrooms\",\"value\":\"2\"},\"bathrooms\":{\"key\":\"bathrooms\",\"value\":\"1\"},\"image\":{\"key\":\"image\",\"value\":\"properties\\/floor.png\"}}]', 6, 3, 3, 1, 160, 1465.00, NULL, 1, 'renting', '2019-11-18 02:16:53', '2025-03-02 10:45:23', 'rent', 'Perfectly positioned in the exclusive suburb of Bulleen, this renovated home 3 bedroom home offers a superb lifestyle to those seeking all the expected comforts, privacy, convenience to freeways & transport, and space.\r\nYou are welcomed by a beautiful, low maintenance and established front garden, with ample off street parking, an elevated porch and tantum large garage', 1, 3, 'month', 11, 'Botble\\RealEstate\\Models\\Account', 'approved', NULL, '2025-04-16', 0, 1, '42.601639', '-76.36969', 4844, 1, 1, NULL, NULL),
(11, 'Brand New 1 Bedroom Apartment In First Class Location', '<p>Set-back from Sandy Bay Road, walk to everything that counts: vibrant Battery Point village, Salamanca Place (Tasmania&#39;s premier entertainment precinct), the City Centre, University of Tasmania, hotel, retail and an easy stroll away from bustling Sandy Bay shops, local schools and with public transport outside your front door.</p>\r\n\r\n<p>Please note: Elders Brown and Banks do not accept applications from applicants who have not inspected the property internally.</p>', 'Sandy Bay Road, Sandy Bay TAS, Australia', '[\"properties\\/12.jpg\",\"properties\\/10.jpg\",\"properties\\/13.jpg\",\"properties\\/14.jpg\",\"properties\\/15.jpg\"]', '[{\"name\":{\"key\":\"name\",\"value\":\"First Floor\"},\"bedrooms\":{\"key\":\"bedrooms\",\"value\":\"3\"},\"bathrooms\":{\"key\":\"bathrooms\",\"value\":\"2\"},\"image\":{\"key\":\"image\",\"value\":\"properties\\/floor.png\"}},{\"name\":{\"key\":\"name\",\"value\":\"Second Floor\"},\"bedrooms\":{\"key\":\"bedrooms\",\"value\":\"2\"},\"bathrooms\":{\"key\":\"bathrooms\",\"value\":\"1\"},\"image\":{\"key\":\"image\",\"value\":\"properties\\/floor.png\"}}]', 5, 1, 1, 1, 80, 1680.00, NULL, 1, 'renting', '2019-11-18 02:22:48', '2025-03-02 10:45:23', 'rent', 'Set-back from Sandy Bay Road, walk to everything that counts: vibrant Battery Point village, Salamanca Place (Tasmania\'s premier entertainment precinct), the City Centre, University of Tasmania, hotel, retail and an easy stroll away from bustling Sandy Bay shops, local schools and with public transport outside your front door.', 1, 5, 'month', 9, 'Botble\\RealEstate\\Models\\Account', 'approved', NULL, '2025-04-16', 0, 1, '42.659611', '-76.197177', 7728, 1, 1, NULL, NULL),
(12, 'Elegant family home presents premium modern living', '<p>Move straight into this beautifully presented four-bedroom home and enjoy the best in modern family living without lifting a finger. Two separate living areas and four generous bedrooms provide plenty of space to grow, and entertaining is a real pleasure on the elegant alfresco patio in a peaceful garden setting. The home is ideally set walking distance to parks and bus stops, moments to your choice of schools, and just several minutes to Westfield North Lakes.<br />\r\n&nbsp;</p>', 'North Lakes QLD 4509, Australia', '[\"properties\\/a1-1.jpg\",\"properties\\/a2-1.jpg\",\"properties\\/a3-1.jpg\",\"properties\\/a5.jpg\",\"properties\\/a4-1.jpg\",\"properties\\/a6.jpg\"]', '[{\"name\":{\"key\":\"name\",\"value\":\"First Floor\"},\"bedrooms\":{\"key\":\"bedrooms\",\"value\":\"3\"},\"bathrooms\":{\"key\":\"bathrooms\",\"value\":\"2\"},\"image\":{\"key\":\"image\",\"value\":\"properties\\/floor.png\"}},{\"name\":{\"key\":\"name\",\"value\":\"Second Floor\"},\"bedrooms\":{\"key\":\"bedrooms\",\"value\":\"2\"},\"bathrooms\":{\"key\":\"bathrooms\",\"value\":\"1\"},\"image\":{\"key\":\"image\",\"value\":\"properties\\/floor.png\"}}]', 6, 3, 3, 1, 658, 1574.00, NULL, 1, 'renting', '2019-11-18 02:47:05', '2025-03-02 10:45:23', 'rent', 'Move straight into this beautifully presented four-bedroom home and enjoy the best in modern family living without lifting a finger. Two separate living areas and four generous bedrooms provide plenty of space to grow, and entertaining is a real pleasure on the elegant alfresco patio in a peaceful garden setting.', 1, 5, 'month', 12, 'Botble\\RealEstate\\Models\\Account', 'approved', NULL, '2025-04-16', 0, 1, '43.137361', '-76.539998', 4141, 1, 1, NULL, NULL),
(13, 'Luxury Apartments in Singapore for Sale', '<p>This apartment&nbsp;is located in Singapore, which has become a comfortable living center for the living, providing both attractive gains for investors and high premium. 840sqft<br />\r\n- High Floor<br />\r\n- Chinese Family<br />\r\n- Sky Garden<br />\r\n- Beautiful Roof Terrace with Jaccuzzi And<br />\r\nAlfresco Dinning<br />\r\n- Renovated with Quality Finishes<br />\r\n- Near Amenities<br />\r\n- Plenty of eateries.<br />\r\n- 5mins Walk to NTUC / Shaw Plaza<br />\r\n- Mins Drive To Orchard</p>', 'Balestier Road, Singapore', '[\"properties\\/5-2.jpg\",\"properties\\/2-3.jpg\",\"properties\\/3-3.jpg\",\"properties\\/4-2.jpg\",\"properties\\/1-3.jpg\"]', '[{\"name\":{\"key\":\"name\",\"value\":\"First Floor\"},\"bedrooms\":{\"key\":\"bedrooms\",\"value\":\"3\"},\"bathrooms\":{\"key\":\"bathrooms\",\"value\":\"2\"},\"image\":{\"key\":\"image\",\"value\":\"properties\\/floor.png\"}},{\"name\":{\"key\":\"name\",\"value\":\"Second Floor\"},\"bedrooms\":{\"key\":\"bedrooms\",\"value\":\"2\"},\"bathrooms\":{\"key\":\"bathrooms\",\"value\":\"1\"},\"image\":{\"key\":\"image\",\"value\":\"properties\\/floor.png\"}}]', 6, 2, 2, 1, 78, 918000.00, NULL, 1, 'selling', '2019-11-18 07:23:02', '2025-03-02 10:45:23', 'sale', 'This apartment is located in Singapore. High Floor, Chinese Family, Sky Garden, Beautiful Roof Terrace with Jaccuzzi and Alfresco Dinning, Renovated with Quality Finishes, Near Amenities, Plenty of eateries, 5mins Walk to NTUC / Shaw Plaza, Mins Drive To Orchard', 1, 5, 'month', 1, 'Botble\\RealEstate\\Models\\Account', 'approved', NULL, '2025-04-16', 0, 1, '42.813772', '-76.615855', 7501, 1, 1, NULL, NULL),
(14, '5 room luxury penthouse for sale in Kuala Lumpur', '<p>The Sentral Residence (BRAND NEW LUXURY CONDO)<br />\r\n<br />\r\n-Next to St Regis 5 Star Hotel<br />\r\n-Excellent accessibility (LRT,KLIA TRANSIT,KTM)<br />\r\n-Rooftop Sky lounge,sky pool,sky gym<br />\r\n-Private lift lobby to own unit<br />\r\n<br />\r\nEPIC LUXE PREMIUM UNITS<br />\r\n(KLCC and Lake Garden VIEW)<br />\r\n<br />\r\nLargest unit in Sentral Residence<br />\r\n&nbsp;</p>', 'Kuala Lumpur, Malaysia', '[\"properties\\/6-2.jpg\",\"properties\\/7-2.jpg\",\"properties\\/9-1.jpg\",\"properties\\/8-2.jpg\",\"properties\\/10-1.jpg\",\"properties\\/11-1.jpg\"]', '[{\"name\":{\"key\":\"name\",\"value\":\"First Floor\"},\"bedrooms\":{\"key\":\"bedrooms\",\"value\":\"3\"},\"bathrooms\":{\"key\":\"bathrooms\",\"value\":\"2\"},\"image\":{\"key\":\"image\",\"value\":\"properties\\/floor.png\"}},{\"name\":{\"key\":\"name\",\"value\":\"Second Floor\"},\"bedrooms\":{\"key\":\"bedrooms\",\"value\":\"2\"},\"bathrooms\":{\"key\":\"bathrooms\",\"value\":\"1\"},\"image\":{\"key\":\"image\",\"value\":\"properties\\/floor.png\"}}]', 1, 5, 7, 20, 377, 1590000.00, NULL, 1, 'selling', '2019-11-18 07:36:29', '2025-03-02 10:45:23', 'sale', 'Next to St Regis 5 Star Hotel, Excellent accessibility (LRT,KLIA TRANSIT,KTM), Rooftop Sky lounge, sky pool, sky gym, KLCC and Lake Garden VIEW', 1, 4, 'month', 1, 'Botble\\RealEstate\\Models\\Account', 'approved', NULL, '2025-04-16', 0, 1, '42.504328', '-76.341293', 5071, 1, 1, NULL, NULL),
(15, '2 Floor house in Compound Pejaten Barat Kemang', '<p>Want to lease a nice house in compound Renovated, balinese style ,homey and comfy area 220/300,&nbsp;3&nbsp;bedrooms,&nbsp;2 bathrooms, garden furnished renovated fasilitas : s.pool, tenis court, jogging track 24 hours security rent price : IDR 250.000.000 / year&nbsp;</p>', 'Kota Administrasi Jakarta Selatan, South Jakarta City, Jakarta Raya, Indonesia', '[\"properties\\/a1-2.jpg\",\"properties\\/a2-2.jpg\",\"properties\\/a3-2.jpg\",\"properties\\/a4-2.jpg\"]', '[{\"name\":{\"key\":\"name\",\"value\":\"First Floor\"},\"bedrooms\":{\"key\":\"bedrooms\",\"value\":\"3\"},\"bathrooms\":{\"key\":\"bathrooms\",\"value\":\"2\"},\"image\":{\"key\":\"image\",\"value\":\"properties\\/floor.png\"}},{\"name\":{\"key\":\"name\",\"value\":\"Second Floor\"},\"bedrooms\":{\"key\":\"bedrooms\",\"value\":\"2\"},\"bathrooms\":{\"key\":\"bathrooms\",\"value\":\"1\"},\"image\":{\"key\":\"image\",\"value\":\"properties\\/floor.png\"}}]', 1, 3, 2, 2, 200, 1400.00, NULL, 1, 'renting', '2019-11-18 07:44:44', '2025-03-02 10:45:23', 'rent', 'Want to lease a nice house in compound Renovated, balinese style ,homey and comfy area 220/300, 3 bedrooms, 2 bathrooms, garden furnished renovated fasilitas : s.pool, tenis court, jogging track 24 hours security rent price : IDR 250.000.000 / year ', 1, 5, 'month', 6, 'Botble\\RealEstate\\Models\\Account', 'approved', NULL, '2025-04-16', 0, 1, '43.636294', '-76.116519', 2851, 1, 1, NULL, NULL),
(16, 'Apartment Muiderstraatweg in Diemen', '<p>For rent fully furnished 3 bedroom apartment in Diemen.<br />\r\nVery suitable for a couple or maximum 2 working sharers, garantors are not accepted.<br />\r\n<br />\r\nLovely modern and very well maintained apartment in Diemen.<br />\r\nThe property is located on the first floor where you will find the living room and the kitchen with all modern conveniences.<br />\r\nOn the second floor 2 bedrooms and a nice bathroom with a seperate shower and bathtub.<br />\r\nOn this floor you have access to the small roof terrace.<br />\r\nLast but not least there is a spacious attic room on the third floor.<br />\r\nThe tram stops in front of the door and within 20 minutes you are in the heart of Amsterdam.<br />\r\nPets are not allowed.</p>', 'Diemen, Netherlands', '[\"properties\\/b4-1.jpg\",\"properties\\/b3.jpg\",\"properties\\/b5-1.jpg\"]', '[{\"name\":{\"key\":\"name\",\"value\":\"First Floor\"},\"bedrooms\":{\"key\":\"bedrooms\",\"value\":\"3\"},\"bathrooms\":{\"key\":\"bathrooms\",\"value\":\"2\"},\"image\":{\"key\":\"image\",\"value\":\"properties\\/floor.png\"}},{\"name\":{\"key\":\"name\",\"value\":\"Second Floor\"},\"bedrooms\":{\"key\":\"bedrooms\",\"value\":\"2\"},\"bathrooms\":{\"key\":\"bathrooms\",\"value\":\"1\"},\"image\":{\"key\":\"image\",\"value\":\"properties\\/floor.png\"}}]', 3, 3, 1, 2, 90, 2123.00, NULL, 1, 'renting', '2019-11-18 07:59:14', '2025-03-02 10:45:23', 'rent', 'Lovely modern and very well maintained apartment in Diemen.\r\nThe property is located on the first floor where you will find the living room and the kitchen with all modern conveniences.\r\nOn the second floor 2 bedrooms and a nice bathroom with a seperate shower and bathtub.\r\nOn this floor you have access to the small roof terrace.', 1, 3, 'month', 1, 'Botble\\RealEstate\\Models\\Account', 'approved', NULL, '2025-04-16', 0, 1, '43.52876', '-76.65882', 9043, 1, 1, NULL, NULL),
(17, 'Nice Apartment for rent in Berlin', '<p>Fully furnished shared all-inclusive apartments, with modern amenities that&rsquo;ll make you feel right at home. A great starting point for exploring the rest of the city and its many hidden gems. Area In the center of East Berlin, you&rsquo;ll find everything from delicious street food to flee markets, to high-end restaurants.</p>\r\n\r\n<p>In this bright, modern h(e)aven, you&rsquo;ll find a Queen size bed, a fully equipped kitchen, a separate bathroom with a walk-in shower and a study area for when the dedicated student in you awakens. Some come with great views, others with a nice and cozy balcony.</p>', 'Berlin, Germany', '[\"properties\\/t3.jpg\",\"properties\\/t1.jpg\",\"properties\\/t2.jpg\",\"properties\\/t4.jpg\",\"properties\\/t5.jpg\"]', '[{\"name\":{\"key\":\"name\",\"value\":\"First Floor\"},\"bedrooms\":{\"key\":\"bedrooms\",\"value\":\"3\"},\"bathrooms\":{\"key\":\"bathrooms\",\"value\":\"2\"},\"image\":{\"key\":\"image\",\"value\":\"properties\\/floor.png\"}},{\"name\":{\"key\":\"name\",\"value\":\"Second Floor\"},\"bedrooms\":{\"key\":\"bedrooms\",\"value\":\"2\"},\"bathrooms\":{\"key\":\"bathrooms\",\"value\":\"1\"},\"image\":{\"key\":\"image\",\"value\":\"properties\\/floor.png\"}}]', 6, 1, 1, 1, 33, 1217.00, NULL, 1, 'renting', '2019-11-18 08:13:07', '2025-03-02 10:45:23', 'rent', 'Fully furnished shared all-inclusive apartments, with modern amenities that’ll make you feel right at home. A great starting point for exploring the rest of the city and its many hidden gems. Area In the center of East Berlin, you’ll find everything from delicious street food to flee markets, to high-end restaurants.', 1, 5, 'month', 5, 'Botble\\RealEstate\\Models\\Account', 'approved', NULL, '2025-04-16', 0, 1, '43.222732', '-76.105523', 6640, 1, 1, NULL, NULL),
(35, 'A prime 95 Guz house is up for auction sale at an unbeatable price', '<p><img src=\"https://auctionstreet.in/storage/rahul-jain-w.png\" alt=\"rahul jain w\" loading=\"lazy\"><br> </p>', '', '{\"1\":\"rjw2.png\",\"2\":\"rjw.png\"}', '\"[]\"', 0, NULL, NULL, NULL, 78.66, 2600000.00, NULL, 0, 'selling', '2025-03-03 11:46:35', '2025-03-03 16:52:18', 'sale', 'A prime 95 Guz house is up for auction sale at an unbeatable price! This is your chance to grab a budget-friendly property in a top location.\n📍 Location: Yamuna vihar, phase 2 , kamla nagar (Agra)', 1, 6, 'day', NULL, 'Botble\\RealEstate\\Models\\Account', 'approved', NULL, '2025-04-17', 0, 0, NULL, NULL, 6, 2, 2, 'AS1741008080', ''),
(36, '🏡 Flat for Auction in Lucknow – Prime Location &amp; Best Price! 🏡', '<p><img src=\"https://auctionstreet.in/storage/shagufta-khan-lucknow.png\" alt=\"shagufta khan lucknow\" loading=\"lazy\"><br> </p>', 'FLAT NO.405 ON FOURTH FLOOR OF BUILDING SUKHRAJ TOWER BUILTON PLOTNO.3,4&amp;5BATHA SABAULI. LUCKNOW.11', '{\"1\":\"sk.png\"}', '\"[]\"', 0, NULL, NULL, NULL, 112.44, 2700000.00, NULL, 0, 'selling', '2025-03-03 13:45:42', '2025-03-03 16:52:33', 'sale', 'Flat for sale in Lucknow , Best property deals in Lucknow, Real estate investment in Lucknow, Flat for sale in Lucknow\n🏡 Flat for Auction in Lucknow – Prime Location &amp; Best Price! 🏡\n🔹 Flat No. 405, Fourth Floor\n🔹 Building: Sukhraj Tower\n🔹 Location: Batha Sabauli, Lucknow\n🔹 Size: 1210 sq. ft.\n🔹 Status: Auction Sale\n🔹 Price: 💰 ₹27,00,000/- 💰', 1, 7, 'day', NULL, 'Botble\\RealEstate\\Models\\Account', 'approved', NULL, '2025-04-17', 0, 1, NULL, NULL, 7, 2, 2, 'AS1741074256', ''),
(37, 'a prime house at prime location 115 gaj at just ₹35 Lakhs', '<p><img src=\"https://auctionstreet.in/storage/sagun-saree.png\" alt=\"sagun saree\" loading=\"lazy\"><br><img src=\"https://auctionstreet.in/storage/ss.png\" alt=\"ss\" loading=\"lazy\"><br> </p>', 'Agra', '{\"1\":\"ss1.png\"}', '\"[]\"', 0, NULL, NULL, NULL, 95.23, 3500000.00, NULL, 0, 'selling', '2025-03-03 16:32:35', '2025-03-03 16:51:59', 'sale', 'cheap house in agra, best house in agra\na prime house at prime location\n115 gaj at just ₹35 Lakhs\nlocation:- shadra link road near Jyoti industries agra', 1, 6, 'day', NULL, 'Botble\\RealEstate\\Models\\Account', 'approved', NULL, '2025-04-17', 0, 1, NULL, NULL, 11, 2, 2, 'AS1741011156', ''),
(38, '60.19 SQ. METER HOUSE IN GATED SOCIETY! 🔥', '<p><img src=\"https://auctionstreet.in/storage/khushboo-residency.png\" alt=\"khushboo residency\" loading=\"lazy\"><br><img src=\"https://auctionstreet.in/storage/kh.png\" alt=\"kh\" loading=\"lazy\"><br> </p>', 'khushboo residency, naubari, agra', '{\"1\":\"khr.png\"}', '\"[]\"', 0, NULL, NULL, NULL, 60.19, 1143000.00, NULL, 0, 'selling', '2025-03-03 17:11:30', '2025-03-03 17:11:30', 'sale', 'best hoouse under 15 lakhs, best affordable house, best property in agra, best property iun agra.\nA 60.19 sq. meter house in a well-secured, gate-closed society is now available for sale! A perfect opportunity for homebuyers &amp; investors looking for a peaceful and secure environment.', 1, 6, 'day', NULL, 'Botble\\RealEstate\\Models\\Account', 'approved', NULL, '2025-04-17', 0, 1, NULL, NULL, 12, 2, 2, 'AS1741025712', ''),
(39, '🏡 Residential house for Auction Sale in Lucknow! 🏡', '<p><img src=\"https://auctionstreet.in/storage/knbn.png\" alt=\"knbn\" loading=\"lazy\"><br><img src=\"https://auctionstreet.in/storage/kn.png\" alt=\"kn\" loading=\"lazy\"><br> </p>', 'PLOT NO.193 AT KHASRA NO 310 , MAHARSHI NAGAR , FAIZUL GANJ, LUCKNOW', '[]', '\"[]\"', 0, NULL, NULL, NULL, 162.58, 3840000.00, NULL, 0, 'selling', '2025-03-03 17:57:54', '2025-03-04 13:20:40', 'sale', 'best house in lucknow, best house under 40 lakhs, cheapest house in lucknow, auction house in lucknow, auction properties to sale\n📢 Looking to Build Your Dream Home or Make a Smart Investment? This is your chance to own a valuable house in Lucknow’s booming real estate market!\n💰 Don’t Miss This Opportunity! Place Your Bid Today!', 1, 7, 'day', NULL, 'Botble\\RealEstate\\Models\\Account', 'approved', NULL, '2025-04-17', 0, 1, NULL, NULL, 4, 2, 2, 'AS1741029848', ''),
(40, '🏡 Prime Auction Sale – 1170 Sq. Ft. House in Vishnupuri, Lucknow! 🏡', '<p><img src=\"https://auctionstreet.in/storage/brijesh.png\" alt=\"brijesh\" loading=\"lazy\"><br> </p>', 'HOUSE NO 532GA/173-112/27 ON PLOT NO 119/27, SITUATED AT DEVLOK COLONY, VISHNUPURI, SHEIKHPUR, WARD- MAHANAGAR. Lucknow', '[]', '\"[]\"', 0, NULL, NULL, NULL, 108.69, 8710000.00, NULL, 0, 'selling', '2025-03-04 12:02:48', '2025-03-04 12:02:48', 'sale', 'Discover a spacious, ready-to-move independent house for sale in Lucknow at a prime location. This main road property offers excellent connectivity, making it a great real estate investment. Perfect for families or investors, this luxury house in Lucknow is available at the best price. Don’t miss the chance to buy property in Lucknow with top amenities.\n🔥 Exclusive Opportunity | Prime Location |', 1, 6, 'day', NULL, 'Botble\\RealEstate\\Models\\Account', 'approved', NULL, '2025-04-18', 0, 1, NULL, NULL, 10, 2, 2, 'AS1741117684', ''),
(41, '🏡 Auction Sale: 120.89 Sq. Mtr House in Gated Society, Lucknow!', '<p><img src=\"https://auctionstreet.in/storage/sushil-kumar-lucknow.png\" alt=\"sushil kumar lucknow\" loading=\"lazy\"><br> </p>', 'PLOT NO 98, KHASRA NO 835, MADIYAO, PARGANA MAHONA, TEHSIL BAKSHIKA TALAB, DISTRICT LUCKNOW', '[]', '\"[]\"', 0, NULL, NULL, NULL, 120.89, 3060000.00, NULL, 0, 'selling', '2025-03-04 13:26:36', '2025-03-04 13:26:36', 'sale', 'A 120.89 sq. mtr. independent house for sale in Lucknow at PLOT NO 98, KHASRA NO 835, MADIYAO. Located in a secure gated community, this prime location property offers main road access, making it an ideal real estate investment. With a competitive price of ₹30,60,000, this is your chance to buy property in Lucknow at the best deal.', 1, 7, 'day', NULL, 'Botble\\RealEstate\\Models\\Account', 'approved', NULL, '2025-04-18', 0, 1, NULL, NULL, 8, 2, 2, 'AS1741119576', ''),
(42, '🏡 Auction Sale: 255.576 Sq. Mtr. House in Lucknow!', '<p><img src=\"https://auctionstreet.in/storage/aashtha-mineral-water.png\" alt=\"aashtha mineral water\" loading=\"lazy\"><br> </p>', 'KHASRA NO 792A &amp; 792B, VILLAGE CHANDAKODAR, PARGANA MAHONA, TEHSIL BAKSHI KA TALAB, LUCKNOW', '[]', '\"[]\"', 0, NULL, NULL, NULL, 255.576, 4500000.00, NULL, 0, 'selling', '2025-03-04 16:19:48', '2025-03-04 16:19:48', 'sale', 'A 255.576 sq. mtr. house for sale in Lucknow, located at KHASRA NO 792A &amp; 792B, VILLAGE CHANDAKODAR, PARGANA MAHONA, TEHSIL BAKSHI KA TALAB. This prime location property offers excellent connectivity, making it a great real estate investment with high appreciation potential. Ideal for homebuyers and investors, this on-road house in Lucknow is a rare opportunity.', 1, 7, 'day', NULL, 'Botble\\RealEstate\\Models\\Account', 'approved', NULL, '2025-04-18', 0, 1, NULL, NULL, 9, 2, 2, 'AS1741171693', ''),
(43, '🏡 Auction Sale: 21.455 Sq. Mtr. House in Lucknow!', '<p><img src=\"https://auctionstreet.in/storage/new-punjab-sales.png\" alt=\"new punjab sales\" loading=\"lazy\"><br> </p>', 'House No L.D.-117, First Floor, Sec-F, Kanpur Road Yojana, Ward-Vidyawati Devi Nagar, Lucknow', '[]', '\"[]\"', 0, NULL, NULL, NULL, 21.455, 1470000.00, NULL, 0, 'selling', '2025-03-04 17:09:49', '2025-03-04 17:09:57', 'sale', 'A 21.455 sq. mtr. house for sale in Lucknow, located at House No L.D.-117, First Floor, Sec-F, Kanpur Road Yojana, Ward-Vidyawati Devi Nagar. This ready-to-move property offers excellent road connectivity in a well-developed residential area, making it a great real estate investment. Ideal for homebuyers and investors looking for a budget-friendly house in Lucknow with high appreciation potential.', 1, 7, 'day', NULL, 'Botble\\RealEstate\\Models\\Account', 'approved', NULL, '2025-04-18', 0, 1, NULL, NULL, 10, 2, 2, 'AS1741184457', ''),
(44, '🏡 Residential House for Auction Sale in Lucknow – Prime Location! 🏡', '<p><img src=\"https://auctionstreet.in/storage/dileep-kumar.png\" alt=\"dileep kumar\" loading=\"lazy\"><br> </p>', 'Plot No. 2, Municipal No. 647/P-002, Khasra No. 914, Village- Madiyaon, Bakshi Ka Talab, Ward- Jankipuram-1, Lucknow', '[]', '\"[]\"', 0, NULL, NULL, NULL, 130.11, 3400000.00, NULL, 0, 'selling', '2025-03-05 11:43:40', '2025-03-05 11:43:40', 'sale', '🏡 Residential House for Auction Sale in Lucknow – Best Investment Opportunity!\n\nA 130.11 sq. mtr. residential house is available for auction sale in Lucknow at an attractive price of ₹34,00,000. Located in Madiyaon, Bakshi Ka Talab, Jankipuram-1, Lucknow, this property offers great connectivity and a prime location for home buyers and investors.', 1, 7, 'day', NULL, 'Botble\\RealEstate\\Models\\Account', 'approved', NULL, '2025-04-19', 0, 1, NULL, NULL, 5, 2, 2, 'AS1741211323', ''),
(45, '🏡 Flat Auction – 94.75 Sq. Meter Flat for Sale in Lucknow! 🔥', '<p><img src=\"https://auctionstreet.in/storage/shri-ram-hanuman.png\" alt=\"shri ram hanuman\" loading=\"lazy\"><br> </p>', '', '[]', '\"[]\"', 0, NULL, NULL, NULL, 94.75, 4850000.00, NULL, 0, 'selling', '2025-03-05 18:39:16', '2025-03-05 18:39:16', 'sale', 'A ready-to-move 94.75 sq. meter flat in Pushpayan Nehru Enclave, Gomti Nagar, Lucknow is now available for auction sale. This spacious ground-floor flat is perfect for homebuyers and real estate investors, offering prime location, excellent connectivity, and a great investment opportunity.', 1, 7, 'day', NULL, 'Botble\\RealEstate\\Models\\Account', 'approved', NULL, '2025-04-19', 0, 1, NULL, NULL, 9, 2, 2, 'AS1741199344', ''),
(46, '🏡 House Auction – 74 Sq. Meter Residential Property for Sale in Agra!', '<p><img src=\"https://auctionstreet.in/storage/sai-aagaan-nagla-kali-website-k-liye-jate-huye.png\" alt=\"sai aagaan nagla kali website k liye jate huye\" loading=\"lazy\"><br><img src=\"https://auctionstreet.in/storage/whatsapp-image-2025-03-04-at-123913-pm.jpeg\" alt=\"WhatsApp Image 2025-03-04 at 12.39.13 PM\" loading=\"lazy\"><br> </p>', '', '[]', '\"[]\"', 0, NULL, NULL, NULL, 74, 1360000.00, NULL, 0, 'selling', '2025-03-06 15:22:56', '2025-03-06 15:22:56', 'sale', 'Looking for an affordable house in Agra? This 74 sq. meter residential property in Sai Aagan, Nagla Kali, Agra is perfect for homebuyers &amp; investors! Located in a well-connected area, this spacious house offers a great opportunity for investment.', 1, 6, 'day', NULL, 'Botble\\RealEstate\\Models\\Account', 'approved', NULL, '2025-04-20', 0, 1, NULL, NULL, 9, 2, 2, 'AS1741281625', ''),
(47, '🏡 100 Guz House for Auction in Triveni Colony, Agra – Prime Investment Opportunity!', '<p><img src=\"https://auctionstreet.in/storage/100-guz-triveni-colony-near-tv-tower-shamshabad-road-agra.png\" alt=\"100 guz triveni colony near tv tower shamshabad road agra\" loading=\"lazy\"><br><img src=\"https://auctionstreet.in/storage/100-guz-triveni-colony-near-tv-tower-shamshabad-road-agrapng-1.png\" alt=\"100 guz triveni colony near tv tower shamshabad road agra.png 1\" loading=\"lazy\"><br> </p>', 'Triveni Colony, Near TV Tower, Shamshabad Road, Agra', '[]', '\"[]\"', 0, NULL, NULL, NULL, 83.61, 1940000.00, NULL, 0, 'selling', '2025-03-06 17:51:23', '2025-03-06 17:51:23', 'sale', 'Looking for a budget-friendly home or a smart real estate investment? This 100 guz house in Triveni Colony, near TV Tower, Shamshabad Road, Agra, is now up for auction!\n✅ Spacious property in a prime location\n✅ Ideal for homebuyers &amp; investors\n✅ Limited-time auction – Act Fast!', 1, 6, 'day', NULL, 'Botble\\RealEstate\\Models\\Account', 'approved', NULL, '2025-04-20', 0, 1, NULL, NULL, 10, 2, 2, 'AS1741318669', ''),
(48, '🏡 Auction Sale: 83.61 Sq. Mtr Property in Prateek Vihar, Sikandra, Agra – Just ₹28.80 Lakh!', '<p><img src=\"https://auctionstreet.in/storage/gulam-ali-prateek-vihar-sikandra.png\" alt=\"gulam ali prateek vihar sikandra\" loading=\"lazy\"><br> </p>', 'Prateek Vihar, Sikandra, Agra', '[]', '\"[]\"', 0, NULL, NULL, NULL, 83.61, 2880000.00, NULL, 0, 'selling', '2025-03-08 14:04:40', '2025-03-08 14:04:40', 'sale', '🏡 Auction Property in Sikandra, Agra – 83.61 Sq. Mtr Independent House for Just ₹28.80 Lakh!\n\nLooking for a budget-friendly house in Agra? This freehold independent house in Prateek Vihar, Sikandra is a great investment opportunity. Well-connected to highways, schools, hospitals, and markets, this property offers high appreciation value in a rapidly developing area.', 1, 6, 'day', NULL, 'Botble\\RealEstate\\Models\\Account', 'approved', NULL, '2025-04-22', 0, 1, NULL, NULL, 7, 2, 2, 'AS1741517834', ''),
(49, '100 Gaj House for Auction Sale in Gulab Nagar, Agra – Just ₹18 Lacs', '<p><img src=\"https://auctionstreet.in/storage/poonam-yadav.png\" alt=\"poonam yadav\" loading=\"lazy\"><br> </p>', 'Makan No. F-318, Gulab Nagar, Agra', '[]', '\"[]\"', 0, NULL, NULL, NULL, NULL, 1800000.00, NULL, 0, 'selling', '2025-03-25 12:13:45', '2025-03-25 12:13:45', 'sale', 'Looking for an affordable home or a great investment opportunity? This 100 Gaj house in Gulab Nagar, Agra, is now available for auction sale at an unbeatable price! ✅\n🏠 Property Highlights:\n✅ Prime Location – Makan No. F-318, Gulab Nagar, Agra\n✅ Spacious 100 Gaj House – Ideal for families &amp; investors\n✅ Affordable Price – Just ₹18 Lacs!', 1, 6, 'day', NULL, 'Botble\\RealEstate\\Models\\Account', 'approved', NULL, '2025-05-09', 0, 1, NULL, NULL, 7, 2, 2, 'AS1742942446', '');

-- --------------------------------------------------------

--
-- Table structure for table `re_properties_translations`
--

CREATE TABLE `re_properties_translations` (
  `lang_code` varchar(191) NOT NULL,
  `re_properties_id` int(11) NOT NULL,
  `name` varchar(255) DEFAULT NULL,
  `description` varchar(400) DEFAULT NULL,
  `content` longtext DEFAULT NULL,
  `location` varchar(255) DEFAULT NULL,
  `floor_plans` longtext DEFAULT NULL
) ENGINE=InnoDB DEFAULT CHARSET=utf8mb4 COLLATE=utf8mb4_unicode_ci;

-- --------------------------------------------------------

--
-- Table structure for table `re_property_categories`
--

CREATE TABLE `re_property_categories` (
  `id` bigint(20) UNSIGNED NOT NULL,
  `property_id` int(10) UNSIGNED NOT NULL,
  `category_id` int(10) UNSIGNED NOT NULL
) ENGINE=InnoDB DEFAULT CHARSET=utf8mb4 COLLATE=utf8mb4_unicode_ci;

--
-- Dumping data for table `re_property_categories`
--

INSERT INTO `re_property_categories` (`id`, `property_id`, `category_id`) VALUES
(4915, 16, 3),
(4926, 11, 3),
(4931, 1, 1),
(4932, 2, 4),
(4933, 3, 6),
(4934, 4, 1),
(4935, 5, 6),
(4936, 6, 2),
(4937, 7, 5),
(4938, 8, 3),
(4939, 9, 4),
(4940, 10, 3),
(4941, 12, 1),
(4942, 13, 5),
(4943, 14, 5),
(4944, 15, 4),
(4945, 17, 6),
(4946, 36, 1),
(4947, 37, 4),
(4948, 35, 4),
(4949, 38, 4),
(4950, 39, 4),
(4951, 40, 4),
(4952, 41, 4),
(4953, 42, 4),
(4954, 43, 4),
(4955, 44, 4),
(4956, 45, 1),
(4957, 46, 4),
(4958, 47, 4),
(4959, 48, 4),
(4960, 49, 4);

-- --------------------------------------------------------

--
-- Table structure for table `re_property_features`
--

CREATE TABLE `re_property_features` (
  `property_id` int(10) UNSIGNED NOT NULL,
  `feature_id` int(10) UNSIGNED NOT NULL
) ENGINE=InnoDB DEFAULT CHARSET=utf8mb4 COLLATE=utf8mb4_unicode_ci;

--
-- Dumping data for table `re_property_features`
--

INSERT INTO `re_property_features` (`property_id`, `feature_id`) VALUES
(1, 1),
(1, 2),
(1, 3),
(1, 4),
(1, 5),
(1, 6),
(1, 7),
(1, 8),
(1, 9),
(1, 10),
(1, 11),
(1, 12),
(2, 1),
(2, 2),
(2, 3),
(2, 4),
(2, 5),
(2, 6),
(2, 7),
(2, 8),
(2, 9),
(2, 10),
(2, 11),
(2, 12),
(3, 1),
(3, 2),
(3, 3),
(3, 4),
(3, 5),
(3, 6),
(3, 7),
(3, 8),
(3, 9),
(3, 10),
(3, 11),
(3, 12),
(4, 1),
(4, 2),
(4, 3),
(4, 4),
(4, 5),
(4, 6),
(4, 7),
(4, 8),
(4, 9),
(4, 10),
(4, 11),
(4, 12),
(5, 1),
(5, 2),
(5, 3),
(5, 4),
(5, 5),
(5, 6),
(5, 7),
(5, 8),
(5, 9),
(5, 10),
(5, 11),
(5, 12),
(6, 1),
(6, 2),
(6, 3),
(6, 4),
(6, 5),
(6, 6),
(6, 7),
(6, 8),
(6, 9),
(6, 10),
(6, 11),
(6, 12),
(7, 1),
(7, 2),
(7, 3),
(7, 4),
(7, 5),
(7, 6),
(7, 7),
(7, 8),
(7, 9),
(7, 10),
(7, 11),
(7, 12),
(8, 1),
(8, 2),
(8, 3),
(8, 4),
(8, 5),
(8, 6),
(8, 7),
(8, 8),
(8, 9),
(8, 10),
(8, 11),
(8, 12),
(9, 1),
(9, 2),
(9, 3),
(9, 4),
(9, 5),
(9, 6),
(9, 7),
(9, 8),
(9, 9),
(9, 10),
(9, 11),
(9, 12),
(10, 1),
(10, 2),
(10, 3),
(10, 4),
(10, 5),
(10, 6),
(10, 7),
(10, 8),
(10, 9),
(10, 10),
(10, 11),
(10, 12),
(11, 1),
(11, 2),
(11, 3),
(11, 4),
(11, 5),
(11, 6),
(11, 7),
(11, 8),
(11, 9),
(11, 10),
(11, 11),
(11, 12),
(12, 1),
(12, 2),
(12, 3),
(12, 4),
(12, 5),
(12, 6),
(12, 7),
(12, 8),
(12, 9),
(12, 10),
(12, 11),
(12, 12),
(13, 1),
(13, 2),
(13, 3),
(13, 4),
(13, 5),
(13, 6),
(13, 7),
(13, 8),
(13, 9),
(13, 10),
(13, 11),
(13, 12),
(14, 1),
(14, 2),
(14, 3),
(14, 4),
(14, 5),
(14, 6),
(14, 7),
(14, 8),
(14, 9),
(14, 10),
(14, 11),
(14, 12),
(15, 1),
(15, 2),
(15, 3),
(15, 4),
(15, 5),
(15, 6),
(15, 7),
(15, 8),
(15, 9),
(15, 10),
(15, 11),
(15, 12),
(16, 1),
(16, 2),
(16, 3),
(16, 4),
(16, 5),
(16, 6),
(16, 7),
(16, 8),
(16, 9),
(16, 10),
(16, 11),
(16, 12),
(17, 1),
(17, 2),
(17, 3),
(17, 4),
(17, 5),
(17, 6),
(17, 7),
(17, 8),
(17, 9),
(17, 10),
(17, 11),
(17, 12);

-- --------------------------------------------------------

--
-- Table structure for table `re_reviews`
--

CREATE TABLE `re_reviews` (
  `id` bigint(20) UNSIGNED NOT NULL,
  `account_id` int(10) UNSIGNED NOT NULL,
  `reviewable_type` varchar(191) NOT NULL,
  `reviewable_id` bigint(20) UNSIGNED NOT NULL,
  `star` tinyint(4) NOT NULL,
  `content` varchar(500) NOT NULL,
  `status` varchar(60) NOT NULL DEFAULT 'approved',
  `created_at` timestamp NULL DEFAULT NULL,
  `updated_at` timestamp NULL DEFAULT NULL
) ENGINE=InnoDB DEFAULT CHARSET=utf8mb4 COLLATE=utf8mb4_unicode_ci;

-- --------------------------------------------------------

--
-- Table structure for table `re_tags`
--

CREATE TABLE `re_tags` (
  `id` int(10) UNSIGNED NOT NULL,
  `name` varchar(300) NOT NULL,
  `description` varchar(400) DEFAULT NULL,
  `status` varchar(60) NOT NULL DEFAULT 'published',
  `created_at` timestamp NULL DEFAULT NULL,
  `updated_at` timestamp NULL DEFAULT NULL
) ENGINE=InnoDB DEFAULT CHARSET=utf8mb4 COLLATE=utf8mb4_unicode_ci;

-- --------------------------------------------------------

--
-- Table structure for table `re_tags_items`
--

CREATE TABLE `re_tags_items` (
  `tag_id` int(10) UNSIGNED NOT NULL,
  `item_id` int(10) UNSIGNED NOT NULL,
  `type` varchar(60) NOT NULL
) ENGINE=InnoDB DEFAULT CHARSET=utf8mb4 COLLATE=utf8mb4_unicode_ci;

-- --------------------------------------------------------

--
-- Table structure for table `roles`
--

CREATE TABLE `roles` (
  `id` int(10) UNSIGNED NOT NULL,
  `slug` varchar(120) NOT NULL,
  `name` varchar(120) NOT NULL,
  `permissions` text DEFAULT NULL,
  `description` varchar(255) DEFAULT NULL,
  `is_default` tinyint(3) UNSIGNED NOT NULL DEFAULT 0,
  `created_by` int(10) UNSIGNED NOT NULL,
  `updated_by` int(10) UNSIGNED NOT NULL,
  `created_at` timestamp NULL DEFAULT NULL,
  `updated_at` timestamp NULL DEFAULT NULL
) ENGINE=InnoDB DEFAULT CHARSET=utf8mb4 COLLATE=utf8mb4_unicode_ci;

--
-- Dumping data for table `roles`
--

INSERT INTO `roles` (`id`, `slug`, `name`, `permissions`, `description`, `is_default`, `created_by`, `updated_by`, `created_at`, `updated_at`) VALUES
(1, 'admin', 'Admin', '{\"users.index\":true,\"users.create\":true,\"users.edit\":true,\"users.destroy\":true,\"roles.index\":true,\"roles.create\":true,\"roles.edit\":true,\"roles.destroy\":true,\"core.system\":true,\"core.cms\":true,\"core.manage.license\":true,\"systems.cronjob\":true,\"core.tools\":true,\"tools.data-synchronize\":true,\"media.index\":true,\"files.index\":true,\"files.create\":true,\"files.edit\":true,\"files.trash\":true,\"files.destroy\":true,\"folders.index\":true,\"folders.create\":true,\"folders.edit\":true,\"folders.trash\":true,\"folders.destroy\":true,\"settings.index\":true,\"settings.common\":true,\"settings.options\":true,\"settings.email\":true,\"settings.media\":true,\"settings.admin-appearance\":true,\"settings.cache\":true,\"settings.datatables\":true,\"settings.email.rules\":true,\"settings.others\":true,\"menus.index\":true,\"menus.create\":true,\"menus.edit\":true,\"menus.destroy\":true,\"optimize.settings\":true,\"pages.index\":true,\"pages.create\":true,\"pages.edit\":true,\"pages.destroy\":true,\"plugins.index\":true,\"plugins.edit\":true,\"plugins.remove\":true,\"plugins.marketplace\":true,\"core.appearance\":true,\"theme.index\":true,\"theme.activate\":true,\"theme.remove\":true,\"theme.options\":true,\"theme.custom-css\":true,\"theme.custom-js\":true,\"theme.custom-html\":true,\"theme.robots-txt\":true,\"settings.website-tracking\":true,\"widgets.index\":true,\"ads.index\":true,\"ads.create\":true,\"ads.edit\":true,\"ads.destroy\":true,\"ads.settings\":true,\"analytics.general\":true,\"analytics.page\":true,\"analytics.browser\":true,\"analytics.referrer\":true,\"analytics.settings\":true,\"announcements.index\":true,\"announcements.create\":true,\"announcements.edit\":true,\"announcements.destroy\":true,\"announcements.settings\":true,\"audit-log.index\":true,\"audit-log.destroy\":true,\"backups.index\":true,\"backups.create\":true,\"backups.restore\":true,\"backups.destroy\":true,\"plugins.blog\":true,\"posts.index\":true,\"posts.create\":true,\"posts.edit\":true,\"posts.destroy\":true,\"categories.index\":true,\"categories.create\":true,\"categories.edit\":true,\"categories.destroy\":true,\"tags.index\":true,\"tags.create\":true,\"tags.edit\":true,\"tags.destroy\":true,\"blog.settings\":true,\"posts.export\":true,\"posts.import\":true,\"captcha.settings\":true,\"career.index\":true,\"career.create\":true,\"career.edit\":true,\"career.destroy\":true,\"contacts.index\":true,\"contacts.edit\":true,\"contacts.destroy\":true,\"contact.custom-fields\":true,\"contact.settings\":true,\"languages.index\":true,\"languages.create\":true,\"languages.edit\":true,\"languages.destroy\":true,\"plugin.location\":true,\"country.index\":true,\"country.create\":true,\"country.edit\":true,\"country.destroy\":true,\"state.index\":true,\"state.create\":true,\"state.edit\":true,\"state.destroy\":true,\"city.index\":true,\"city.create\":true,\"city.edit\":true,\"city.destroy\":true,\"newsletter.index\":true,\"newsletter.destroy\":true,\"newsletter.settings\":true,\"payment.index\":true,\"payments.settings\":true,\"payment.destroy\":true,\"payments.logs\":true,\"payments.logs.show\":true,\"payments.logs.destroy\":true,\"plugins.real-estate\":true,\"real-estate.settings\":true,\"property.index\":true,\"property.create\":true,\"property.edit\":true,\"property.destroy\":true,\"project.index\":true,\"project.create\":true,\"project.edit\":true,\"project.destroy\":true,\"property_feature.index\":true,\"property_feature.create\":true,\"property_feature.edit\":true,\"property_feature.destroy\":true,\"investor.index\":true,\"investor.create\":true,\"investor.edit\":true,\"investor.destroy\":true,\"review.index\":true,\"review.create\":true,\"review.edit\":true,\"review.destroy\":true,\"consult.index\":true,\"consult.edit\":true,\"consult.destroy\":true,\"property_category.index\":true,\"property_category.create\":true,\"property_category.edit\":true,\"property_category.destroy\":true,\"facility.index\":true,\"facility.create\":true,\"facility.edit\":true,\"facility.destroy\":true,\"account.index\":true,\"account.create\":true,\"account.edit\":true,\"account.destroy\":true,\"unverified-accounts.index\":true,\"package.index\":true,\"package.create\":true,\"package.edit\":true,\"package.destroy\":true,\"consults.index\":true,\"consults.edit\":true,\"consults.destroy\":true,\"real-estate.custom-fields.index\":true,\"real-estate.custom-fields.create\":true,\"real-estate.custom-fields.edit\":true,\"real-estate.custom-fields.destroy\":true,\"invoice.index\":true,\"invoice.edit\":true,\"invoice.destroy\":true,\"invoice.template\":true,\"import-properties.index\":true,\"export-properties.index\":true,\"import-projects.index\":true,\"export-projects.index\":true,\"coupons.index\":true,\"coupons.destroy\":true,\"real-estate.settings.general\":true,\"real-estate.settings.currencies\":true,\"real-estate.settings.accounts\":true,\"real-estate.settings.invoices\":true,\"real-estate.settings.invoice-template\":true,\"social-login.settings\":true,\"plugins.translation\":true,\"translations.locales\":true,\"translations.theme-translations\":true,\"translations.index\":true,\"theme-translations.export\":true,\"other-translations.export\":true,\"theme-translations.import\":true,\"other-translations.import\":true,\"api.settings\":true,\"api.sanctum-token.index\":true,\"api.sanctum-token.create\":true,\"api.sanctum-token.destroy\":true}', 'Admin users role', 1, 1, 1, '2025-03-02 10:45:07', '2025-03-02 10:45:07'),
(2, 'sub-admin', 'Sub Admin', '{\"core.cms\":true,\"media.index\":true,\"files.index\":true,\"files.create\":true,\"files.edit\":true,\"files.trash\":true,\"files.destroy\":true,\"folders.index\":true,\"folders.create\":true,\"folders.edit\":true,\"folders.trash\":true,\"folders.destroy\":true,\"pages.index\":true,\"pages.create\":true,\"pages.edit\":true,\"pages.destroy\":true,\"plugins.blog\":true,\"posts.index\":true,\"posts.create\":true,\"posts.edit\":true,\"posts.destroy\":true,\"categories.index\":true,\"categories.create\":true,\"categories.edit\":true,\"categories.destroy\":true,\"tags.index\":true,\"tags.create\":true,\"tags.edit\":true,\"tags.destroy\":true,\"contacts.index\":true,\"contacts.edit\":true,\"contacts.destroy\":true,\"contact.custom-fields\":true,\"plugin.location\":true,\"country.index\":true,\"country.create\":true,\"country.edit\":true,\"country.destroy\":true,\"state.index\":true,\"state.create\":true,\"state.edit\":true,\"state.destroy\":true,\"city.index\":true,\"city.create\":true,\"city.edit\":true,\"city.destroy\":true,\"real-estate.settings\":true,\"real-estate.settings.general\":true,\"real-estate.settings.currencies\":true,\"real-estate.settings.accounts\":true,\"real-estate.settings.invoices\":true,\"real-estate.settings.invoice-template\":true,\"property.index\":true,\"property.create\":true,\"property.edit\":true,\"property.destroy\":true,\"project.index\":true,\"project.create\":true,\"project.edit\":true,\"project.destroy\":true,\"property_feature.index\":true,\"property_feature.create\":true,\"property_feature.edit\":true,\"property_feature.destroy\":true,\"consult.index\":true,\"consult.edit\":true,\"consult.destroy\":true,\"property_category.index\":true,\"property_category.create\":true,\"property_category.edit\":true,\"property_category.destroy\":true,\"facility.index\":true,\"facility.create\":true,\"facility.edit\":true,\"facility.destroy\":true,\"package.index\":true,\"package.create\":true,\"package.edit\":true,\"package.destroy\":true}', '', 0, 1, 1, '2025-03-02 10:52:51', '2025-03-02 10:52:51');

-- --------------------------------------------------------

--
-- Table structure for table `role_users`
--

CREATE TABLE `role_users` (
  `user_id` int(10) UNSIGNED NOT NULL,
  `role_id` int(10) UNSIGNED NOT NULL,
  `created_at` timestamp NULL DEFAULT NULL,
  `updated_at` timestamp NULL DEFAULT NULL
) ENGINE=InnoDB DEFAULT CHARSET=utf8mb4 COLLATE=utf8mb4_unicode_ci;

--
-- Dumping data for table `role_users`
--

INSERT INTO `role_users` (`user_id`, `role_id`, `created_at`, `updated_at`) VALUES
(2, 2, '2025-03-02 10:53:23', '2025-03-02 10:53:23');

-- --------------------------------------------------------

--
-- Table structure for table `sessions`
--

CREATE TABLE `sessions` (
  `id` varchar(191) NOT NULL,
  `user_id` bigint(20) UNSIGNED DEFAULT NULL,
  `ip_address` varchar(45) DEFAULT NULL,
  `user_agent` text DEFAULT NULL,
  `payload` longtext NOT NULL,
  `last_activity` int(11) NOT NULL
) ENGINE=InnoDB DEFAULT CHARSET=utf8mb4 COLLATE=utf8mb4_unicode_ci;

-- --------------------------------------------------------

--
-- Table structure for table `settings`
--

CREATE TABLE `settings` (
  `id` int(10) UNSIGNED NOT NULL,
  `key` varchar(255) NOT NULL,
  `value` text DEFAULT NULL,
  `created_at` timestamp NULL DEFAULT NULL,
  `updated_at` timestamp NULL DEFAULT NULL
) ENGINE=InnoDB DEFAULT CHARSET=utf8mb4 COLLATE=utf8mb4_unicode_ci;

--
-- Dumping data for table `settings`
--

INSERT INTO `settings` (`id`, `key`, `value`, `created_at`, `updated_at`) VALUES
(270, 'activated_plugins', '[\"language\",\"language-advanced\",\"ads\",\"analytics\",\"announcement\",\"audit-log\",\"backup\",\"blog\",\"captcha\",\"career\",\"contact\",\"cookie-consent\",\"location\",\"newsletter\",\"payment\",\"paypal\",\"paystack\",\"razorpay\",\"real-estate\",\"rss-feed\",\"social-login\",\"sslcommerz\",\"stripe\",\"translation\"]', NULL, '2025-03-03 11:28:41'),
(2933, 'language_hide_default', '1', NULL, '2025-03-03 11:28:41'),
(2934, 'language_switcher_display', 'dropdown', NULL, '2025-03-03 11:28:41'),
(2935, 'language_display', 'all', NULL, '2025-03-03 11:28:41'),
(2936, 'language_hide_languages', '[]', NULL, '2025-03-03 11:28:41'),
(3686, 'real_estate_display_views_count_in_detail_page', '1', NULL, '2025-03-03 11:28:41'),
(3800, 'real_estate_mandatory_fields_at_consult_form', '[\"email\"]', NULL, '2025-03-03 11:28:41'),
(3993, 'show_admin_bar', '1', NULL, '2025-03-03 11:28:41'),
(3994, 'theme', 'flex-home', NULL, '2025-03-03 11:28:41'),
(3995, 'media_random_hash', 'd4a5e08ac635d609ed3c719db3db80ee', NULL, '2025-03-03 11:28:41'),
(7551, 'enable_recaptcha_botble_contact_forms_fronts_contact_form', '1', NULL, '2025-03-03 11:28:41'),
(8112, 'analytics_dashboard_widgets', '0', NULL, '2025-03-03 11:28:41'),
(8169, 'enable_recaptcha_botble_contact_forms_fronts_contact_form', '1', '2024-05-14 02:27:44', '2025-03-03 11:28:41'),
(8170, 'analytics_dashboard_widgets', '0', '2024-05-14 02:27:44', '2025-03-03 11:28:41'),
(8662, 'enable_recaptcha_botble_newsletter_forms_fronts_newsletter_form', '1', '2024-07-10 19:58:46', '2025-03-03 11:28:41'),
(9923, 'admin_favicon', 'logo/favicon.png', NULL, '2025-03-03 11:28:41'),
(9924, 'admin_logo', 'screenshot-2025-03-02-at-42634-pm.png', NULL, '2025-03-03 11:28:41'),
(9925, 'permalink-botble-blog-models-post', 'news', NULL, '2025-03-03 11:28:41'),
(9926, 'permalink-botble-blog-models-category', 'news', NULL, '2025-03-03 11:28:41'),
(9927, 'payment_cod_status', '1', NULL, '2025-03-03 11:28:41'),
(9928, 'payment_cod_description', 'Please pay money directly to the postman, if you choose cash on delivery method (COD).', NULL, '2025-03-03 11:28:41'),
(9929, 'payment_bank_transfer_status', '1', NULL, '2025-03-03 11:28:41'),
(9930, 'payment_bank_transfer_description', 'Please send money to our bank account: ACB - 69270 213 19.', NULL, '2025-03-03 11:28:41'),
(9931, 'payment_stripe_payment_type', 'stripe_checkout', NULL, '2025-03-03 11:28:41'),
(9932, 'theme-flex-home-social_links', '[[{\"key\":\"social-name\",\"value\":\"Facebook\"},{\"key\":\"social-icon\",\"value\":\"fab fa-facebook\"},{\"key\":\"social-url\",\"value\":\"https:\\/\\/facebook.com\"}],[{\"key\":\"social-name\",\"value\":\"Twitter\"},{\"key\":\"social-icon\",\"value\":\"fab fa-twitter\"},{\"key\":\"social-url\",\"value\":\"https:\\/\\/twitter.com\"}],[{\"key\":\"social-name\",\"value\":\"Youtube\"},{\"key\":\"social-icon\",\"value\":\"fab fa-youtube\"},{\"key\":\"social-url\",\"value\":\"https:\\/\\/youtube.com\"}]]', NULL, '2025-03-03 11:28:41'),
(9933, 'theme-flex-home-site_title', 'Auction Street', NULL, '2025-03-03 11:28:41'),
(9934, 'theme-flex-home-seo_description', 'Find your favorite homes at Auction Street', NULL, '2025-03-03 11:28:41'),
(9935, 'theme-flex-home-copyright', '©%Y Auction Street is Proudly Powered by Tera Web Services.', NULL, '2025-03-03 11:28:41'),
(9936, 'theme-flex-home-favicon', 'logo/favicon.png', NULL, '2025-03-03 11:28:42'),
(9937, 'theme-flex-home-logo', 'screenshot-2025-03-02-at-42634-pm.png', NULL, '2025-03-03 11:28:42'),
(9938, 'theme-flex-home-cookie_consent_message', 'Your experience on this site will be improved by allowing cookies ', NULL, '2025-03-03 11:28:42'),
(9939, 'theme-flex-home-cookie_consent_learn_more_url', '/cookie-policy', NULL, '2025-03-03 11:28:42'),
(9940, 'theme-flex-home-cookie_consent_learn_more_text', 'Cookie Policy', NULL, '2025-03-03 11:28:42'),
(9941, 'theme-flex-home-homepage_id', '1', NULL, '2025-03-03 11:28:42'),
(9942, 'theme-flex-home-blog_page_id', '2', NULL, '2025-03-03 11:28:42'),
(9943, 'theme-flex-home-properties_list_page_id', '7', NULL, '2025-03-03 11:28:42'),
(9944, 'theme-flex-home-projects_list_page_id', '8', NULL, '2025-03-03 11:28:42'),
(9945, 'theme-flex-home-home_banner', 'general/home-banner.jpg', NULL, '2025-03-03 11:28:42'),
(9946, 'theme-flex-home-breadcrumb_background', 'general/breadcrumb-background.jpg', NULL, '2025-03-03 11:28:42'),
(9947, 'theme-flex-home-address', 'Sanjay Palace, Agra', NULL, '2025-03-03 11:28:42'),
(9948, 'theme-flex-home-hotline', '+91-9368788833', NULL, '2025-03-03 11:28:42'),
(9949, 'theme-flex-home-email', 'sns88833@gmail.com', NULL, '2025-03-03 11:28:42'),
(9950, 'theme-flex-home-primary_font', 'Nunito Sans', NULL, '2025-03-03 11:28:42'),
(9951, 'theme-flex-home-about-us', '<p>Founded on August 28, 1993 (formerly known as Truong Thinh Phat Construction Co., Ltd.), Flex Home operates in the field of real estate business, building villas for rent.</p><p><br> </p><p>With the slogan \"Breaking time, through space\" with a sustainable development strategy, taking Real Estate as a focus area, Flex Home is constantly connecting between buyers and sellers in the field.</p><p>Real estate, bringing people closer together, over the distance of time and space, is a reliable place for real estate investment - an area that is constantly evolving over time.</p>', NULL, '2025-03-03 11:28:42'),
(9952, 'theme-flex-home-newsletter_popup_enable', '1', NULL, '2025-03-03 11:28:42'),
(9953, 'theme-flex-home-newsletter_popup_image', 'general/newsletter-image.jpg', NULL, '2025-03-03 11:28:42'),
(9954, 'theme-flex-home-newsletter_popup_title', 'Let’s join our newsletter!', NULL, '2025-03-03 11:28:42'),
(9955, 'theme-flex-home-newsletter_popup_subtitle', 'Weekly Updates', NULL, '2025-03-03 11:28:42'),
(9956, 'theme-flex-home-newsletter_popup_description', 'Do not worry we don’t spam!', NULL, '2025-03-03 11:28:42'),
(9957, 'theme-flex-home-social_sharing', '[[{\"key\":\"social\",\"value\":\"facebook\"},{\"key\":\"icon\",\"value\":\"ti ti-brand-facebook\"}],[{\"key\":\"social\",\"value\":\"x\"},{\"key\":\"icon\",\"value\":\"ti ti-brand-x\"}],[{\"key\":\"social\",\"value\":\"pinterest\"},{\"key\":\"icon\",\"value\":\"ti ti-brand-pinterest\"}],[{\"key\":\"social\",\"value\":\"linkedin\"},{\"key\":\"icon\",\"value\":\"ti ti-brand-linkedin\"}],[{\"key\":\"social\",\"value\":\"whatsapp\"},{\"key\":\"icon\",\"value\":\"ti ti-brand-whatsapp\"}],[{\"key\":\"social\",\"value\":\"email\"},{\"key\":\"icon\",\"value\":\"ti ti-mail\"}]]', NULL, '2025-03-03 11:28:42'),
(9958, 'announcement_max_width', '80', NULL, '2025-03-03 11:28:42'),
(9959, 'announcement_max_width_unit', '%', NULL, '2025-03-03 11:28:42'),
(9960, 'announcement_text_color', '#fff', NULL, '2025-03-03 11:28:42'),
(9961, 'announcement_background_color', 'transparent', NULL, '2025-03-03 11:28:42'),
(9962, 'announcement_text_alignment', 'start', NULL, '2025-03-03 11:28:42'),
(9963, 'announcement_dismissible', '0', NULL, '2025-03-03 11:28:42'),
(9964, 'announcement_placement', 'theme', NULL, '2025-03-03 11:28:42'),
(9965, 'announcement_autoplay', '1', NULL, '2025-03-03 11:28:42'),
(9966, 'announcement_autoplay_delay', '5000', NULL, '2025-03-03 11:28:42'),
(9967, 'licensed_to', 'abhinay1435', NULL, '2025-03-03 11:28:42'),
(9968, 'membership_authorization_at', '2025-03-02 10:49:12', NULL, '2025-03-03 11:28:42'),
(9969, 'theme-flex-home-primary_color', '#1d5f6f', NULL, '2025-03-03 11:28:42'),
(9970, 'theme-flex-home-admin_logo', 'logo/logo-white.png', NULL, '2025-03-03 11:28:42'),
(9971, 'theme-flex-home-admin_favicon', 'logo/favicon.png', NULL, '2025-03-03 11:28:42'),
(9972, 'is_completed_get_started', '1', NULL, '2025-03-03 11:28:42'),
(9973, 'admin_email', '[\"abhinaysethi2050@gmail.com\"]', NULL, '2025-03-03 11:28:42'),
(9974, 'time_zone', 'Asia/Kolkata', NULL, '2025-03-03 11:28:42'),
(9975, 'locale_direction', 'ltr', NULL, '2025-03-03 11:28:42'),
(9976, 'enable_send_error_reporting_via_email', '1', NULL, '2025-03-03 11:28:42'),
(9977, 'redirect_404_to_homepage', '1', NULL, '2025-03-03 11:28:42'),
(9978, 'audit_log_data_retention_period', '30', NULL, '2025-03-03 11:28:42'),
(9979, 'locale', 'en', NULL, '2025-03-03 11:28:42'),
(9980, 'theme-flex-home-footer_logo', 'screenshot-2025-03-02-at-42634-pm.png', NULL, '2025-03-03 11:28:42'),
(9981, 'theme-flex-home-primary_color_hover', '#063a5d', NULL, '2025-03-03 11:28:42'),
(9982, 'theme-flex-home-enable_sticky_header', 'no', NULL, '2025-03-03 11:28:42'),
(9983, 'theme-flex-home-show_site_name', '0', NULL, '2025-03-03 11:28:42'),
(9984, 'theme-flex-home-site_title_separator', '-', NULL, '2025-03-03 11:28:42'),
(9985, 'theme-flex-home-seo_title', '', NULL, '2025-03-03 11:28:42'),
(9986, 'theme-flex-home-seo_index', '1', NULL, '2025-03-03 11:28:42'),
(9987, 'theme-flex-home-seo_og_image', '', NULL, '2025-03-03 11:28:42'),
(9988, 'theme-flex-home-term_and_privacy_policy_url', '', NULL, '2025-03-03 11:28:42'),
(9989, 'theme-flex-home-preloader_enabled', 'yes', NULL, '2025-03-03 11:28:42'),
(9990, 'real_estate_square_unit', 'm²', NULL, '2025-03-03 11:28:42'),
(9991, 'real_estate_enable_review_feature', '1', NULL, '2025-03-03 11:28:42'),
(9992, 'real_estate_reviews_per_page', '10', NULL, '2025-03-03 11:28:42'),
(9993, 'real_estate_enabled_custom_fields_feature', '1', NULL, '2025-03-03 11:28:42'),
(9994, 'real_estate_enabled_projects', '1', NULL, '2025-03-03 11:28:42'),
(9995, 'real_estate_auto_generate_unique_id', '1', NULL, '2025-03-03 11:28:42'),
(9996, 'real_estate_unique_id_format', 'AS', NULL, '2025-03-03 11:28:42'),
(9997, 'real_estate_show_all_custom_fields_in_form_by_default', '0', NULL, '2025-03-03 11:28:42'),
(9998, 'real_estate_enabled_consult_form', '1', NULL, '2025-03-03 11:28:42'),
(9999, 'real_estate_fixed_maximum_price_for_filter', '0', NULL, '2025-03-03 11:28:42'),
(10000, 'real_estate_maximum_price_for_filter', '', NULL, '2025-03-03 11:28:42'),
(10001, 'real_estate_hide_properties_in_statuses', '[\"draft\",\"not_available\"]', NULL, '2025-03-03 11:28:42'),
(10002, 'real_estate_hide_projects_in_statuses', '[\"not_available\"]', NULL, '2025-03-03 11:28:42'),
(10003, 'real_estate_enabled_property_types', '[\"sale\",\"rent\"]', NULL, '2025-03-03 11:28:42'),
(10004, 'real_estate_hide_fields_at_consult_form', '[]', NULL, '2025-03-03 11:28:42'),
(10005, 'admin_logo_max_height', '32', NULL, '2025-03-03 11:28:42'),
(10006, 'login_screen_backgrounds', '[]', NULL, '2025-03-03 11:28:42'),
(10007, 'admin_title', 'Auction Street', NULL, '2025-03-03 11:28:42'),
(10008, 'admin_appearance_locale', 'en', NULL, '2025-03-03 11:28:42'),
(10009, 'rich_editor', 'ckeditor', NULL, '2025-03-03 11:28:42'),
(10010, 'admin_appearance_layout', 'vertical', NULL, '2025-03-03 11:28:42'),
(10011, 'admin_appearance_show_menu_item_icon', '1', NULL, '2025-03-03 11:28:42'),
(10012, 'admin_appearance_container_width', 'container-xl', NULL, '2025-03-03 11:28:42'),
(10013, 'admin_primary_font', 'Inter', NULL, '2025-03-03 11:28:42'),
(10014, 'admin_primary_color', '#206bc4', NULL, '2025-03-03 11:28:42'),
(10015, 'admin_secondary_color', '#6c7a91', NULL, '2025-03-03 11:28:42'),
(10016, 'admin_heading_color', 'inherit', NULL, '2025-03-03 11:28:42'),
(10017, 'admin_text_color', '#182433', NULL, '2025-03-03 11:28:42'),
(10018, 'admin_link_color', '#206bc4', NULL, '2025-03-03 11:28:42'),
(10019, 'admin_link_hover_color', '#1a569d', NULL, '2025-03-03 11:28:42'),
(10020, 'admin_appearance_custom_css', '', NULL, '2025-03-03 11:28:42'),
(10021, 'admin_appearance_custom_header_js', '', NULL, '2025-03-03 11:28:42'),
(10022, 'admin_appearance_custom_body_js', '', NULL, '2025-03-03 11:28:42'),
(10023, 'admin_appearance_custom_footer_js', '', NULL, '2025-03-03 11:28:42'),
(10024, 'show_theme_guideline_link', '0', NULL, '2025-03-03 11:28:42'),
(10025, 'admin_appearance_locale_direction', 'ltr', NULL, '2025-03-03 11:28:42'),
(10026, 'real_estate_convert_money_to_text_enabled', '0', NULL, NULL),
(10027, 'real_estate_enable_auto_detect_visitor_currency', '0', NULL, NULL),
(10028, 'real_estate_add_space_between_price_and_currency', '0', NULL, NULL),
(10029, 'real_estate_thousands_separator', ',', NULL, NULL),
(10030, 'real_estate_decimal_separator', ',', NULL, NULL);

-- --------------------------------------------------------

--
-- Table structure for table `slugs_translations`
--

CREATE TABLE `slugs_translations` (
  `lang_code` varchar(191) NOT NULL,
  `slugs_id` bigint(20) UNSIGNED NOT NULL,
  `key` varchar(255) DEFAULT NULL,
  `prefix` varchar(120) DEFAULT ''
) ENGINE=InnoDB DEFAULT CHARSET=utf8mb4 COLLATE=utf8mb4_unicode_ci;

-- --------------------------------------------------------

--
-- Table structure for table `states`
--

CREATE TABLE `states` (
  `id` int(10) UNSIGNED NOT NULL,
  `name` varchar(120) NOT NULL,
  `country_id` int(10) UNSIGNED NOT NULL,
  `order` tinyint(4) NOT NULL DEFAULT 0,
  `is_default` tinyint(3) UNSIGNED NOT NULL DEFAULT 0,
  `status` varchar(60) NOT NULL DEFAULT 'published',
  `created_at` timestamp NULL DEFAULT NULL,
  `updated_at` timestamp NULL DEFAULT NULL,
  `abbreviation` varchar(10) DEFAULT NULL,
  `slug` varchar(120) DEFAULT NULL,
  `is_featured` tinyint(4) NOT NULL DEFAULT 0,
  `image` varchar(255) DEFAULT NULL
) ENGINE=InnoDB DEFAULT CHARSET=utf8mb4 COLLATE=utf8mb4_unicode_ci;

--
-- Dumping data for table `states`
--

INSERT INTO `states` (`id`, `name`, `country_id`, `order`, `is_default`, `status`, `created_at`, `updated_at`, `abbreviation`, `slug`, `is_featured`, `image`) VALUES
(1, 'California', 1, 0, 0, 'published', '2019-11-18 08:17:57', '2023-08-13 20:47:25', NULL, 'california', 0, NULL),
(2, 'Uttar Pradesh', 2, 0, 1, 'published', '2025-03-03 11:21:44', '2025-03-03 11:23:10', '', 'uttar-pradesh', 0, NULL),
(3, 'Uttarakhand', 2, 0, 1, 'published', '2025-03-04 16:21:04', '2025-03-04 16:21:04', '', 'uttarakhand', 0, NULL);

-- --------------------------------------------------------

--
-- Table structure for table `states_translations`
--

CREATE TABLE `states_translations` (
  `lang_code` varchar(191) NOT NULL,
  `states_id` int(11) NOT NULL,
  `name` varchar(120) DEFAULT NULL,
  `slug` varchar(120) DEFAULT NULL,
  `abbreviation` varchar(10) DEFAULT NULL
) ENGINE=InnoDB DEFAULT CHARSET=utf8mb4 COLLATE=utf8mb4_unicode_ci;

-- --------------------------------------------------------

--
-- Table structure for table `tags`
--

CREATE TABLE `tags` (
  `id` int(10) UNSIGNED NOT NULL,
  `name` varchar(120) NOT NULL,
  `author_id` bigint(20) UNSIGNED DEFAULT NULL,
  `author_type` varchar(255) NOT NULL DEFAULT 'Botble\\ACL\\Models\\User',
  `description` varchar(400) DEFAULT '',
  `status` varchar(60) NOT NULL DEFAULT 'published',
  `created_at` timestamp NULL DEFAULT NULL,
  `updated_at` timestamp NULL DEFAULT NULL
) ENGINE=InnoDB DEFAULT CHARSET=utf8mb4 COLLATE=utf8mb4_unicode_ci;

--
-- Dumping data for table `tags`
--

INSERT INTO `tags` (`id`, `name`, `author_id`, `author_type`, `description`, `status`, `created_at`, `updated_at`) VALUES
(1, 'BCG sets great store', 1, 'Botble\\ACL\\Models\\User', '', 'published', '2019-11-18 02:51:35', '2019-11-18 02:51:35'),
(2, 'Private Home Sales', 1, 'Botble\\ACL\\Models\\User', '', 'published', '2019-11-18 02:55:53', '2019-11-18 02:55:53'),
(3, 'South Korean investors', 1, 'Botble\\ACL\\Models\\User', '', 'published', '2019-11-18 03:07:27', '2019-11-18 03:07:27');

-- --------------------------------------------------------

--
-- Table structure for table `tags_translations`
--

CREATE TABLE `tags_translations` (
  `lang_code` varchar(191) NOT NULL,
  `tags_id` int(11) NOT NULL,
  `name` varchar(255) DEFAULT NULL,
  `description` varchar(400) DEFAULT NULL
) ENGINE=InnoDB DEFAULT CHARSET=utf8mb4 COLLATE=utf8mb4_unicode_ci;

-- --------------------------------------------------------

--
-- Table structure for table `transactions`
--

CREATE TABLE `transactions` (
  `id` int(10) UNSIGNED NOT NULL,
  `credits` int(10) UNSIGNED NOT NULL,
  `description` varchar(255) DEFAULT NULL,
  `user_id` bigint(20) UNSIGNED DEFAULT NULL,
  `account_id` bigint(20) UNSIGNED DEFAULT NULL,
  `type` varchar(191) NOT NULL DEFAULT 'add',
  `payment_id` int(10) UNSIGNED DEFAULT NULL,
  `created_at` timestamp NULL DEFAULT NULL,
  `updated_at` timestamp NULL DEFAULT NULL
) ENGINE=InnoDB DEFAULT CHARSET=utf8mb4 COLLATE=utf8mb4_unicode_ci;

-- --------------------------------------------------------

--
-- Table structure for table `widgets`
--

CREATE TABLE `widgets` (
  `id` int(10) UNSIGNED NOT NULL,
  `widget_id` varchar(120) NOT NULL,
  `sidebar_id` varchar(120) NOT NULL,
  `theme` varchar(120) NOT NULL,
  `position` tinyint(3) UNSIGNED NOT NULL DEFAULT 0,
  `data` text DEFAULT NULL,
  `created_at` timestamp NULL DEFAULT NULL,
  `updated_at` timestamp NULL DEFAULT NULL
) ENGINE=InnoDB DEFAULT CHARSET=utf8mb4 COLLATE=utf8mb4_unicode_ci;

--
-- Dumping data for table `widgets`
--

INSERT INTO `widgets` (`id`, `widget_id`, `sidebar_id`, `theme`, `position`, `data`, `created_at`, `updated_at`) VALUES
(1, 'CustomMenuWidget', 'footer_sidebar', 'flex-home', 1, '{\"id\":\"CustomMenuWidget\",\"name\":\"About\",\"menu_id\":\"about\"}', '2025-03-02 10:45:23', '2025-03-02 10:45:23'),
(2, 'CustomMenuWidget', 'footer_sidebar', 'flex-home', 2, '{\"id\":\"CustomMenuWidget\",\"name\":\"More Information\",\"menu_id\":\"more-information\"}', '2025-03-02 10:45:23', '2025-03-02 10:45:23'),
(3, 'CustomMenuWidget', 'footer_sidebar', 'flex-home', 3, '{\"id\":\"CustomMenuWidget\",\"name\":\"News\",\"menu_id\":\"news\"}', '2025-03-02 10:45:23', '2025-03-02 10:45:23');

--
-- Indexes for dumped tables
--

--
-- Indexes for table `activations`
--
ALTER TABLE `activations`
  ADD PRIMARY KEY (`id`),
  ADD KEY `activations_user_id_index` (`user_id`);

--
-- Indexes for table `admin_notifications`
--
ALTER TABLE `admin_notifications`
  ADD PRIMARY KEY (`id`);

--
-- Indexes for table `ads`
--
ALTER TABLE `ads`
  ADD PRIMARY KEY (`id`),
  ADD UNIQUE KEY `ads_key_unique` (`key`);

--
-- Indexes for table `ads_translations`
--
ALTER TABLE `ads_translations`
  ADD PRIMARY KEY (`lang_code`,`ads_id`);

--
-- Indexes for table `announcements`
--
ALTER TABLE `announcements`
  ADD PRIMARY KEY (`id`);

--
-- Indexes for table `announcements_translations`
--
ALTER TABLE `announcements_translations`
  ADD PRIMARY KEY (`lang_code`,`announcements_id`);

--
-- Indexes for table `audit_histories`
--
ALTER TABLE `audit_histories`
  ADD PRIMARY KEY (`id`),
  ADD KEY `audit_histories_user_id_index` (`user_id`),
  ADD KEY `audit_histories_module_index` (`module`);

--
-- Indexes for table `cache`
--
ALTER TABLE `cache`
  ADD PRIMARY KEY (`key`);

--
-- Indexes for table `cache_locks`
--
ALTER TABLE `cache_locks`
  ADD PRIMARY KEY (`key`);

--
-- Indexes for table `careers`
--
ALTER TABLE `careers`
  ADD PRIMARY KEY (`id`);

--
-- Indexes for table `careers_translations`
--
ALTER TABLE `careers_translations`
  ADD PRIMARY KEY (`lang_code`,`careers_id`);

--
-- Indexes for table `categories`
--
ALTER TABLE `categories`
  ADD PRIMARY KEY (`id`),
  ADD KEY `categories_parent_id_status_created_at_index` (`parent_id`,`status`,`created_at`);

--
-- Indexes for table `categories_translations`
--
ALTER TABLE `categories_translations`
  ADD PRIMARY KEY (`lang_code`,`categories_id`);

--
-- Indexes for table `cities`
--
ALTER TABLE `cities`
  ADD PRIMARY KEY (`id`),
  ADD UNIQUE KEY `cities_slug_unique` (`slug`);

--
-- Indexes for table `cities_translations`
--
ALTER TABLE `cities_translations`
  ADD PRIMARY KEY (`lang_code`,`cities_id`);

--
-- Indexes for table `contacts`
--
ALTER TABLE `contacts`
  ADD PRIMARY KEY (`id`);

--
-- Indexes for table `contact_custom_fields`
--
ALTER TABLE `contact_custom_fields`
  ADD PRIMARY KEY (`id`);

--
-- Indexes for table `contact_custom_fields_translations`
--
ALTER TABLE `contact_custom_fields_translations`
  ADD PRIMARY KEY (`lang_code`,`contact_custom_fields_id`);

--
-- Indexes for table `contact_custom_field_options`
--
ALTER TABLE `contact_custom_field_options`
  ADD PRIMARY KEY (`id`);

--
-- Indexes for table `contact_custom_field_options_translations`
--
ALTER TABLE `contact_custom_field_options_translations`
  ADD PRIMARY KEY (`lang_code`,`contact_custom_field_options_id`);

--
-- Indexes for table `contact_replies`
--
ALTER TABLE `contact_replies`
  ADD PRIMARY KEY (`id`);

--
-- Indexes for table `countries`
--
ALTER TABLE `countries`
  ADD PRIMARY KEY (`id`);

--
-- Indexes for table `countries_translations`
--
ALTER TABLE `countries_translations`
  ADD PRIMARY KEY (`lang_code`,`countries_id`);

--
-- Indexes for table `dashboard_widgets`
--
ALTER TABLE `dashboard_widgets`
  ADD PRIMARY KEY (`id`);

--
-- Indexes for table `dashboard_widget_settings`
--
ALTER TABLE `dashboard_widget_settings`
  ADD PRIMARY KEY (`id`),
  ADD KEY `dashboard_widget_settings_user_id_index` (`user_id`),
  ADD KEY `dashboard_widget_settings_widget_id_index` (`widget_id`);

--
-- Indexes for table `failed_jobs`
--
ALTER TABLE `failed_jobs`
  ADD PRIMARY KEY (`id`);

--
-- Indexes for table `jobs`
--
ALTER TABLE `jobs`
  ADD PRIMARY KEY (`id`),
  ADD KEY `jobs_queue_index` (`queue`);

--
-- Indexes for table `languages`
--
ALTER TABLE `languages`
  ADD PRIMARY KEY (`lang_id`),
  ADD KEY `lang_locale_index` (`lang_locale`),
  ADD KEY `lang_code_index` (`lang_code`),
  ADD KEY `lang_is_default_index` (`lang_is_default`);

--
-- Indexes for table `language_meta`
--
ALTER TABLE `language_meta`
  ADD PRIMARY KEY (`lang_meta_id`),
  ADD KEY `language_meta_lang_meta_content_id_index` (`reference_id`),
  ADD KEY `meta_code_index` (`lang_meta_code`),
  ADD KEY `meta_origin_index` (`lang_meta_origin`),
  ADD KEY `meta_reference_type_index` (`reference_type`);

--
-- Indexes for table `media_files`
--
ALTER TABLE `media_files`
  ADD PRIMARY KEY (`id`),
  ADD KEY `media_files_user_id_index` (`user_id`),
  ADD KEY `media_files_folder_id_user_id_created_at_index` (`folder_id`,`user_id`,`created_at`);

--
-- Indexes for table `media_folders`
--
ALTER TABLE `media_folders`
  ADD PRIMARY KEY (`id`),
  ADD KEY `media_folders_user_id_index` (`user_id`),
  ADD KEY `media_folders_parent_id_user_id_created_at_index` (`parent_id`,`user_id`,`created_at`);

--
-- Indexes for table `media_settings`
--
ALTER TABLE `media_settings`
  ADD PRIMARY KEY (`id`);

--
-- Indexes for table `menus`
--
ALTER TABLE `menus`
  ADD PRIMARY KEY (`id`),
  ADD UNIQUE KEY `menus_slug_unique` (`slug`);

--
-- Indexes for table `menu_locations`
--
ALTER TABLE `menu_locations`
  ADD PRIMARY KEY (`id`),
  ADD KEY `menu_locations_menu_id_created_at_index` (`menu_id`,`created_at`);

--
-- Indexes for table `menu_nodes`
--
ALTER TABLE `menu_nodes`
  ADD PRIMARY KEY (`id`),
  ADD KEY `menu_nodes_menu_id_index` (`menu_id`),
  ADD KEY `menu_nodes_parent_id_index` (`parent_id`),
  ADD KEY `menu_nodes_related_id_index` (`reference_id`),
  ADD KEY `menu_nodes_index` (`parent_id`,`reference_id`,`reference_type`,`has_child`,`created_at`);

--
-- Indexes for table `meta_boxes`
--
ALTER TABLE `meta_boxes`
  ADD PRIMARY KEY (`id`),
  ADD KEY `meta_boxes_content_id_index` (`reference_id`);

--
-- Indexes for table `migrations`
--
ALTER TABLE `migrations`
  ADD PRIMARY KEY (`id`);

--
-- Indexes for table `newsletters`
--
ALTER TABLE `newsletters`
  ADD PRIMARY KEY (`id`);

--
-- Indexes for table `notes`
--
ALTER TABLE `notes`
  ADD PRIMARY KEY (`id`),
  ADD KEY `notes_user_id_index` (`user_id`),
  ADD KEY `notes_reference_id_index` (`reference_id`),
  ADD KEY `notes_created_by_index` (`created_by`);

--
-- Indexes for table `oauth_access_tokens`
--
ALTER TABLE `oauth_access_tokens`
  ADD PRIMARY KEY (`id`),
  ADD KEY `oauth_access_tokens_user_id_index` (`user_id`);

--
-- Indexes for table `oauth_auth_codes`
--
ALTER TABLE `oauth_auth_codes`
  ADD PRIMARY KEY (`id`);

--
-- Indexes for table `oauth_clients`
--
ALTER TABLE `oauth_clients`
  ADD PRIMARY KEY (`id`),
  ADD KEY `oauth_clients_user_id_index` (`user_id`);

--
-- Indexes for table `oauth_personal_access_clients`
--
ALTER TABLE `oauth_personal_access_clients`
  ADD PRIMARY KEY (`id`),
  ADD KEY `oauth_personal_access_clients_client_id_index` (`client_id`);

--
-- Indexes for table `oauth_refresh_tokens`
--
ALTER TABLE `oauth_refresh_tokens`
  ADD PRIMARY KEY (`id`),
  ADD KEY `oauth_refresh_tokens_access_token_id_index` (`access_token_id`);

--
-- Indexes for table `pages`
--
ALTER TABLE `pages`
  ADD PRIMARY KEY (`id`);

--
-- Indexes for table `pages_translations`
--
ALTER TABLE `pages_translations`
  ADD PRIMARY KEY (`lang_code`,`pages_id`);

--
-- Indexes for table `password_reset_tokens`
--
ALTER TABLE `password_reset_tokens`
  ADD PRIMARY KEY (`email`);

--
-- Indexes for table `payments`
--
ALTER TABLE `payments`
  ADD PRIMARY KEY (`id`);

--
-- Indexes for table `payment_logs`
--
ALTER TABLE `payment_logs`
  ADD PRIMARY KEY (`id`);

--
-- Indexes for table `personal_access_tokens`
--
ALTER TABLE `personal_access_tokens`
  ADD PRIMARY KEY (`id`),
  ADD UNIQUE KEY `personal_access_tokens_token_unique` (`token`),
  ADD KEY `personal_access_tokens_tokenable_type_tokenable_id_index` (`tokenable_type`,`tokenable_id`);

--
-- Indexes for table `posts`
--
ALTER TABLE `posts`
  ADD PRIMARY KEY (`id`),
  ADD KEY `posts_status_author_id_author_type_created_at_index` (`status`,`author_id`,`author_type`,`created_at`);

--
-- Indexes for table `posts_translations`
--
ALTER TABLE `posts_translations`
  ADD PRIMARY KEY (`lang_code`,`posts_id`);

--
-- Indexes for table `post_categories`
--
ALTER TABLE `post_categories`
  ADD PRIMARY KEY (`id`);

--
-- Indexes for table `post_tags`
--
ALTER TABLE `post_tags`
  ADD PRIMARY KEY (`id`);

--
-- Indexes for table `re_accounts`
--
ALTER TABLE `re_accounts`
  ADD PRIMARY KEY (`id`),
  ADD UNIQUE KEY `vendors_email_unique` (`email`),
  ADD UNIQUE KEY `re_accounts_username_unique` (`username`);

--
-- Indexes for table `re_accounts_translations`
--
ALTER TABLE `re_accounts_translations`
  ADD PRIMARY KEY (`lang_code`,`re_accounts_id`);

--
-- Indexes for table `re_account_activity_logs`
--
ALTER TABLE `re_account_activity_logs`
  ADD PRIMARY KEY (`id`);

--
-- Indexes for table `re_account_packages`
--
ALTER TABLE `re_account_packages`
  ADD PRIMARY KEY (`id`);

--
-- Indexes for table `re_account_password_resets`
--
ALTER TABLE `re_account_password_resets`
  ADD KEY `vendor_password_resets_email_index` (`email`),
  ADD KEY `vendor_password_resets_token_index` (`token`);

--
-- Indexes for table `re_categories`
--
ALTER TABLE `re_categories`
  ADD PRIMARY KEY (`id`);

--
-- Indexes for table `re_categories_translations`
--
ALTER TABLE `re_categories_translations`
  ADD PRIMARY KEY (`lang_code`,`re_categories_id`);

--
-- Indexes for table `re_consults`
--
ALTER TABLE `re_consults`
  ADD PRIMARY KEY (`id`);

--
-- Indexes for table `re_consult_custom_fields`
--
ALTER TABLE `re_consult_custom_fields`
  ADD PRIMARY KEY (`id`);

--
-- Indexes for table `re_consult_custom_fields_translations`
--
ALTER TABLE `re_consult_custom_fields_translations`
  ADD PRIMARY KEY (`lang_code`,`re_consult_custom_fields_id`);

--
-- Indexes for table `re_consult_custom_field_options`
--
ALTER TABLE `re_consult_custom_field_options`
  ADD PRIMARY KEY (`id`);

--
-- Indexes for table `re_consult_custom_field_options_translations`
--
ALTER TABLE `re_consult_custom_field_options_translations`
  ADD PRIMARY KEY (`lang_code`,`re_consult_custom_field_options_id`);

--
-- Indexes for table `re_coupons`
--
ALTER TABLE `re_coupons`
  ADD PRIMARY KEY (`id`),
  ADD UNIQUE KEY `re_coupons_code_unique` (`code`);

--
-- Indexes for table `re_currencies`
--
ALTER TABLE `re_currencies`
  ADD PRIMARY KEY (`id`);

--
-- Indexes for table `re_custom_fields`
--
ALTER TABLE `re_custom_fields`
  ADD PRIMARY KEY (`id`),
  ADD KEY `re_custom_fields_authorable_type_authorable_id_index` (`authorable_type`,`authorable_id`);

--
-- Indexes for table `re_custom_fields_translations`
--
ALTER TABLE `re_custom_fields_translations`
  ADD PRIMARY KEY (`lang_code`,`re_custom_fields_id`);

--
-- Indexes for table `re_custom_field_options`
--
ALTER TABLE `re_custom_field_options`
  ADD PRIMARY KEY (`id`);

--
-- Indexes for table `re_custom_field_options_translations`
--
ALTER TABLE `re_custom_field_options_translations`
  ADD PRIMARY KEY (`lang_code`,`re_custom_field_options_id`);

--
-- Indexes for table `re_custom_field_values`
--
ALTER TABLE `re_custom_field_values`
  ADD PRIMARY KEY (`id`),
  ADD KEY `re_custom_field_values_reference_type_reference_id_index` (`reference_type`,`reference_id`);

--
-- Indexes for table `re_custom_field_values_translations`
--
ALTER TABLE `re_custom_field_values_translations`
  ADD PRIMARY KEY (`lang_code`,`re_custom_field_values_id`);

--
-- Indexes for table `re_facilities`
--
ALTER TABLE `re_facilities`
  ADD PRIMARY KEY (`id`);

--
-- Indexes for table `re_facilities_distances`
--
ALTER TABLE `re_facilities_distances`
  ADD PRIMARY KEY (`id`);

--
-- Indexes for table `re_facilities_translations`
--
ALTER TABLE `re_facilities_translations`
  ADD PRIMARY KEY (`lang_code`,`re_facilities_id`);

--
-- Indexes for table `re_features`
--
ALTER TABLE `re_features`
  ADD PRIMARY KEY (`id`);

--
-- Indexes for table `re_features_translations`
--
ALTER TABLE `re_features_translations`
  ADD PRIMARY KEY (`lang_code`,`re_features_id`);

--
-- Indexes for table `re_investors`
--
ALTER TABLE `re_investors`
  ADD PRIMARY KEY (`id`);

--
-- Indexes for table `re_investors_translations`
--
ALTER TABLE `re_investors_translations`
  ADD PRIMARY KEY (`lang_code`,`re_investors_id`);

--
-- Indexes for table `re_invoices`
--
ALTER TABLE `re_invoices`
  ADD PRIMARY KEY (`id`),
  ADD UNIQUE KEY `re_invoices_code_unique` (`code`),
  ADD KEY `re_invoices_reference_type_reference_id_index` (`reference_type`,`reference_id`),
  ADD KEY `re_invoices_payment_id_index` (`payment_id`),
  ADD KEY `re_invoices_status_index` (`status`);

--
-- Indexes for table `re_invoice_items`
--
ALTER TABLE `re_invoice_items`
  ADD PRIMARY KEY (`id`);

--
-- Indexes for table `re_packages`
--
ALTER TABLE `re_packages`
  ADD PRIMARY KEY (`id`);

--
-- Indexes for table `re_packages_translations`
--
ALTER TABLE `re_packages_translations`
  ADD PRIMARY KEY (`lang_code`,`re_packages_id`);

--
-- Indexes for table `re_projects`
--
ALTER TABLE `re_projects`
  ADD PRIMARY KEY (`id`),
  ADD UNIQUE KEY `re_projects_unique_id_unique` (`unique_id`);

--
-- Indexes for table `re_projects_translations`
--
ALTER TABLE `re_projects_translations`
  ADD PRIMARY KEY (`lang_code`,`re_projects_id`);

--
-- Indexes for table `re_project_categories`
--
ALTER TABLE `re_project_categories`
  ADD PRIMARY KEY (`id`);

--
-- Indexes for table `re_properties`
--
ALTER TABLE `re_properties`
  ADD PRIMARY KEY (`id`),
  ADD UNIQUE KEY `re_properties_unique_id_unique` (`unique_id`);

--
-- Indexes for table `re_properties_translations`
--
ALTER TABLE `re_properties_translations`
  ADD PRIMARY KEY (`lang_code`,`re_properties_id`);

--
-- Indexes for table `re_property_categories`
--
ALTER TABLE `re_property_categories`
  ADD PRIMARY KEY (`id`);

--
-- Indexes for table `re_reviews`
--
ALTER TABLE `re_reviews`
  ADD PRIMARY KEY (`id`),
  ADD UNIQUE KEY `reviews_unique` (`account_id`,`reviewable_id`,`reviewable_type`),
  ADD KEY `re_reviews_reviewable_type_reviewable_id_index` (`reviewable_type`,`reviewable_id`);

--
-- Indexes for table `re_tags`
--
ALTER TABLE `re_tags`
  ADD PRIMARY KEY (`id`);

--
-- Indexes for table `roles`
--
ALTER TABLE `roles`
  ADD PRIMARY KEY (`id`),
  ADD UNIQUE KEY `roles_slug_unique` (`slug`),
  ADD KEY `roles_created_by_index` (`created_by`),
  ADD KEY `roles_updated_by_index` (`updated_by`);

--
-- Indexes for table `role_users`
--
ALTER TABLE `role_users`
  ADD PRIMARY KEY (`user_id`,`role_id`),
  ADD KEY `role_users_user_id_index` (`user_id`),
  ADD KEY `role_users_role_id_index` (`role_id`);

--
-- Indexes for table `sessions`
--
ALTER TABLE `sessions`
  ADD PRIMARY KEY (`id`),
  ADD KEY `sessions_user_id_index` (`user_id`),
  ADD KEY `sessions_last_activity_index` (`last_activity`);

--
-- Indexes for table `settings`
--
ALTER TABLE `settings`
  ADD PRIMARY KEY (`id`);

--
-- Indexes for table `slugs_translations`
--
ALTER TABLE `slugs_translations`
  ADD PRIMARY KEY (`lang_code`,`slugs_id`);

--
-- Indexes for table `states`
--
ALTER TABLE `states`
  ADD PRIMARY KEY (`id`),
  ADD UNIQUE KEY `states_slug_unique` (`slug`);

--
-- Indexes for table `states_translations`
--
ALTER TABLE `states_translations`
  ADD PRIMARY KEY (`lang_code`,`states_id`);

--
-- Indexes for table `tags`
--
ALTER TABLE `tags`
  ADD PRIMARY KEY (`id`);

--
-- Indexes for table `tags_translations`
--
ALTER TABLE `tags_translations`
  ADD PRIMARY KEY (`lang_code`,`tags_id`);

--
-- Indexes for table `transactions`
--
ALTER TABLE `transactions`
  ADD PRIMARY KEY (`id`);

--
-- Indexes for table `widgets`
--
ALTER TABLE `widgets`
  ADD PRIMARY KEY (`id`);

--
-- AUTO_INCREMENT for dumped tables
--

--
-- AUTO_INCREMENT for table `activations`
--
ALTER TABLE `activations`
  MODIFY `id` int(10) UNSIGNED NOT NULL AUTO_INCREMENT, AUTO_INCREMENT=3;

--
-- AUTO_INCREMENT for table `admin_notifications`
--
ALTER TABLE `admin_notifications`
  MODIFY `id` bigint(20) UNSIGNED NOT NULL AUTO_INCREMENT;

--
-- AUTO_INCREMENT for table `ads`
--
ALTER TABLE `ads`
  MODIFY `id` bigint(20) UNSIGNED NOT NULL AUTO_INCREMENT;

--
-- AUTO_INCREMENT for table `announcements`
--
ALTER TABLE `announcements`
  MODIFY `id` bigint(20) UNSIGNED NOT NULL AUTO_INCREMENT, AUTO_INCREMENT=5;

--
-- AUTO_INCREMENT for table `audit_histories`
--
ALTER TABLE `audit_histories`
  MODIFY `id` int(10) UNSIGNED NOT NULL AUTO_INCREMENT, AUTO_INCREMENT=173;

--
-- AUTO_INCREMENT for table `careers`
--
ALTER TABLE `careers`
  MODIFY `id` int(10) UNSIGNED NOT NULL AUTO_INCREMENT, AUTO_INCREMENT=6;

--
-- AUTO_INCREMENT for table `categories`
--
ALTER TABLE `categories`
  MODIFY `id` int(10) UNSIGNED NOT NULL AUTO_INCREMENT, AUTO_INCREMENT=9;

--
-- AUTO_INCREMENT for table `cities`
--
ALTER TABLE `cities`
  MODIFY `id` int(10) UNSIGNED NOT NULL AUTO_INCREMENT, AUTO_INCREMENT=8;

--
-- AUTO_INCREMENT for table `contacts`
--
ALTER TABLE `contacts`
  MODIFY `id` int(10) UNSIGNED NOT NULL AUTO_INCREMENT;

--
-- AUTO_INCREMENT for table `contact_custom_fields`
--
ALTER TABLE `contact_custom_fields`
  MODIFY `id` bigint(20) UNSIGNED NOT NULL AUTO_INCREMENT;

--
-- AUTO_INCREMENT for table `contact_custom_field_options`
--
ALTER TABLE `contact_custom_field_options`
  MODIFY `id` bigint(20) UNSIGNED NOT NULL AUTO_INCREMENT;

--
-- AUTO_INCREMENT for table `contact_replies`
--
ALTER TABLE `contact_replies`
  MODIFY `id` int(10) UNSIGNED NOT NULL AUTO_INCREMENT;

--
-- AUTO_INCREMENT for table `countries`
--
ALTER TABLE `countries`
  MODIFY `id` int(10) UNSIGNED NOT NULL AUTO_INCREMENT, AUTO_INCREMENT=3;

--
-- AUTO_INCREMENT for table `dashboard_widgets`
--
ALTER TABLE `dashboard_widgets`
  MODIFY `id` int(10) UNSIGNED NOT NULL AUTO_INCREMENT, AUTO_INCREMENT=15;

--
-- AUTO_INCREMENT for table `dashboard_widget_settings`
--
ALTER TABLE `dashboard_widget_settings`
  MODIFY `id` int(10) UNSIGNED NOT NULL AUTO_INCREMENT, AUTO_INCREMENT=7;

--
-- AUTO_INCREMENT for table `failed_jobs`
--
ALTER TABLE `failed_jobs`
  MODIFY `id` bigint(20) UNSIGNED NOT NULL AUTO_INCREMENT;

--
-- AUTO_INCREMENT for table `jobs`
--
ALTER TABLE `jobs`
  MODIFY `id` bigint(20) UNSIGNED NOT NULL AUTO_INCREMENT;

--
-- AUTO_INCREMENT for table `languages`
--
ALTER TABLE `languages`
  MODIFY `lang_id` int(10) UNSIGNED NOT NULL AUTO_INCREMENT, AUTO_INCREMENT=2;

--
-- AUTO_INCREMENT for table `language_meta`
--
ALTER TABLE `language_meta`
  MODIFY `lang_meta_id` int(10) UNSIGNED NOT NULL AUTO_INCREMENT, AUTO_INCREMENT=6;

--
-- AUTO_INCREMENT for table `media_files`
--
ALTER TABLE `media_files`
  MODIFY `id` int(10) UNSIGNED NOT NULL AUTO_INCREMENT, AUTO_INCREMENT=57220;

--
-- AUTO_INCREMENT for table `media_folders`
--
ALTER TABLE `media_folders`
  MODIFY `id` int(10) UNSIGNED NOT NULL AUTO_INCREMENT, AUTO_INCREMENT=2558;

--
-- AUTO_INCREMENT for table `media_settings`
--
ALTER TABLE `media_settings`
  MODIFY `id` int(10) UNSIGNED NOT NULL AUTO_INCREMENT;

--
-- AUTO_INCREMENT for table `menus`
--
ALTER TABLE `menus`
  MODIFY `id` int(10) UNSIGNED NOT NULL AUTO_INCREMENT, AUTO_INCREMENT=5;

--
-- AUTO_INCREMENT for table `menu_locations`
--
ALTER TABLE `menu_locations`
  MODIFY `id` int(10) UNSIGNED NOT NULL AUTO_INCREMENT, AUTO_INCREMENT=2;

--
-- AUTO_INCREMENT for table `menu_nodes`
--
ALTER TABLE `menu_nodes`
  MODIFY `id` int(10) UNSIGNED NOT NULL AUTO_INCREMENT, AUTO_INCREMENT=19;

--
-- AUTO_INCREMENT for table `meta_boxes`
--
ALTER TABLE `meta_boxes`
  MODIFY `id` int(10) UNSIGNED NOT NULL AUTO_INCREMENT, AUTO_INCREMENT=153;

--
-- AUTO_INCREMENT for table `migrations`
--
ALTER TABLE `migrations`
  MODIFY `id` int(10) UNSIGNED NOT NULL AUTO_INCREMENT, AUTO_INCREMENT=232;

--
-- AUTO_INCREMENT for table `newsletters`
--
ALTER TABLE `newsletters`
  MODIFY `id` bigint(20) UNSIGNED NOT NULL AUTO_INCREMENT;

--
-- AUTO_INCREMENT for table `notes`
--
ALTER TABLE `notes`
  MODIFY `id` int(10) UNSIGNED NOT NULL AUTO_INCREMENT;

--
-- AUTO_INCREMENT for table `oauth_clients`
--
ALTER TABLE `oauth_clients`
  MODIFY `id` int(10) UNSIGNED NOT NULL AUTO_INCREMENT;

--
-- AUTO_INCREMENT for table `oauth_personal_access_clients`
--
ALTER TABLE `oauth_personal_access_clients`
  MODIFY `id` int(10) UNSIGNED NOT NULL AUTO_INCREMENT;

--
-- AUTO_INCREMENT for table `pages`
--
ALTER TABLE `pages`
  MODIFY `id` int(10) UNSIGNED NOT NULL AUTO_INCREMENT, AUTO_INCREMENT=9;

--
-- AUTO_INCREMENT for table `payments`
--
ALTER TABLE `payments`
  MODIFY `id` int(10) UNSIGNED NOT NULL AUTO_INCREMENT, AUTO_INCREMENT=2;

--
-- AUTO_INCREMENT for table `payment_logs`
--
ALTER TABLE `payment_logs`
  MODIFY `id` bigint(20) UNSIGNED NOT NULL AUTO_INCREMENT;

--
-- AUTO_INCREMENT for table `personal_access_tokens`
--
ALTER TABLE `personal_access_tokens`
  MODIFY `id` bigint(20) UNSIGNED NOT NULL AUTO_INCREMENT;

--
-- AUTO_INCREMENT for table `posts`
--
ALTER TABLE `posts`
  MODIFY `id` int(10) UNSIGNED NOT NULL AUTO_INCREMENT, AUTO_INCREMENT=5401;

--
-- AUTO_INCREMENT for table `post_categories`
--
ALTER TABLE `post_categories`
  MODIFY `id` int(10) UNSIGNED NOT NULL AUTO_INCREMENT, AUTO_INCREMENT=17;

--
-- AUTO_INCREMENT for table `post_tags`
--
ALTER TABLE `post_tags`
  MODIFY `id` int(10) UNSIGNED NOT NULL AUTO_INCREMENT, AUTO_INCREMENT=49;

--
-- AUTO_INCREMENT for table `re_accounts`
--
ALTER TABLE `re_accounts`
  MODIFY `id` int(10) UNSIGNED NOT NULL AUTO_INCREMENT, AUTO_INCREMENT=13;

--
-- AUTO_INCREMENT for table `re_account_activity_logs`
--
ALTER TABLE `re_account_activity_logs`
  MODIFY `id` int(10) UNSIGNED NOT NULL AUTO_INCREMENT, AUTO_INCREMENT=4;

--
-- AUTO_INCREMENT for table `re_account_packages`
--
ALTER TABLE `re_account_packages`
  MODIFY `id` bigint(20) UNSIGNED NOT NULL AUTO_INCREMENT;

--
-- AUTO_INCREMENT for table `re_categories`
--
ALTER TABLE `re_categories`
  MODIFY `id` int(10) UNSIGNED NOT NULL AUTO_INCREMENT, AUTO_INCREMENT=7;

--
-- AUTO_INCREMENT for table `re_consults`
--
ALTER TABLE `re_consults`
  MODIFY `id` int(10) UNSIGNED NOT NULL AUTO_INCREMENT;

--
-- AUTO_INCREMENT for table `re_consult_custom_fields`
--
ALTER TABLE `re_consult_custom_fields`
  MODIFY `id` bigint(20) UNSIGNED NOT NULL AUTO_INCREMENT;

--
-- AUTO_INCREMENT for table `re_consult_custom_field_options`
--
ALTER TABLE `re_consult_custom_field_options`
  MODIFY `id` bigint(20) UNSIGNED NOT NULL AUTO_INCREMENT;

--
-- AUTO_INCREMENT for table `re_coupons`
--
ALTER TABLE `re_coupons`
  MODIFY `id` bigint(20) UNSIGNED NOT NULL AUTO_INCREMENT;

--
-- AUTO_INCREMENT for table `re_currencies`
--
ALTER TABLE `re_currencies`
  MODIFY `id` int(10) UNSIGNED NOT NULL AUTO_INCREMENT, AUTO_INCREMENT=4;

--
-- AUTO_INCREMENT for table `re_custom_fields`
--
ALTER TABLE `re_custom_fields`
  MODIFY `id` bigint(20) UNSIGNED NOT NULL AUTO_INCREMENT;

--
-- AUTO_INCREMENT for table `re_custom_field_options`
--
ALTER TABLE `re_custom_field_options`
  MODIFY `id` bigint(20) UNSIGNED NOT NULL AUTO_INCREMENT;

--
-- AUTO_INCREMENT for table `re_custom_field_values`
--
ALTER TABLE `re_custom_field_values`
  MODIFY `id` bigint(20) UNSIGNED NOT NULL AUTO_INCREMENT;

--
-- AUTO_INCREMENT for table `re_facilities`
--
ALTER TABLE `re_facilities`
  MODIFY `id` int(10) UNSIGNED NOT NULL AUTO_INCREMENT, AUTO_INCREMENT=12;

--
-- AUTO_INCREMENT for table `re_facilities_distances`
--
ALTER TABLE `re_facilities_distances`
  MODIFY `id` int(10) UNSIGNED NOT NULL AUTO_INCREMENT, AUTO_INCREMENT=188;

--
-- AUTO_INCREMENT for table `re_features`
--
ALTER TABLE `re_features`
  MODIFY `id` int(10) UNSIGNED NOT NULL AUTO_INCREMENT, AUTO_INCREMENT=13;

--
-- AUTO_INCREMENT for table `re_investors`
--
ALTER TABLE `re_investors`
  MODIFY `id` int(10) UNSIGNED NOT NULL AUTO_INCREMENT, AUTO_INCREMENT=32;

--
-- AUTO_INCREMENT for table `re_invoices`
--
ALTER TABLE `re_invoices`
  MODIFY `id` bigint(20) UNSIGNED NOT NULL AUTO_INCREMENT;

--
-- AUTO_INCREMENT for table `re_invoice_items`
--
ALTER TABLE `re_invoice_items`
  MODIFY `id` bigint(20) UNSIGNED NOT NULL AUTO_INCREMENT;

--
-- AUTO_INCREMENT for table `re_packages`
--
ALTER TABLE `re_packages`
  MODIFY `id` int(10) UNSIGNED NOT NULL AUTO_INCREMENT, AUTO_INCREMENT=4;

--
-- AUTO_INCREMENT for table `re_projects`
--
ALTER TABLE `re_projects`
  MODIFY `id` int(10) UNSIGNED NOT NULL AUTO_INCREMENT, AUTO_INCREMENT=13;

--
-- AUTO_INCREMENT for table `re_project_categories`
--
ALTER TABLE `re_project_categories`
  MODIFY `id` bigint(20) UNSIGNED NOT NULL AUTO_INCREMENT, AUTO_INCREMENT=1728;

--
-- AUTO_INCREMENT for table `re_properties`
--
ALTER TABLE `re_properties`
  MODIFY `id` int(10) UNSIGNED NOT NULL AUTO_INCREMENT, AUTO_INCREMENT=50;

--
-- AUTO_INCREMENT for table `re_property_categories`
--
ALTER TABLE `re_property_categories`
  MODIFY `id` bigint(20) UNSIGNED NOT NULL AUTO_INCREMENT, AUTO_INCREMENT=4961;

--
-- AUTO_INCREMENT for table `re_reviews`
--
ALTER TABLE `re_reviews`
  MODIFY `id` bigint(20) UNSIGNED NOT NULL AUTO_INCREMENT, AUTO_INCREMENT=201;

--
-- AUTO_INCREMENT for table `re_tags`
--
ALTER TABLE `re_tags`
  MODIFY `id` int(10) UNSIGNED NOT NULL AUTO_INCREMENT;

--
-- AUTO_INCREMENT for table `roles`
--
ALTER TABLE `roles`
  MODIFY `id` int(10) UNSIGNED NOT NULL AUTO_INCREMENT, AUTO_INCREMENT=3;

--
-- AUTO_INCREMENT for table `settings`
--
ALTER TABLE `settings`
  MODIFY `id` int(10) UNSIGNED NOT NULL AUTO_INCREMENT, AUTO_INCREMENT=10031;

--
-- AUTO_INCREMENT for table `states`
--
ALTER TABLE `states`
  MODIFY `id` int(10) UNSIGNED NOT NULL AUTO_INCREMENT, AUTO_INCREMENT=4;

--
-- AUTO_INCREMENT for table `tags`
--
ALTER TABLE `tags`
  MODIFY `id` int(10) UNSIGNED NOT NULL AUTO_INCREMENT, AUTO_INCREMENT=4;

--
-- AUTO_INCREMENT for table `transactions`
--
ALTER TABLE `transactions`
  MODIFY `id` int(10) UNSIGNED NOT NULL AUTO_INCREMENT, AUTO_INCREMENT=2;

--
-- AUTO_INCREMENT for table `widgets`
--
ALTER TABLE `widgets`
  MODIFY `id` int(10) UNSIGNED NOT NULL AUTO_INCREMENT, AUTO_INCREMENT=4;
COMMIT;

